-- https://www.phpmyadmin.net/
--

START TRANSACTION;



--
-- Database: `itechca1_goldshop`
--

DELIMITER $$
--
-- Procedures
--
CREATE DEFINER=`itechca1`@`localhost` PROCEDURE `sp_check_availability` (IN `p_room_type_id` INT, IN `p_check_in` DATE, IN `p_check_out` DATE, IN `p_exclude_reservation_id` INT)   BEGIN
    DECLARE v_total_rooms INT DEFAULT 0;
    DECLARE v_occupied_rooms INT DEFAULT 0;

    SELECT COUNT(*) INTO v_total_rooms
    FROM rooms r
    WHERE r.room_type_id = p_room_type_id
      AND r.is_active = 1
      AND r.status IN ('available', 'inspected');

    SELECT COUNT(DISTINCT rr.room_id) INTO v_occupied_rooms
    FROM reservation_rooms rr
    JOIN reservations r ON rr.reservation_id = r.id
    WHERE rr.room_type_id = p_room_type_id
      AND rr.room_id IS NOT NULL
      AND r.status_id IN (4, 5)
      AND r.check_in < p_check_out
      AND r.check_out > p_check_in
      AND (p_exclude_reservation_id IS NULL OR r.id <> p_exclude_reservation_id);

    SELECT 
        v_total_rooms AS total_rooms,
        v_occupied_rooms AS occupied_rooms,
        (v_total_rooms - v_occupied_rooms) AS available_rooms;
END$$

DELIMITER ;

-- --------------------------------------------------------

--
-- Table structure for table `audit_logs`
--

CREATE TABLE `audit_logs` (
  `id` int(11) NOT NULL,
  `user_id` int(11) DEFAULT NULL,
  `action` varchar(100) NOT NULL,
  `entity_type` varchar(50) DEFAULT NULL,
  `entity_id` int(11) DEFAULT NULL,
  `old_values` longtext CHARACTER SET utf8mb4 COLLATE utf8mb4_bin DEFAULT NULL CHECK (json_valid(`old_values`)),
  `new_values` longtext CHARACTER SET utf8mb4 COLLATE utf8mb4_bin DEFAULT NULL CHECK (json_valid(`new_values`)),
  `ip_address` varchar(45) DEFAULT NULL,
  `user_agent` text DEFAULT NULL,
  `created_at` timestamp NOT NULL DEFAULT current_timestamp()
) ENGINE=InnoDB DEFAULT CHARSET=utf8mb4 COLLATE=utf8mb4_unicode_ci;

-- --------------------------------------------------------

--
-- Table structure for table `charge_categories`
--

CREATE TABLE `charge_categories` (
  `id` int(11) NOT NULL,
  `code` varchar(20) NOT NULL,
  `name` varchar(50) NOT NULL,
  `description` text DEFAULT NULL,
  `gl_account_code` varchar(20) DEFAULT NULL,
  `department` enum('rooms','food_beverage','telephone','health_club','other') DEFAULT 'other',
  `is_taxable` tinyint(1) DEFAULT 1,
  `is_service_chargeable` tinyint(1) DEFAULT 1,
  `is_active` tinyint(1) DEFAULT 1,
  `created_at` timestamp NOT NULL DEFAULT current_timestamp()
) ENGINE=InnoDB DEFAULT CHARSET=utf8mb4 COLLATE=utf8mb4_unicode_ci;

--
-- Dumping data for table `charge_categories`
--

INSERT INTO `charge_categories` (`id`, `code`, `name`, `description`, `gl_account_code`, `department`, `is_taxable`, `is_service_chargeable`, `is_active`, `created_at`) VALUES
(1, 'ROOM', 'Room Charge', NULL, '4000', 'rooms', 1, 1, 1, '2025-12-14 00:27:41'),
(2, 'ROOM-TAX', 'Room Tax', NULL, '4010', 'rooms', 1, 1, 1, '2025-12-14 00:27:41'),
(3, 'RESTAURANT', 'Restaurant', NULL, '4100', 'food_beverage', 1, 1, 1, '2025-12-14 00:27:41'),
(4, 'BAR', 'Bar', NULL, '4110', 'food_beverage', 1, 1, 1, '2025-12-14 00:27:41'),
(5, 'ROOM-SERVICE', 'Room Service', NULL, '4120', 'food_beverage', 1, 1, 1, '2025-12-14 00:27:41'),
(6, 'MINIBAR', 'Minibar', NULL, '4130', 'food_beverage', 1, 1, 1, '2025-12-14 00:27:41'),
(7, 'SPA', 'Spa', NULL, '4200', 'health_club', 1, 1, 1, '2025-12-14 00:27:41'),
(8, 'LAUNDRY', 'Laundry', NULL, '4300', 'other', 1, 1, 1, '2025-12-14 00:27:41'),
(9, 'PHONE', 'Telephone', NULL, '4400', 'telephone', 1, 1, 1, '2025-12-14 00:27:41'),
(10, 'INTERNET', 'Internet', NULL, '4500', 'other', 1, 1, 1, '2025-12-14 00:27:41'),
(11, 'PARKING', 'Parking', NULL, '4600', 'other', 1, 1, 1, '2025-12-14 00:27:41'),
(12, 'TRANSPORT', 'Transportation', NULL, '4700', 'other', 1, 1, 1, '2025-12-14 00:27:41'),
(13, 'OTHER', 'Other Charges', NULL, '4900', 'other', 1, 1, 1, '2025-12-14 00:27:41');

-- --------------------------------------------------------

--
-- Table structure for table `countries`
--

CREATE TABLE `countries` (
  `id` int(11) NOT NULL,
  `code` varchar(2) NOT NULL,
  `name` varchar(100) NOT NULL,
  `phone_code` varchar(10) DEFAULT NULL,
  `is_active` tinyint(1) DEFAULT 1,
  `created_at` timestamp NOT NULL DEFAULT current_timestamp()
) ENGINE=InnoDB DEFAULT CHARSET=utf8mb4 COLLATE=utf8mb4_unicode_ci;

--
-- Dumping data for table `countries`
--

INSERT INTO `countries` (`id`, `code`, `name`, `phone_code`, `is_active`, `created_at`) VALUES
(1, 'US', 'United States', '+1', 1, '2025-12-14 00:27:41'),
(2, 'GB', 'United Kingdom', '+44', 1, '2025-12-14 00:27:41'),
(3, 'FR', 'France', '+33', 1, '2025-12-14 00:27:41'),
(4, 'DE', 'Germany', '+49', 1, '2025-12-14 00:27:41'),
(5, 'JP', 'Japan', '+81', 1, '2025-12-14 00:27:41'),
(6, 'CN', 'China', '+86', 1, '2025-12-14 00:27:41'),
(7, 'IN', 'India', '+91', 1, '2025-12-14 00:27:41'),
(8, 'AE', 'United Arab Emirates', '+971', 1, '2025-12-14 00:27:41');

-- --------------------------------------------------------

--
-- Table structure for table `daily_rates`
--

CREATE TABLE `daily_rates` (
  `id` int(11) NOT NULL,
  `room_type_id` int(11) NOT NULL,
  `rate_plan_id` int(11) NOT NULL,
  `rate_date` date NOT NULL,
  `price` decimal(10,2) NOT NULL,
  `available_rooms` int(11) DEFAULT 10,
  `stop_sell` tinyint(1) DEFAULT 0,
  `min_stay` int(11) DEFAULT NULL,
  `max_stay` int(11) DEFAULT NULL,
  `cut_off` int(11) DEFAULT NULL,
  `created_at` timestamp NOT NULL DEFAULT current_timestamp(),
  `updated_at` timestamp NOT NULL DEFAULT current_timestamp() ON UPDATE current_timestamp()
) ENGINE=InnoDB DEFAULT CHARSET=utf8mb4 COLLATE=utf8mb4_unicode_ci;

--
-- Dumping data for table `daily_rates`
--

INSERT INTO `daily_rates` (`id`, `room_type_id`, `rate_plan_id`, `rate_date`, `price`, `available_rooms`, `stop_sell`, `min_stay`, `max_stay`, `cut_off`, `created_at`, `updated_at`) VALUES
(1, 1, 1, '2025-12-14', 200.00, 10, 0, NULL, NULL, NULL, '2025-12-14 00:27:41', '2025-12-14 00:27:41'),
(2, 1, 1, '2025-12-15', 200.00, 10, 0, NULL, NULL, NULL, '2025-12-14 00:27:41', '2025-12-14 00:27:41'),
(3, 1, 1, '2025-12-16', 200.00, 10, 0, NULL, NULL, NULL, '2025-12-14 00:27:41', '2025-12-14 00:27:41'),
(4, 1, 1, '2025-12-17', 200.00, 10, 0, NULL, NULL, NULL, '2025-12-14 00:27:41', '2025-12-14 00:27:41'),
(5, 1, 1, '2025-12-18', 200.00, 10, 0, NULL, NULL, NULL, '2025-12-14 00:27:41', '2025-12-14 00:27:41'),
(6, 1, 1, '2025-12-19', 200.00, 10, 0, NULL, NULL, NULL, '2025-12-14 00:27:41', '2025-12-14 00:27:41'),
(7, 1, 1, '2025-12-20', 200.00, 10, 0, NULL, NULL, NULL, '2025-12-14 00:27:41', '2025-12-14 00:27:41'),
(8, 1, 1, '2025-12-21', 200.00, 10, 0, NULL, NULL, NULL, '2025-12-14 00:27:41', '2025-12-14 00:27:41'),
(9, 1, 1, '2025-12-22', 200.00, 10, 0, NULL, NULL, NULL, '2025-12-14 00:27:41', '2025-12-14 00:27:41'),
(10, 1, 1, '2025-12-23', 200.00, 10, 0, NULL, NULL, NULL, '2025-12-14 00:27:41', '2025-12-14 00:27:41'),
(11, 1, 1, '2025-12-24', 200.00, 10, 0, NULL, NULL, NULL, '2025-12-14 00:27:41', '2025-12-14 00:27:41'),
(12, 1, 1, '2025-12-25', 200.00, 10, 0, NULL, NULL, NULL, '2025-12-14 00:27:41', '2025-12-14 00:27:41'),
(13, 1, 1, '2025-12-26', 200.00, 10, 0, NULL, NULL, NULL, '2025-12-14 00:27:41', '2025-12-14 00:27:41'),
(14, 1, 1, '2025-12-27', 200.00, 10, 0, NULL, NULL, NULL, '2025-12-14 00:27:41', '2025-12-14 00:27:41'),
(15, 1, 1, '2025-12-28', 200.00, 10, 0, NULL, NULL, NULL, '2025-12-14 00:27:41', '2025-12-14 00:27:41'),
(16, 1, 1, '2025-12-29', 200.00, 10, 0, NULL, NULL, NULL, '2025-12-14 00:27:41', '2025-12-14 00:27:41'),
(17, 1, 1, '2025-12-30', 200.00, 10, 0, NULL, NULL, NULL, '2025-12-14 00:27:41', '2025-12-14 00:27:41'),
(18, 1, 1, '2025-12-31', 200.00, 10, 0, NULL, NULL, NULL, '2025-12-14 00:27:41', '2025-12-14 00:27:41'),
(19, 1, 1, '2026-01-01', 200.00, 10, 0, NULL, NULL, NULL, '2025-12-14 00:27:41', '2025-12-14 00:27:41'),
(20, 1, 1, '2026-01-02', 200.00, 10, 0, NULL, NULL, NULL, '2025-12-14 00:27:41', '2025-12-14 00:27:41'),
(21, 1, 1, '2026-01-03', 200.00, 10, 0, NULL, NULL, NULL, '2025-12-14 00:27:41', '2025-12-14 00:27:41'),
(22, 1, 1, '2026-01-04', 200.00, 10, 0, NULL, NULL, NULL, '2025-12-14 00:27:41', '2025-12-14 00:27:41'),
(23, 1, 1, '2026-01-05', 200.00, 10, 0, NULL, NULL, NULL, '2025-12-14 00:27:41', '2025-12-14 00:27:41'),
(24, 1, 1, '2026-01-06', 200.00, 10, 0, NULL, NULL, NULL, '2025-12-14 00:27:41', '2025-12-14 00:27:41'),
(25, 1, 1, '2026-01-07', 200.00, 10, 0, NULL, NULL, NULL, '2025-12-14 00:27:41', '2025-12-14 00:27:41'),
(26, 1, 1, '2026-01-08', 200.00, 10, 0, NULL, NULL, NULL, '2025-12-14 00:27:41', '2025-12-14 00:27:41'),
(27, 1, 1, '2026-01-09', 200.00, 10, 0, NULL, NULL, NULL, '2025-12-14 00:27:41', '2025-12-14 00:27:41'),
(28, 1, 1, '2026-01-10', 200.00, 10, 0, NULL, NULL, NULL, '2025-12-14 00:27:41', '2025-12-14 00:27:41'),
(29, 1, 1, '2026-01-11', 200.00, 10, 0, NULL, NULL, NULL, '2025-12-14 00:27:41', '2025-12-14 00:27:41'),
(30, 1, 1, '2026-01-12', 200.00, 10, 0, NULL, NULL, NULL, '2025-12-14 00:27:41', '2025-12-14 00:27:41'),
(31, 1, 2, '2025-12-14', 200.00, 10, 0, NULL, NULL, NULL, '2025-12-14 00:27:41', '2025-12-14 00:27:41'),
(32, 1, 2, '2025-12-15', 200.00, 10, 0, NULL, NULL, NULL, '2025-12-14 00:27:41', '2025-12-14 00:27:41'),
(33, 1, 2, '2025-12-16', 200.00, 10, 0, NULL, NULL, NULL, '2025-12-14 00:27:41', '2025-12-14 00:27:41'),
(34, 1, 2, '2025-12-17', 200.00, 10, 0, NULL, NULL, NULL, '2025-12-14 00:27:41', '2025-12-14 00:27:41'),
(35, 1, 2, '2025-12-18', 200.00, 10, 0, NULL, NULL, NULL, '2025-12-14 00:27:41', '2025-12-14 00:27:41'),
(36, 1, 2, '2025-12-19', 200.00, 10, 0, NULL, NULL, NULL, '2025-12-14 00:27:41', '2025-12-14 00:27:41'),
(37, 1, 2, '2025-12-20', 200.00, 10, 0, NULL, NULL, NULL, '2025-12-14 00:27:41', '2025-12-14 00:27:41'),
(38, 1, 2, '2025-12-21', 200.00, 10, 0, NULL, NULL, NULL, '2025-12-14 00:27:41', '2025-12-14 00:27:41'),
(39, 1, 2, '2025-12-22', 200.00, 10, 0, NULL, NULL, NULL, '2025-12-14 00:27:41', '2025-12-14 00:27:41'),
(40, 1, 2, '2025-12-23', 200.00, 10, 0, NULL, NULL, NULL, '2025-12-14 00:27:41', '2025-12-14 00:27:41'),
(41, 1, 2, '2025-12-24', 200.00, 10, 0, NULL, NULL, NULL, '2025-12-14 00:27:41', '2025-12-14 00:27:41'),
(42, 1, 2, '2025-12-25', 200.00, 10, 0, NULL, NULL, NULL, '2025-12-14 00:27:41', '2025-12-14 00:27:41'),
(43, 1, 2, '2025-12-26', 200.00, 10, 0, NULL, NULL, NULL, '2025-12-14 00:27:41', '2025-12-14 00:27:41'),
(44, 1, 2, '2025-12-27', 200.00, 10, 0, NULL, NULL, NULL, '2025-12-14 00:27:41', '2025-12-14 00:27:41'),
(45, 1, 2, '2025-12-28', 200.00, 10, 0, NULL, NULL, NULL, '2025-12-14 00:27:41', '2025-12-14 00:27:41'),
(46, 1, 2, '2025-12-29', 200.00, 10, 0, NULL, NULL, NULL, '2025-12-14 00:27:41', '2025-12-14 00:27:41'),
(47, 1, 2, '2025-12-30', 200.00, 10, 0, NULL, NULL, NULL, '2025-12-14 00:27:41', '2025-12-14 00:27:41'),
(48, 1, 2, '2025-12-31', 200.00, 10, 0, NULL, NULL, NULL, '2025-12-14 00:27:41', '2025-12-14 00:27:41'),
(49, 1, 2, '2026-01-01', 200.00, 10, 0, NULL, NULL, NULL, '2025-12-14 00:27:41', '2025-12-14 00:27:41'),
(50, 1, 2, '2026-01-02', 200.00, 10, 0, NULL, NULL, NULL, '2025-12-14 00:27:41', '2025-12-14 00:27:41'),
(51, 1, 2, '2026-01-03', 200.00, 10, 0, NULL, NULL, NULL, '2025-12-14 00:27:41', '2025-12-14 00:27:41'),
(52, 1, 2, '2026-01-04', 200.00, 10, 0, NULL, NULL, NULL, '2025-12-14 00:27:41', '2025-12-14 00:27:41'),
(53, 1, 2, '2026-01-05', 200.00, 10, 0, NULL, NULL, NULL, '2025-12-14 00:27:41', '2025-12-14 00:27:41'),
(54, 1, 2, '2026-01-06', 200.00, 10, 0, NULL, NULL, NULL, '2025-12-14 00:27:41', '2025-12-14 00:27:41'),
(55, 1, 2, '2026-01-07', 200.00, 10, 0, NULL, NULL, NULL, '2025-12-14 00:27:41', '2025-12-14 00:27:41'),
(56, 1, 2, '2026-01-08', 200.00, 10, 0, NULL, NULL, NULL, '2025-12-14 00:27:41', '2025-12-14 00:27:41'),
(57, 1, 2, '2026-01-09', 200.00, 10, 0, NULL, NULL, NULL, '2025-12-14 00:27:41', '2025-12-14 00:27:41'),
(58, 1, 2, '2026-01-10', 200.00, 10, 0, NULL, NULL, NULL, '2025-12-14 00:27:41', '2025-12-14 00:27:41'),
(59, 1, 2, '2026-01-11', 200.00, 10, 0, NULL, NULL, NULL, '2025-12-14 00:27:41', '2025-12-14 00:27:41'),
(60, 1, 2, '2026-01-12', 200.00, 10, 0, NULL, NULL, NULL, '2025-12-14 00:27:41', '2025-12-14 00:27:41'),
(61, 1, 3, '2025-12-14', 160.00, 10, 0, NULL, NULL, NULL, '2025-12-14 00:27:41', '2025-12-14 00:27:41'),
(62, 1, 3, '2025-12-15', 160.00, 10, 0, NULL, NULL, NULL, '2025-12-14 00:27:41', '2025-12-14 00:27:41'),
(63, 1, 3, '2025-12-16', 160.00, 10, 0, NULL, NULL, NULL, '2025-12-14 00:27:41', '2025-12-14 00:27:41'),
(64, 1, 3, '2025-12-17', 160.00, 10, 0, NULL, NULL, NULL, '2025-12-14 00:27:41', '2025-12-14 00:27:41'),
(65, 1, 3, '2025-12-18', 160.00, 10, 0, NULL, NULL, NULL, '2025-12-14 00:27:41', '2025-12-14 00:27:41'),
(66, 1, 3, '2025-12-19', 160.00, 10, 0, NULL, NULL, NULL, '2025-12-14 00:27:41', '2025-12-14 00:27:41'),
(67, 1, 3, '2025-12-20', 160.00, 10, 0, NULL, NULL, NULL, '2025-12-14 00:27:41', '2025-12-14 00:27:41'),
(68, 1, 3, '2025-12-21', 160.00, 10, 0, NULL, NULL, NULL, '2025-12-14 00:27:41', '2025-12-14 00:27:41'),
(69, 1, 3, '2025-12-22', 160.00, 10, 0, NULL, NULL, NULL, '2025-12-14 00:27:41', '2025-12-14 00:27:41'),
(70, 1, 3, '2025-12-23', 160.00, 10, 0, NULL, NULL, NULL, '2025-12-14 00:27:41', '2025-12-14 00:27:41'),
(71, 1, 3, '2025-12-24', 160.00, 10, 0, NULL, NULL, NULL, '2025-12-14 00:27:41', '2025-12-14 00:27:41'),
(72, 1, 3, '2025-12-25', 160.00, 10, 0, NULL, NULL, NULL, '2025-12-14 00:27:41', '2025-12-14 00:27:41'),
(73, 1, 3, '2025-12-26', 160.00, 10, 0, NULL, NULL, NULL, '2025-12-14 00:27:41', '2025-12-14 00:27:41'),
(74, 1, 3, '2025-12-27', 160.00, 10, 0, NULL, NULL, NULL, '2025-12-14 00:27:41', '2025-12-14 00:27:41'),
(75, 1, 3, '2025-12-28', 160.00, 10, 0, NULL, NULL, NULL, '2025-12-14 00:27:41', '2025-12-14 00:27:41'),
(76, 1, 3, '2025-12-29', 160.00, 10, 0, NULL, NULL, NULL, '2025-12-14 00:27:41', '2025-12-14 00:27:41'),
(77, 1, 3, '2025-12-30', 160.00, 10, 0, NULL, NULL, NULL, '2025-12-14 00:27:41', '2025-12-14 00:27:41'),
(78, 1, 3, '2025-12-31', 160.00, 10, 0, NULL, NULL, NULL, '2025-12-14 00:27:41', '2025-12-14 00:27:41'),
(79, 1, 3, '2026-01-01', 160.00, 10, 0, NULL, NULL, NULL, '2025-12-14 00:27:41', '2025-12-14 00:27:41'),
(80, 1, 3, '2026-01-02', 160.00, 10, 0, NULL, NULL, NULL, '2025-12-14 00:27:41', '2025-12-14 00:27:41'),
(81, 1, 3, '2026-01-03', 160.00, 10, 0, NULL, NULL, NULL, '2025-12-14 00:27:41', '2025-12-14 00:27:41'),
(82, 1, 3, '2026-01-04', 160.00, 10, 0, NULL, NULL, NULL, '2025-12-14 00:27:41', '2025-12-14 00:27:41'),
(83, 1, 3, '2026-01-05', 160.00, 10, 0, NULL, NULL, NULL, '2025-12-14 00:27:41', '2025-12-14 00:27:41'),
(84, 1, 3, '2026-01-06', 160.00, 10, 0, NULL, NULL, NULL, '2025-12-14 00:27:41', '2025-12-14 00:27:41'),
(85, 1, 3, '2026-01-07', 160.00, 10, 0, NULL, NULL, NULL, '2025-12-14 00:27:41', '2025-12-14 00:27:41'),
(86, 1, 3, '2026-01-08', 160.00, 10, 0, NULL, NULL, NULL, '2025-12-14 00:27:41', '2025-12-14 00:27:41'),
(87, 1, 3, '2026-01-09', 160.00, 10, 0, NULL, NULL, NULL, '2025-12-14 00:27:41', '2025-12-14 00:27:41'),
(88, 1, 3, '2026-01-10', 160.00, 10, 0, NULL, NULL, NULL, '2025-12-14 00:27:41', '2025-12-14 00:27:41'),
(89, 1, 3, '2026-01-11', 160.00, 10, 0, NULL, NULL, NULL, '2025-12-14 00:27:41', '2025-12-14 00:27:41'),
(90, 1, 3, '2026-01-12', 160.00, 10, 0, NULL, NULL, NULL, '2025-12-14 00:27:41', '2025-12-14 00:27:41'),
(91, 1, 4, '2025-12-14', 160.00, 10, 0, NULL, NULL, NULL, '2025-12-14 00:27:41', '2025-12-14 00:27:41'),
(92, 1, 4, '2025-12-15', 160.00, 10, 0, NULL, NULL, NULL, '2025-12-14 00:27:41', '2025-12-14 00:27:41'),
(93, 1, 4, '2025-12-16', 160.00, 10, 0, NULL, NULL, NULL, '2025-12-14 00:27:41', '2025-12-14 00:27:41'),
(94, 1, 4, '2025-12-17', 160.00, 10, 0, NULL, NULL, NULL, '2025-12-14 00:27:41', '2025-12-14 00:27:41'),
(95, 1, 4, '2025-12-18', 160.00, 10, 0, NULL, NULL, NULL, '2025-12-14 00:27:41', '2025-12-14 00:27:41'),
(96, 1, 4, '2025-12-19', 160.00, 10, 0, NULL, NULL, NULL, '2025-12-14 00:27:41', '2025-12-14 00:27:41'),
(97, 1, 4, '2025-12-20', 160.00, 10, 0, NULL, NULL, NULL, '2025-12-14 00:27:41', '2025-12-14 00:27:41'),
(98, 1, 4, '2025-12-21', 160.00, 10, 0, NULL, NULL, NULL, '2025-12-14 00:27:41', '2025-12-14 00:27:41'),
(99, 1, 4, '2025-12-22', 160.00, 10, 0, NULL, NULL, NULL, '2025-12-14 00:27:41', '2025-12-14 00:27:41'),
(100, 1, 4, '2025-12-23', 160.00, 10, 0, NULL, NULL, NULL, '2025-12-14 00:27:41', '2025-12-14 00:27:41'),
(101, 1, 4, '2025-12-24', 160.00, 10, 0, NULL, NULL, NULL, '2025-12-14 00:27:41', '2025-12-14 00:27:41'),
(102, 1, 4, '2025-12-25', 160.00, 10, 0, NULL, NULL, NULL, '2025-12-14 00:27:41', '2025-12-14 00:27:41'),
(103, 1, 4, '2025-12-26', 160.00, 10, 0, NULL, NULL, NULL, '2025-12-14 00:27:41', '2025-12-14 00:27:41'),
(104, 1, 4, '2025-12-27', 160.00, 10, 0, NULL, NULL, NULL, '2025-12-14 00:27:41', '2025-12-14 00:27:41'),
(105, 1, 4, '2025-12-28', 160.00, 10, 0, NULL, NULL, NULL, '2025-12-14 00:27:41', '2025-12-14 00:27:41'),
(106, 1, 4, '2025-12-29', 160.00, 10, 0, NULL, NULL, NULL, '2025-12-14 00:27:41', '2025-12-14 00:27:41'),
(107, 1, 4, '2025-12-30', 160.00, 10, 0, NULL, NULL, NULL, '2025-12-14 00:27:41', '2025-12-14 00:27:41'),
(108, 1, 4, '2025-12-31', 160.00, 10, 0, NULL, NULL, NULL, '2025-12-14 00:27:41', '2025-12-14 00:27:41'),
(109, 1, 4, '2026-01-01', 160.00, 10, 0, NULL, NULL, NULL, '2025-12-14 00:27:41', '2025-12-14 00:27:41'),
(110, 1, 4, '2026-01-02', 160.00, 10, 0, NULL, NULL, NULL, '2025-12-14 00:27:41', '2025-12-14 00:27:41'),
(111, 1, 4, '2026-01-03', 160.00, 10, 0, NULL, NULL, NULL, '2025-12-14 00:27:41', '2025-12-14 00:27:41'),
(112, 1, 4, '2026-01-04', 160.00, 10, 0, NULL, NULL, NULL, '2025-12-14 00:27:41', '2025-12-14 00:27:41'),
(113, 1, 4, '2026-01-05', 160.00, 10, 0, NULL, NULL, NULL, '2025-12-14 00:27:41', '2025-12-14 00:27:41'),
(114, 1, 4, '2026-01-06', 160.00, 10, 0, NULL, NULL, NULL, '2025-12-14 00:27:41', '2025-12-14 00:27:41'),
(115, 1, 4, '2026-01-07', 160.00, 10, 0, NULL, NULL, NULL, '2025-12-14 00:27:41', '2025-12-14 00:27:41'),
(116, 1, 4, '2026-01-08', 160.00, 10, 0, NULL, NULL, NULL, '2025-12-14 00:27:41', '2025-12-14 00:27:41'),
(117, 1, 4, '2026-01-09', 160.00, 10, 0, NULL, NULL, NULL, '2025-12-14 00:27:41', '2025-12-14 00:27:41'),
(118, 1, 4, '2026-01-10', 160.00, 10, 0, NULL, NULL, NULL, '2025-12-14 00:27:41', '2025-12-14 00:27:41'),
(119, 1, 4, '2026-01-11', 160.00, 10, 0, NULL, NULL, NULL, '2025-12-14 00:27:41', '2025-12-14 00:27:41'),
(120, 1, 4, '2026-01-12', 160.00, 10, 0, NULL, NULL, NULL, '2025-12-14 00:27:41', '2025-12-14 00:27:41'),
(121, 1, 5, '2025-12-14', 200.00, 10, 0, NULL, NULL, NULL, '2025-12-14 00:27:41', '2025-12-14 00:27:41'),
(122, 1, 5, '2025-12-15', 200.00, 10, 0, NULL, NULL, NULL, '2025-12-14 00:27:41', '2025-12-14 00:27:41'),
(123, 1, 5, '2025-12-16', 200.00, 10, 0, NULL, NULL, NULL, '2025-12-14 00:27:41', '2025-12-14 00:27:41'),
(124, 1, 5, '2025-12-17', 200.00, 10, 0, NULL, NULL, NULL, '2025-12-14 00:27:41', '2025-12-14 00:27:41'),
(125, 1, 5, '2025-12-18', 200.00, 10, 0, NULL, NULL, NULL, '2025-12-14 00:27:41', '2025-12-14 00:27:41'),
(126, 1, 5, '2025-12-19', 200.00, 10, 0, NULL, NULL, NULL, '2025-12-14 00:27:41', '2025-12-14 00:27:41'),
(127, 1, 5, '2025-12-20', 200.00, 10, 0, NULL, NULL, NULL, '2025-12-14 00:27:41', '2025-12-14 00:27:41'),
(128, 1, 5, '2025-12-21', 200.00, 10, 0, NULL, NULL, NULL, '2025-12-14 00:27:41', '2025-12-14 00:27:41'),
(129, 1, 5, '2025-12-22', 200.00, 10, 0, NULL, NULL, NULL, '2025-12-14 00:27:41', '2025-12-14 00:27:41'),
(130, 1, 5, '2025-12-23', 200.00, 10, 0, NULL, NULL, NULL, '2025-12-14 00:27:41', '2025-12-14 00:27:41'),
(131, 1, 5, '2025-12-24', 200.00, 10, 0, NULL, NULL, NULL, '2025-12-14 00:27:41', '2025-12-14 00:27:41'),
(132, 1, 5, '2025-12-25', 200.00, 10, 0, NULL, NULL, NULL, '2025-12-14 00:27:41', '2025-12-14 00:27:41'),
(133, 1, 5, '2025-12-26', 200.00, 10, 0, NULL, NULL, NULL, '2025-12-14 00:27:41', '2025-12-14 00:27:41'),
(134, 1, 5, '2025-12-27', 200.00, 10, 0, NULL, NULL, NULL, '2025-12-14 00:27:41', '2025-12-14 00:27:41'),
(135, 1, 5, '2025-12-28', 200.00, 10, 0, NULL, NULL, NULL, '2025-12-14 00:27:41', '2025-12-14 00:27:41'),
(136, 1, 5, '2025-12-29', 200.00, 10, 0, NULL, NULL, NULL, '2025-12-14 00:27:41', '2025-12-14 00:27:41'),
(137, 1, 5, '2025-12-30', 200.00, 10, 0, NULL, NULL, NULL, '2025-12-14 00:27:41', '2025-12-14 00:27:41'),
(138, 1, 5, '2025-12-31', 200.00, 10, 0, NULL, NULL, NULL, '2025-12-14 00:27:41', '2025-12-14 00:27:41'),
(139, 1, 5, '2026-01-01', 200.00, 10, 0, NULL, NULL, NULL, '2025-12-14 00:27:41', '2025-12-14 00:27:41'),
(140, 1, 5, '2026-01-02', 200.00, 10, 0, NULL, NULL, NULL, '2025-12-14 00:27:41', '2025-12-14 00:27:41'),
(141, 1, 5, '2026-01-03', 200.00, 10, 0, NULL, NULL, NULL, '2025-12-14 00:27:41', '2025-12-14 00:27:41'),
(142, 1, 5, '2026-01-04', 200.00, 10, 0, NULL, NULL, NULL, '2025-12-14 00:27:41', '2025-12-14 00:27:41'),
(143, 1, 5, '2026-01-05', 200.00, 10, 0, NULL, NULL, NULL, '2025-12-14 00:27:41', '2025-12-14 00:27:41'),
(144, 1, 5, '2026-01-06', 200.00, 10, 0, NULL, NULL, NULL, '2025-12-14 00:27:41', '2025-12-14 00:27:41'),
(145, 1, 5, '2026-01-07', 200.00, 10, 0, NULL, NULL, NULL, '2025-12-14 00:27:41', '2025-12-14 00:27:41'),
(146, 1, 5, '2026-01-08', 200.00, 10, 0, NULL, NULL, NULL, '2025-12-14 00:27:41', '2025-12-14 00:27:41'),
(147, 1, 5, '2026-01-09', 200.00, 10, 0, NULL, NULL, NULL, '2025-12-14 00:27:41', '2025-12-14 00:27:41'),
(148, 1, 5, '2026-01-10', 200.00, 10, 0, NULL, NULL, NULL, '2025-12-14 00:27:41', '2025-12-14 00:27:41'),
(149, 1, 5, '2026-01-11', 200.00, 10, 0, NULL, NULL, NULL, '2025-12-14 00:27:41', '2025-12-14 00:27:41'),
(150, 1, 5, '2026-01-12', 200.00, 10, 0, NULL, NULL, NULL, '2025-12-14 00:27:41', '2025-12-14 00:27:41'),
(151, 1, 6, '2025-12-14', 200.00, 10, 0, NULL, NULL, NULL, '2025-12-14 00:27:41', '2025-12-14 00:27:41'),
(152, 1, 6, '2025-12-15', 200.00, 10, 0, NULL, NULL, NULL, '2025-12-14 00:27:41', '2025-12-14 00:27:41'),
(153, 1, 6, '2025-12-16', 200.00, 10, 0, NULL, NULL, NULL, '2025-12-14 00:27:41', '2025-12-14 00:27:41'),
(154, 1, 6, '2025-12-17', 200.00, 10, 0, NULL, NULL, NULL, '2025-12-14 00:27:41', '2025-12-14 00:27:41'),
(155, 1, 6, '2025-12-18', 200.00, 10, 0, NULL, NULL, NULL, '2025-12-14 00:27:41', '2025-12-14 00:27:41'),
(156, 1, 6, '2025-12-19', 200.00, 10, 0, NULL, NULL, NULL, '2025-12-14 00:27:41', '2025-12-14 00:27:41'),
(157, 1, 6, '2025-12-20', 200.00, 10, 0, NULL, NULL, NULL, '2025-12-14 00:27:41', '2025-12-14 00:27:41'),
(158, 1, 6, '2025-12-21', 200.00, 10, 0, NULL, NULL, NULL, '2025-12-14 00:27:41', '2025-12-14 00:27:41'),
(159, 1, 6, '2025-12-22', 200.00, 10, 0, NULL, NULL, NULL, '2025-12-14 00:27:41', '2025-12-14 00:27:41'),
(160, 1, 6, '2025-12-23', 200.00, 10, 0, NULL, NULL, NULL, '2025-12-14 00:27:41', '2025-12-14 00:27:41'),
(161, 1, 6, '2025-12-24', 200.00, 10, 0, NULL, NULL, NULL, '2025-12-14 00:27:41', '2025-12-14 00:27:41'),
(162, 1, 6, '2025-12-25', 200.00, 10, 0, NULL, NULL, NULL, '2025-12-14 00:27:41', '2025-12-14 00:27:41'),
(163, 1, 6, '2025-12-26', 200.00, 10, 0, NULL, NULL, NULL, '2025-12-14 00:27:41', '2025-12-14 00:27:41'),
(164, 1, 6, '2025-12-27', 200.00, 10, 0, NULL, NULL, NULL, '2025-12-14 00:27:41', '2025-12-14 00:27:41'),
(165, 1, 6, '2025-12-28', 200.00, 10, 0, NULL, NULL, NULL, '2025-12-14 00:27:41', '2025-12-14 00:27:41'),
(166, 1, 6, '2025-12-29', 200.00, 10, 0, NULL, NULL, NULL, '2025-12-14 00:27:41', '2025-12-14 00:27:41'),
(167, 1, 6, '2025-12-30', 200.00, 10, 0, NULL, NULL, NULL, '2025-12-14 00:27:41', '2025-12-14 00:27:41'),
(168, 1, 6, '2025-12-31', 200.00, 10, 0, NULL, NULL, NULL, '2025-12-14 00:27:41', '2025-12-14 00:27:41'),
(169, 1, 6, '2026-01-01', 200.00, 10, 0, NULL, NULL, NULL, '2025-12-14 00:27:41', '2025-12-14 00:27:41'),
(170, 1, 6, '2026-01-02', 200.00, 10, 0, NULL, NULL, NULL, '2025-12-14 00:27:41', '2025-12-14 00:27:41'),
(171, 1, 6, '2026-01-03', 200.00, 10, 0, NULL, NULL, NULL, '2025-12-14 00:27:41', '2025-12-14 00:27:41'),
(172, 1, 6, '2026-01-04', 200.00, 10, 0, NULL, NULL, NULL, '2025-12-14 00:27:41', '2025-12-14 00:27:41'),
(173, 1, 6, '2026-01-05', 200.00, 10, 0, NULL, NULL, NULL, '2025-12-14 00:27:41', '2025-12-14 00:27:41'),
(174, 1, 6, '2026-01-06', 200.00, 10, 0, NULL, NULL, NULL, '2025-12-14 00:27:41', '2025-12-14 00:27:41'),
(175, 1, 6, '2026-01-07', 200.00, 10, 0, NULL, NULL, NULL, '2025-12-14 00:27:41', '2025-12-14 00:27:41'),
(176, 1, 6, '2026-01-08', 200.00, 10, 0, NULL, NULL, NULL, '2025-12-14 00:27:41', '2025-12-14 00:27:41'),
(177, 1, 6, '2026-01-09', 200.00, 10, 0, NULL, NULL, NULL, '2025-12-14 00:27:41', '2025-12-14 00:27:41'),
(178, 1, 6, '2026-01-10', 200.00, 10, 0, NULL, NULL, NULL, '2025-12-14 00:27:41', '2025-12-14 00:27:41'),
(179, 1, 6, '2026-01-11', 200.00, 10, 0, NULL, NULL, NULL, '2025-12-14 00:27:41', '2025-12-14 00:27:41'),
(180, 1, 6, '2026-01-12', 200.00, 10, 0, NULL, NULL, NULL, '2025-12-14 00:27:41', '2025-12-14 00:27:41'),
(181, 1, 7, '2025-12-14', 140.00, 10, 0, NULL, NULL, NULL, '2025-12-14 00:27:41', '2025-12-14 00:27:41'),
(182, 1, 7, '2025-12-15', 140.00, 10, 0, NULL, NULL, NULL, '2025-12-14 00:27:41', '2025-12-14 00:27:41'),
(183, 1, 7, '2025-12-16', 140.00, 10, 0, NULL, NULL, NULL, '2025-12-14 00:27:41', '2025-12-14 00:27:41'),
(184, 1, 7, '2025-12-17', 140.00, 10, 0, NULL, NULL, NULL, '2025-12-14 00:27:41', '2025-12-14 00:27:41'),
(185, 1, 7, '2025-12-18', 140.00, 10, 0, NULL, NULL, NULL, '2025-12-14 00:27:41', '2025-12-14 00:27:41'),
(186, 1, 7, '2025-12-19', 140.00, 10, 0, NULL, NULL, NULL, '2025-12-14 00:27:41', '2025-12-14 00:27:41'),
(187, 1, 7, '2025-12-20', 140.00, 10, 0, NULL, NULL, NULL, '2025-12-14 00:27:41', '2025-12-14 00:27:41'),
(188, 1, 7, '2025-12-21', 140.00, 10, 0, NULL, NULL, NULL, '2025-12-14 00:27:41', '2025-12-14 00:27:41'),
(189, 1, 7, '2025-12-22', 140.00, 10, 0, NULL, NULL, NULL, '2025-12-14 00:27:41', '2025-12-14 00:27:41'),
(190, 1, 7, '2025-12-23', 140.00, 10, 0, NULL, NULL, NULL, '2025-12-14 00:27:41', '2025-12-14 00:27:41'),
(191, 1, 7, '2025-12-24', 140.00, 10, 0, NULL, NULL, NULL, '2025-12-14 00:27:41', '2025-12-14 00:27:41'),
(192, 1, 7, '2025-12-25', 140.00, 10, 0, NULL, NULL, NULL, '2025-12-14 00:27:41', '2025-12-14 00:27:41'),
(193, 1, 7, '2025-12-26', 140.00, 10, 0, NULL, NULL, NULL, '2025-12-14 00:27:41', '2025-12-14 00:27:41'),
(194, 1, 7, '2025-12-27', 140.00, 10, 0, NULL, NULL, NULL, '2025-12-14 00:27:41', '2025-12-14 00:27:41'),
(195, 1, 7, '2025-12-28', 140.00, 10, 0, NULL, NULL, NULL, '2025-12-14 00:27:41', '2025-12-14 00:27:41'),
(196, 1, 7, '2025-12-29', 140.00, 10, 0, NULL, NULL, NULL, '2025-12-14 00:27:41', '2025-12-14 00:27:41'),
(197, 1, 7, '2025-12-30', 140.00, 10, 0, NULL, NULL, NULL, '2025-12-14 00:27:41', '2025-12-14 00:27:41'),
(198, 1, 7, '2025-12-31', 140.00, 10, 0, NULL, NULL, NULL, '2025-12-14 00:27:41', '2025-12-14 00:27:41'),
(199, 1, 7, '2026-01-01', 140.00, 10, 0, NULL, NULL, NULL, '2025-12-14 00:27:41', '2025-12-14 00:27:41'),
(200, 1, 7, '2026-01-02', 140.00, 10, 0, NULL, NULL, NULL, '2025-12-14 00:27:41', '2025-12-14 00:27:41'),
(201, 1, 7, '2026-01-03', 140.00, 10, 0, NULL, NULL, NULL, '2025-12-14 00:27:41', '2025-12-14 00:27:41'),
(202, 1, 7, '2026-01-04', 140.00, 10, 0, NULL, NULL, NULL, '2025-12-14 00:27:41', '2025-12-14 00:27:41'),
(203, 1, 7, '2026-01-05', 140.00, 10, 0, NULL, NULL, NULL, '2025-12-14 00:27:41', '2025-12-14 00:27:41'),
(204, 1, 7, '2026-01-06', 140.00, 10, 0, NULL, NULL, NULL, '2025-12-14 00:27:41', '2025-12-14 00:27:41'),
(205, 1, 7, '2026-01-07', 140.00, 10, 0, NULL, NULL, NULL, '2025-12-14 00:27:41', '2025-12-14 00:27:41'),
(206, 1, 7, '2026-01-08', 140.00, 10, 0, NULL, NULL, NULL, '2025-12-14 00:27:41', '2025-12-14 00:27:41'),
(207, 1, 7, '2026-01-09', 140.00, 10, 0, NULL, NULL, NULL, '2025-12-14 00:27:41', '2025-12-14 00:27:41'),
(208, 1, 7, '2026-01-10', 140.00, 10, 0, NULL, NULL, NULL, '2025-12-14 00:27:41', '2025-12-14 00:27:41'),
(209, 1, 7, '2026-01-11', 140.00, 10, 0, NULL, NULL, NULL, '2025-12-14 00:27:41', '2025-12-14 00:27:41'),
(210, 1, 7, '2026-01-12', 140.00, 10, 0, NULL, NULL, NULL, '2025-12-14 00:27:41', '2025-12-14 00:27:41'),
(211, 1, 8, '2025-12-14', 140.00, 10, 0, NULL, NULL, NULL, '2025-12-14 00:27:41', '2025-12-14 00:27:41'),
(212, 1, 8, '2025-12-15', 140.00, 10, 0, NULL, NULL, NULL, '2025-12-14 00:27:41', '2025-12-14 00:27:41'),
(213, 1, 8, '2025-12-16', 140.00, 10, 0, NULL, NULL, NULL, '2025-12-14 00:27:41', '2025-12-14 00:27:41'),
(214, 1, 8, '2025-12-17', 140.00, 10, 0, NULL, NULL, NULL, '2025-12-14 00:27:41', '2025-12-14 00:27:41'),
(215, 1, 8, '2025-12-18', 140.00, 10, 0, NULL, NULL, NULL, '2025-12-14 00:27:41', '2025-12-14 00:27:41'),
(216, 1, 8, '2025-12-19', 140.00, 10, 0, NULL, NULL, NULL, '2025-12-14 00:27:41', '2025-12-14 00:27:41'),
(217, 1, 8, '2025-12-20', 140.00, 10, 0, NULL, NULL, NULL, '2025-12-14 00:27:41', '2025-12-14 00:27:41'),
(218, 1, 8, '2025-12-21', 140.00, 10, 0, NULL, NULL, NULL, '2025-12-14 00:27:41', '2025-12-14 00:27:41'),
(219, 1, 8, '2025-12-22', 140.00, 10, 0, NULL, NULL, NULL, '2025-12-14 00:27:41', '2025-12-14 00:27:41'),
(220, 1, 8, '2025-12-23', 140.00, 10, 0, NULL, NULL, NULL, '2025-12-14 00:27:41', '2025-12-14 00:27:41'),
(221, 1, 8, '2025-12-24', 140.00, 10, 0, NULL, NULL, NULL, '2025-12-14 00:27:41', '2025-12-14 00:27:41'),
(222, 1, 8, '2025-12-25', 140.00, 10, 0, NULL, NULL, NULL, '2025-12-14 00:27:41', '2025-12-14 00:27:41'),
(223, 1, 8, '2025-12-26', 140.00, 10, 0, NULL, NULL, NULL, '2025-12-14 00:27:41', '2025-12-14 00:27:41'),
(224, 1, 8, '2025-12-27', 140.00, 10, 0, NULL, NULL, NULL, '2025-12-14 00:27:41', '2025-12-14 00:27:41'),
(225, 1, 8, '2025-12-28', 140.00, 10, 0, NULL, NULL, NULL, '2025-12-14 00:27:41', '2025-12-14 00:27:41'),
(226, 1, 8, '2025-12-29', 140.00, 10, 0, NULL, NULL, NULL, '2025-12-14 00:27:41', '2025-12-14 00:27:41'),
(227, 1, 8, '2025-12-30', 140.00, 10, 0, NULL, NULL, NULL, '2025-12-14 00:27:41', '2025-12-14 00:27:41'),
(228, 1, 8, '2025-12-31', 140.00, 10, 0, NULL, NULL, NULL, '2025-12-14 00:27:41', '2025-12-14 00:27:41'),
(229, 1, 8, '2026-01-01', 140.00, 10, 0, NULL, NULL, NULL, '2025-12-14 00:27:41', '2025-12-14 00:27:41'),
(230, 1, 8, '2026-01-02', 140.00, 10, 0, NULL, NULL, NULL, '2025-12-14 00:27:41', '2025-12-14 00:27:41'),
(231, 1, 8, '2026-01-03', 140.00, 10, 0, NULL, NULL, NULL, '2025-12-14 00:27:41', '2025-12-14 00:27:41'),
(232, 1, 8, '2026-01-04', 140.00, 10, 0, NULL, NULL, NULL, '2025-12-14 00:27:41', '2025-12-14 00:27:41'),
(233, 1, 8, '2026-01-05', 140.00, 10, 0, NULL, NULL, NULL, '2025-12-14 00:27:41', '2025-12-14 00:27:41'),
(234, 1, 8, '2026-01-06', 140.00, 10, 0, NULL, NULL, NULL, '2025-12-14 00:27:41', '2025-12-14 00:27:41'),
(235, 1, 8, '2026-01-07', 140.00, 10, 0, NULL, NULL, NULL, '2025-12-14 00:27:41', '2025-12-14 00:27:41'),
(236, 1, 8, '2026-01-08', 140.00, 10, 0, NULL, NULL, NULL, '2025-12-14 00:27:41', '2025-12-14 00:27:41'),
(237, 1, 8, '2026-01-09', 140.00, 10, 0, NULL, NULL, NULL, '2025-12-14 00:27:41', '2025-12-14 00:27:41'),
(238, 1, 8, '2026-01-10', 140.00, 10, 0, NULL, NULL, NULL, '2025-12-14 00:27:41', '2025-12-14 00:27:41'),
(239, 1, 8, '2026-01-11', 140.00, 10, 0, NULL, NULL, NULL, '2025-12-14 00:27:41', '2025-12-14 00:27:41'),
(240, 1, 8, '2026-01-12', 140.00, 10, 0, NULL, NULL, NULL, '2025-12-14 00:27:41', '2025-12-14 00:27:41'),
(241, 1, 9, '2025-12-14', 150.00, 10, 0, NULL, NULL, NULL, '2025-12-14 00:27:41', '2025-12-14 00:27:41'),
(242, 1, 9, '2025-12-15', 150.00, 10, 0, NULL, NULL, NULL, '2025-12-14 00:27:41', '2025-12-14 00:27:41'),
(243, 1, 9, '2025-12-16', 150.00, 10, 0, NULL, NULL, NULL, '2025-12-14 00:27:41', '2025-12-14 00:27:41'),
(244, 1, 9, '2025-12-17', 150.00, 10, 0, NULL, NULL, NULL, '2025-12-14 00:27:41', '2025-12-14 00:27:41'),
(245, 1, 9, '2025-12-18', 150.00, 10, 0, NULL, NULL, NULL, '2025-12-14 00:27:41', '2025-12-14 00:27:41'),
(246, 1, 9, '2025-12-19', 150.00, 10, 0, NULL, NULL, NULL, '2025-12-14 00:27:41', '2025-12-14 00:27:41'),
(247, 1, 9, '2025-12-20', 150.00, 10, 0, NULL, NULL, NULL, '2025-12-14 00:27:41', '2025-12-14 00:27:41'),
(248, 1, 9, '2025-12-21', 150.00, 10, 0, NULL, NULL, NULL, '2025-12-14 00:27:41', '2025-12-14 00:27:41'),
(249, 1, 9, '2025-12-22', 150.00, 10, 0, NULL, NULL, NULL, '2025-12-14 00:27:41', '2025-12-14 00:27:41'),
(250, 1, 9, '2025-12-23', 150.00, 10, 0, NULL, NULL, NULL, '2025-12-14 00:27:41', '2025-12-14 00:27:41'),
(251, 1, 9, '2025-12-24', 150.00, 10, 0, NULL, NULL, NULL, '2025-12-14 00:27:41', '2025-12-14 00:27:41'),
(252, 1, 9, '2025-12-25', 150.00, 10, 0, NULL, NULL, NULL, '2025-12-14 00:27:41', '2025-12-14 00:27:41'),
(253, 1, 9, '2025-12-26', 150.00, 10, 0, NULL, NULL, NULL, '2025-12-14 00:27:41', '2025-12-14 00:27:41'),
(254, 1, 9, '2025-12-27', 150.00, 10, 0, NULL, NULL, NULL, '2025-12-14 00:27:41', '2025-12-14 00:27:41'),
(255, 1, 9, '2025-12-28', 150.00, 10, 0, NULL, NULL, NULL, '2025-12-14 00:27:41', '2025-12-14 00:27:41'),
(256, 1, 9, '2025-12-29', 150.00, 10, 0, NULL, NULL, NULL, '2025-12-14 00:27:41', '2025-12-14 00:27:41'),
(257, 1, 9, '2025-12-30', 150.00, 10, 0, NULL, NULL, NULL, '2025-12-14 00:27:41', '2025-12-14 00:27:41'),
(258, 1, 9, '2025-12-31', 150.00, 10, 0, NULL, NULL, NULL, '2025-12-14 00:27:41', '2025-12-14 00:27:41'),
(259, 1, 9, '2026-01-01', 150.00, 10, 0, NULL, NULL, NULL, '2025-12-14 00:27:41', '2025-12-14 00:27:41'),
(260, 1, 9, '2026-01-02', 150.00, 10, 0, NULL, NULL, NULL, '2025-12-14 00:27:41', '2025-12-14 00:27:41'),
(261, 1, 9, '2026-01-03', 150.00, 10, 0, NULL, NULL, NULL, '2025-12-14 00:27:41', '2025-12-14 00:27:41'),
(262, 1, 9, '2026-01-04', 150.00, 10, 0, NULL, NULL, NULL, '2025-12-14 00:27:41', '2025-12-14 00:27:41'),
(263, 1, 9, '2026-01-05', 150.00, 10, 0, NULL, NULL, NULL, '2025-12-14 00:27:41', '2025-12-14 00:27:41'),
(264, 1, 9, '2026-01-06', 150.00, 10, 0, NULL, NULL, NULL, '2025-12-14 00:27:41', '2025-12-14 00:27:41'),
(265, 1, 9, '2026-01-07', 150.00, 10, 0, NULL, NULL, NULL, '2025-12-14 00:27:41', '2025-12-14 00:27:41'),
(266, 1, 9, '2026-01-08', 150.00, 10, 0, NULL, NULL, NULL, '2025-12-14 00:27:41', '2025-12-14 00:27:41'),
(267, 1, 9, '2026-01-09', 150.00, 10, 0, NULL, NULL, NULL, '2025-12-14 00:27:41', '2025-12-14 00:27:41'),
(268, 1, 9, '2026-01-10', 150.00, 10, 0, NULL, NULL, NULL, '2025-12-14 00:27:41', '2025-12-14 00:27:41'),
(269, 1, 9, '2026-01-11', 150.00, 10, 0, NULL, NULL, NULL, '2025-12-14 00:27:41', '2025-12-14 00:27:41'),
(270, 1, 9, '2026-01-12', 150.00, 10, 0, NULL, NULL, NULL, '2025-12-14 00:27:41', '2025-12-14 00:27:41'),
(271, 1, 10, '2025-12-14', 170.00, 10, 0, NULL, NULL, NULL, '2025-12-14 00:27:41', '2025-12-14 00:27:41'),
(272, 1, 10, '2025-12-15', 170.00, 10, 0, NULL, NULL, NULL, '2025-12-14 00:27:41', '2025-12-14 00:27:41'),
(273, 1, 10, '2025-12-16', 170.00, 10, 0, NULL, NULL, NULL, '2025-12-14 00:27:41', '2025-12-14 00:27:41'),
(274, 1, 10, '2025-12-17', 170.00, 10, 0, NULL, NULL, NULL, '2025-12-14 00:27:41', '2025-12-14 00:27:41'),
(275, 1, 10, '2025-12-18', 170.00, 10, 0, NULL, NULL, NULL, '2025-12-14 00:27:41', '2025-12-14 00:27:41'),
(276, 1, 10, '2025-12-19', 170.00, 10, 0, NULL, NULL, NULL, '2025-12-14 00:27:41', '2025-12-14 00:27:41'),
(277, 1, 10, '2025-12-20', 170.00, 10, 0, NULL, NULL, NULL, '2025-12-14 00:27:41', '2025-12-14 00:27:41'),
(278, 1, 10, '2025-12-21', 170.00, 10, 0, NULL, NULL, NULL, '2025-12-14 00:27:41', '2025-12-14 00:27:41'),
(279, 1, 10, '2025-12-22', 170.00, 10, 0, NULL, NULL, NULL, '2025-12-14 00:27:41', '2025-12-14 00:27:41'),
(280, 1, 10, '2025-12-23', 170.00, 10, 0, NULL, NULL, NULL, '2025-12-14 00:27:41', '2025-12-14 00:27:41'),
(281, 1, 10, '2025-12-24', 170.00, 10, 0, NULL, NULL, NULL, '2025-12-14 00:27:41', '2025-12-14 00:27:41'),
(282, 1, 10, '2025-12-25', 170.00, 10, 0, NULL, NULL, NULL, '2025-12-14 00:27:41', '2025-12-14 00:27:41'),
(283, 1, 10, '2025-12-26', 170.00, 10, 0, NULL, NULL, NULL, '2025-12-14 00:27:41', '2025-12-14 00:27:41'),
(284, 1, 10, '2025-12-27', 170.00, 10, 0, NULL, NULL, NULL, '2025-12-14 00:27:41', '2025-12-14 00:27:41'),
(285, 1, 10, '2025-12-28', 170.00, 10, 0, NULL, NULL, NULL, '2025-12-14 00:27:41', '2025-12-14 00:27:41'),
(286, 1, 10, '2025-12-29', 170.00, 10, 0, NULL, NULL, NULL, '2025-12-14 00:27:41', '2025-12-14 00:27:41'),
(287, 1, 10, '2025-12-30', 170.00, 10, 0, NULL, NULL, NULL, '2025-12-14 00:27:41', '2025-12-14 00:27:41'),
(288, 1, 10, '2025-12-31', 170.00, 10, 0, NULL, NULL, NULL, '2025-12-14 00:27:41', '2025-12-14 00:27:41'),
(289, 1, 10, '2026-01-01', 170.00, 10, 0, NULL, NULL, NULL, '2025-12-14 00:27:41', '2025-12-14 00:27:41'),
(290, 1, 10, '2026-01-02', 170.00, 10, 0, NULL, NULL, NULL, '2025-12-14 00:27:41', '2025-12-14 00:27:41'),
(291, 1, 10, '2026-01-03', 170.00, 10, 0, NULL, NULL, NULL, '2025-12-14 00:27:41', '2025-12-14 00:27:41'),
(292, 1, 10, '2026-01-04', 170.00, 10, 0, NULL, NULL, NULL, '2025-12-14 00:27:41', '2025-12-14 00:27:41'),
(293, 1, 10, '2026-01-05', 170.00, 10, 0, NULL, NULL, NULL, '2025-12-14 00:27:41', '2025-12-14 00:27:41'),
(294, 1, 10, '2026-01-06', 170.00, 10, 0, NULL, NULL, NULL, '2025-12-14 00:27:41', '2025-12-14 00:27:41'),
(295, 1, 10, '2026-01-07', 170.00, 10, 0, NULL, NULL, NULL, '2025-12-14 00:27:41', '2025-12-14 00:27:41'),
(296, 1, 10, '2026-01-08', 170.00, 10, 0, NULL, NULL, NULL, '2025-12-14 00:27:41', '2025-12-14 00:27:41'),
(297, 1, 10, '2026-01-09', 170.00, 10, 0, NULL, NULL, NULL, '2025-12-14 00:27:41', '2025-12-14 00:27:41'),
(298, 1, 10, '2026-01-10', 170.00, 10, 0, NULL, NULL, NULL, '2025-12-14 00:27:41', '2025-12-14 00:27:41'),
(299, 1, 10, '2026-01-11', 170.00, 10, 0, NULL, NULL, NULL, '2025-12-14 00:27:41', '2025-12-14 00:27:41'),
(300, 1, 10, '2026-01-12', 170.00, 10, 0, NULL, NULL, NULL, '2025-12-14 00:27:41', '2025-12-14 00:27:41'),
(301, 2, 1, '2025-12-14', 220.00, 10, 0, NULL, NULL, NULL, '2025-12-14 00:27:41', '2025-12-14 00:27:41'),
(302, 2, 1, '2025-12-15', 220.00, 10, 0, NULL, NULL, NULL, '2025-12-14 00:27:41', '2025-12-14 00:27:41'),
(303, 2, 1, '2025-12-16', 220.00, 10, 0, NULL, NULL, NULL, '2025-12-14 00:27:41', '2025-12-14 00:27:41'),
(304, 2, 1, '2025-12-17', 220.00, 10, 0, NULL, NULL, NULL, '2025-12-14 00:27:41', '2025-12-14 00:27:41'),
(305, 2, 1, '2025-12-18', 220.00, 10, 0, NULL, NULL, NULL, '2025-12-14 00:27:41', '2025-12-14 00:27:41'),
(306, 2, 1, '2025-12-19', 220.00, 10, 0, NULL, NULL, NULL, '2025-12-14 00:27:41', '2025-12-14 00:27:41'),
(307, 2, 1, '2025-12-20', 220.00, 10, 0, NULL, NULL, NULL, '2025-12-14 00:27:41', '2025-12-14 00:27:41'),
(308, 2, 1, '2025-12-21', 220.00, 10, 0, NULL, NULL, NULL, '2025-12-14 00:27:41', '2025-12-14 00:27:41'),
(309, 2, 1, '2025-12-22', 220.00, 10, 0, NULL, NULL, NULL, '2025-12-14 00:27:41', '2025-12-14 00:27:41'),
(310, 2, 1, '2025-12-23', 220.00, 10, 0, NULL, NULL, NULL, '2025-12-14 00:27:41', '2025-12-14 00:27:41'),
(311, 2, 1, '2025-12-24', 220.00, 10, 0, NULL, NULL, NULL, '2025-12-14 00:27:41', '2025-12-14 00:27:41'),
(312, 2, 1, '2025-12-25', 220.00, 10, 0, NULL, NULL, NULL, '2025-12-14 00:27:41', '2025-12-14 00:27:41'),
(313, 2, 1, '2025-12-26', 220.00, 10, 0, NULL, NULL, NULL, '2025-12-14 00:27:41', '2025-12-14 00:27:41'),
(314, 2, 1, '2025-12-27', 220.00, 10, 0, NULL, NULL, NULL, '2025-12-14 00:27:41', '2025-12-14 00:27:41'),
(315, 2, 1, '2025-12-28', 220.00, 10, 0, NULL, NULL, NULL, '2025-12-14 00:27:41', '2025-12-14 00:27:41'),
(316, 2, 1, '2025-12-29', 220.00, 10, 0, NULL, NULL, NULL, '2025-12-14 00:27:41', '2025-12-14 00:27:41'),
(317, 2, 1, '2025-12-30', 220.00, 10, 0, NULL, NULL, NULL, '2025-12-14 00:27:41', '2025-12-14 00:27:41'),
(318, 2, 1, '2025-12-31', 220.00, 10, 0, NULL, NULL, NULL, '2025-12-14 00:27:41', '2025-12-14 00:27:41'),
(319, 2, 1, '2026-01-01', 220.00, 10, 0, NULL, NULL, NULL, '2025-12-14 00:27:41', '2025-12-14 00:27:41'),
(320, 2, 1, '2026-01-02', 220.00, 10, 0, NULL, NULL, NULL, '2025-12-14 00:27:41', '2025-12-14 00:27:41'),
(321, 2, 1, '2026-01-03', 220.00, 10, 0, NULL, NULL, NULL, '2025-12-14 00:27:41', '2025-12-14 00:27:41'),
(322, 2, 1, '2026-01-04', 220.00, 10, 0, NULL, NULL, NULL, '2025-12-14 00:27:41', '2025-12-14 00:27:41'),
(323, 2, 1, '2026-01-05', 220.00, 10, 0, NULL, NULL, NULL, '2025-12-14 00:27:41', '2025-12-14 00:27:41'),
(324, 2, 1, '2026-01-06', 220.00, 10, 0, NULL, NULL, NULL, '2025-12-14 00:27:41', '2025-12-14 00:27:41'),
(325, 2, 1, '2026-01-07', 220.00, 10, 0, NULL, NULL, NULL, '2025-12-14 00:27:41', '2025-12-14 00:27:41'),
(326, 2, 1, '2026-01-08', 220.00, 10, 0, NULL, NULL, NULL, '2025-12-14 00:27:41', '2025-12-14 00:27:41'),
(327, 2, 1, '2026-01-09', 220.00, 10, 0, NULL, NULL, NULL, '2025-12-14 00:27:41', '2025-12-14 00:27:41'),
(328, 2, 1, '2026-01-10', 220.00, 10, 0, NULL, NULL, NULL, '2025-12-14 00:27:41', '2025-12-14 00:27:41'),
(329, 2, 1, '2026-01-11', 220.00, 10, 0, NULL, NULL, NULL, '2025-12-14 00:27:41', '2025-12-14 00:27:41'),
(330, 2, 1, '2026-01-12', 220.00, 10, 0, NULL, NULL, NULL, '2025-12-14 00:27:41', '2025-12-14 00:27:41'),
(331, 2, 2, '2025-12-14', 220.00, 10, 0, NULL, NULL, NULL, '2025-12-14 00:27:41', '2025-12-14 00:27:41'),
(332, 2, 2, '2025-12-15', 220.00, 10, 0, NULL, NULL, NULL, '2025-12-14 00:27:41', '2025-12-14 00:27:41'),
(333, 2, 2, '2025-12-16', 220.00, 10, 0, NULL, NULL, NULL, '2025-12-14 00:27:41', '2025-12-14 00:27:41'),
(334, 2, 2, '2025-12-17', 220.00, 10, 0, NULL, NULL, NULL, '2025-12-14 00:27:41', '2025-12-14 00:27:41'),
(335, 2, 2, '2025-12-18', 220.00, 10, 0, NULL, NULL, NULL, '2025-12-14 00:27:41', '2025-12-14 00:27:41'),
(336, 2, 2, '2025-12-19', 220.00, 10, 0, NULL, NULL, NULL, '2025-12-14 00:27:41', '2025-12-14 00:27:41'),
(337, 2, 2, '2025-12-20', 220.00, 10, 0, NULL, NULL, NULL, '2025-12-14 00:27:41', '2025-12-14 00:27:41'),
(338, 2, 2, '2025-12-21', 220.00, 10, 0, NULL, NULL, NULL, '2025-12-14 00:27:41', '2025-12-14 00:27:41'),
(339, 2, 2, '2025-12-22', 220.00, 10, 0, NULL, NULL, NULL, '2025-12-14 00:27:41', '2025-12-14 00:27:41'),
(340, 2, 2, '2025-12-23', 220.00, 10, 0, NULL, NULL, NULL, '2025-12-14 00:27:41', '2025-12-14 00:27:41'),
(341, 2, 2, '2025-12-24', 220.00, 10, 0, NULL, NULL, NULL, '2025-12-14 00:27:41', '2025-12-14 00:27:41'),
(342, 2, 2, '2025-12-25', 220.00, 10, 0, NULL, NULL, NULL, '2025-12-14 00:27:41', '2025-12-14 00:27:41'),
(343, 2, 2, '2025-12-26', 220.00, 10, 0, NULL, NULL, NULL, '2025-12-14 00:27:41', '2025-12-14 00:27:41'),
(344, 2, 2, '2025-12-27', 220.00, 10, 0, NULL, NULL, NULL, '2025-12-14 00:27:41', '2025-12-14 00:27:41'),
(345, 2, 2, '2025-12-28', 220.00, 10, 0, NULL, NULL, NULL, '2025-12-14 00:27:41', '2025-12-14 00:27:41'),
(346, 2, 2, '2025-12-29', 220.00, 10, 0, NULL, NULL, NULL, '2025-12-14 00:27:41', '2025-12-14 00:27:41'),
(347, 2, 2, '2025-12-30', 220.00, 10, 0, NULL, NULL, NULL, '2025-12-14 00:27:41', '2025-12-14 00:27:41'),
(348, 2, 2, '2025-12-31', 220.00, 10, 0, NULL, NULL, NULL, '2025-12-14 00:27:41', '2025-12-14 00:27:41'),
(349, 2, 2, '2026-01-01', 220.00, 10, 0, NULL, NULL, NULL, '2025-12-14 00:27:41', '2025-12-14 00:27:41'),
(350, 2, 2, '2026-01-02', 220.00, 10, 0, NULL, NULL, NULL, '2025-12-14 00:27:41', '2025-12-14 00:27:41'),
(351, 2, 2, '2026-01-03', 220.00, 10, 0, NULL, NULL, NULL, '2025-12-14 00:27:41', '2025-12-14 00:27:41'),
(352, 2, 2, '2026-01-04', 220.00, 10, 0, NULL, NULL, NULL, '2025-12-14 00:27:41', '2025-12-14 00:27:41'),
(353, 2, 2, '2026-01-05', 220.00, 10, 0, NULL, NULL, NULL, '2025-12-14 00:27:41', '2025-12-14 00:27:41'),
(354, 2, 2, '2026-01-06', 220.00, 10, 0, NULL, NULL, NULL, '2025-12-14 00:27:41', '2025-12-14 00:27:41'),
(355, 2, 2, '2026-01-07', 220.00, 10, 0, NULL, NULL, NULL, '2025-12-14 00:27:41', '2025-12-14 00:27:41'),
(356, 2, 2, '2026-01-08', 220.00, 10, 0, NULL, NULL, NULL, '2025-12-14 00:27:41', '2025-12-14 00:27:41'),
(357, 2, 2, '2026-01-09', 220.00, 10, 0, NULL, NULL, NULL, '2025-12-14 00:27:41', '2025-12-14 00:27:41'),
(358, 2, 2, '2026-01-10', 220.00, 10, 0, NULL, NULL, NULL, '2025-12-14 00:27:41', '2025-12-14 00:27:41'),
(359, 2, 2, '2026-01-11', 220.00, 10, 0, NULL, NULL, NULL, '2025-12-14 00:27:41', '2025-12-14 00:27:41'),
(360, 2, 2, '2026-01-12', 220.00, 10, 0, NULL, NULL, NULL, '2025-12-14 00:27:41', '2025-12-14 00:27:41'),
(361, 2, 3, '2025-12-14', 176.00, 10, 0, NULL, NULL, NULL, '2025-12-14 00:27:41', '2025-12-14 00:27:41'),
(362, 2, 3, '2025-12-15', 176.00, 10, 0, NULL, NULL, NULL, '2025-12-14 00:27:41', '2025-12-14 00:27:41'),
(363, 2, 3, '2025-12-16', 176.00, 10, 0, NULL, NULL, NULL, '2025-12-14 00:27:41', '2025-12-14 00:27:41'),
(364, 2, 3, '2025-12-17', 176.00, 10, 0, NULL, NULL, NULL, '2025-12-14 00:27:41', '2025-12-14 00:27:41'),
(365, 2, 3, '2025-12-18', 176.00, 10, 0, NULL, NULL, NULL, '2025-12-14 00:27:41', '2025-12-14 00:27:41'),
(366, 2, 3, '2025-12-19', 176.00, 10, 0, NULL, NULL, NULL, '2025-12-14 00:27:41', '2025-12-14 00:27:41'),
(367, 2, 3, '2025-12-20', 176.00, 10, 0, NULL, NULL, NULL, '2025-12-14 00:27:41', '2025-12-14 00:27:41'),
(368, 2, 3, '2025-12-21', 176.00, 10, 0, NULL, NULL, NULL, '2025-12-14 00:27:41', '2025-12-14 00:27:41'),
(369, 2, 3, '2025-12-22', 176.00, 10, 0, NULL, NULL, NULL, '2025-12-14 00:27:41', '2025-12-14 00:27:41'),
(370, 2, 3, '2025-12-23', 176.00, 10, 0, NULL, NULL, NULL, '2025-12-14 00:27:41', '2025-12-14 00:27:41'),
(371, 2, 3, '2025-12-24', 176.00, 10, 0, NULL, NULL, NULL, '2025-12-14 00:27:41', '2025-12-14 00:27:41'),
(372, 2, 3, '2025-12-25', 176.00, 10, 0, NULL, NULL, NULL, '2025-12-14 00:27:41', '2025-12-14 00:27:41'),
(373, 2, 3, '2025-12-26', 176.00, 10, 0, NULL, NULL, NULL, '2025-12-14 00:27:41', '2025-12-14 00:27:41'),
(374, 2, 3, '2025-12-27', 176.00, 10, 0, NULL, NULL, NULL, '2025-12-14 00:27:41', '2025-12-14 00:27:41'),
(375, 2, 3, '2025-12-28', 176.00, 10, 0, NULL, NULL, NULL, '2025-12-14 00:27:41', '2025-12-14 00:27:41'),
(376, 2, 3, '2025-12-29', 176.00, 10, 0, NULL, NULL, NULL, '2025-12-14 00:27:41', '2025-12-14 00:27:41'),
(377, 2, 3, '2025-12-30', 176.00, 10, 0, NULL, NULL, NULL, '2025-12-14 00:27:41', '2025-12-14 00:27:41'),
(378, 2, 3, '2025-12-31', 176.00, 10, 0, NULL, NULL, NULL, '2025-12-14 00:27:41', '2025-12-14 00:27:41'),
(379, 2, 3, '2026-01-01', 176.00, 10, 0, NULL, NULL, NULL, '2025-12-14 00:27:41', '2025-12-14 00:27:41'),
(380, 2, 3, '2026-01-02', 176.00, 10, 0, NULL, NULL, NULL, '2025-12-14 00:27:41', '2025-12-14 00:27:41'),
(381, 2, 3, '2026-01-03', 176.00, 10, 0, NULL, NULL, NULL, '2025-12-14 00:27:41', '2025-12-14 00:27:41'),
(382, 2, 3, '2026-01-04', 176.00, 10, 0, NULL, NULL, NULL, '2025-12-14 00:27:41', '2025-12-14 00:27:41'),
(383, 2, 3, '2026-01-05', 176.00, 10, 0, NULL, NULL, NULL, '2025-12-14 00:27:41', '2025-12-14 00:27:41'),
(384, 2, 3, '2026-01-06', 176.00, 10, 0, NULL, NULL, NULL, '2025-12-14 00:27:41', '2025-12-14 00:27:41'),
(385, 2, 3, '2026-01-07', 176.00, 10, 0, NULL, NULL, NULL, '2025-12-14 00:27:41', '2025-12-14 00:27:41'),
(386, 2, 3, '2026-01-08', 176.00, 10, 0, NULL, NULL, NULL, '2025-12-14 00:27:41', '2025-12-14 00:27:41'),
(387, 2, 3, '2026-01-09', 176.00, 10, 0, NULL, NULL, NULL, '2025-12-14 00:27:41', '2025-12-14 00:27:41'),
(388, 2, 3, '2026-01-10', 176.00, 10, 0, NULL, NULL, NULL, '2025-12-14 00:27:41', '2025-12-14 00:27:41'),
(389, 2, 3, '2026-01-11', 176.00, 10, 0, NULL, NULL, NULL, '2025-12-14 00:27:41', '2025-12-14 00:27:41'),
(390, 2, 3, '2026-01-12', 176.00, 10, 0, NULL, NULL, NULL, '2025-12-14 00:27:41', '2025-12-14 00:27:41'),
(391, 2, 4, '2025-12-14', 176.00, 10, 0, NULL, NULL, NULL, '2025-12-14 00:27:41', '2025-12-14 00:27:41'),
(392, 2, 4, '2025-12-15', 176.00, 10, 0, NULL, NULL, NULL, '2025-12-14 00:27:41', '2025-12-14 00:27:41'),
(393, 2, 4, '2025-12-16', 176.00, 10, 0, NULL, NULL, NULL, '2025-12-14 00:27:41', '2025-12-14 00:27:41'),
(394, 2, 4, '2025-12-17', 176.00, 10, 0, NULL, NULL, NULL, '2025-12-14 00:27:41', '2025-12-14 00:27:41'),
(395, 2, 4, '2025-12-18', 176.00, 10, 0, NULL, NULL, NULL, '2025-12-14 00:27:41', '2025-12-14 00:27:41'),
(396, 2, 4, '2025-12-19', 176.00, 10, 0, NULL, NULL, NULL, '2025-12-14 00:27:41', '2025-12-14 00:27:41'),
(397, 2, 4, '2025-12-20', 176.00, 10, 0, NULL, NULL, NULL, '2025-12-14 00:27:41', '2025-12-14 00:27:41'),
(398, 2, 4, '2025-12-21', 176.00, 10, 0, NULL, NULL, NULL, '2025-12-14 00:27:41', '2025-12-14 00:27:41'),
(399, 2, 4, '2025-12-22', 176.00, 10, 0, NULL, NULL, NULL, '2025-12-14 00:27:41', '2025-12-14 00:27:41'),
(400, 2, 4, '2025-12-23', 176.00, 10, 0, NULL, NULL, NULL, '2025-12-14 00:27:41', '2025-12-14 00:27:41'),
(401, 2, 4, '2025-12-24', 176.00, 10, 0, NULL, NULL, NULL, '2025-12-14 00:27:41', '2025-12-14 00:27:41'),
(402, 2, 4, '2025-12-25', 176.00, 10, 0, NULL, NULL, NULL, '2025-12-14 00:27:41', '2025-12-14 00:27:41'),
(403, 2, 4, '2025-12-26', 176.00, 10, 0, NULL, NULL, NULL, '2025-12-14 00:27:41', '2025-12-14 00:27:41'),
(404, 2, 4, '2025-12-27', 176.00, 10, 0, NULL, NULL, NULL, '2025-12-14 00:27:41', '2025-12-14 00:27:41'),
(405, 2, 4, '2025-12-28', 176.00, 10, 0, NULL, NULL, NULL, '2025-12-14 00:27:41', '2025-12-14 00:27:41'),
(406, 2, 4, '2025-12-29', 176.00, 10, 0, NULL, NULL, NULL, '2025-12-14 00:27:41', '2025-12-14 00:27:41'),
(407, 2, 4, '2025-12-30', 176.00, 10, 0, NULL, NULL, NULL, '2025-12-14 00:27:41', '2025-12-14 00:27:41'),
(408, 2, 4, '2025-12-31', 176.00, 10, 0, NULL, NULL, NULL, '2025-12-14 00:27:41', '2025-12-14 00:27:41'),
(409, 2, 4, '2026-01-01', 176.00, 10, 0, NULL, NULL, NULL, '2025-12-14 00:27:41', '2025-12-14 00:27:41'),
(410, 2, 4, '2026-01-02', 176.00, 10, 0, NULL, NULL, NULL, '2025-12-14 00:27:41', '2025-12-14 00:27:41'),
(411, 2, 4, '2026-01-03', 176.00, 10, 0, NULL, NULL, NULL, '2025-12-14 00:27:41', '2025-12-14 00:27:41'),
(412, 2, 4, '2026-01-04', 176.00, 10, 0, NULL, NULL, NULL, '2025-12-14 00:27:41', '2025-12-14 00:27:41'),
(413, 2, 4, '2026-01-05', 176.00, 10, 0, NULL, NULL, NULL, '2025-12-14 00:27:41', '2025-12-14 00:27:41'),
(414, 2, 4, '2026-01-06', 176.00, 10, 0, NULL, NULL, NULL, '2025-12-14 00:27:41', '2025-12-14 00:27:41'),
(415, 2, 4, '2026-01-07', 176.00, 10, 0, NULL, NULL, NULL, '2025-12-14 00:27:41', '2025-12-14 00:27:41'),
(416, 2, 4, '2026-01-08', 176.00, 10, 0, NULL, NULL, NULL, '2025-12-14 00:27:41', '2025-12-14 00:27:41'),
(417, 2, 4, '2026-01-09', 176.00, 10, 0, NULL, NULL, NULL, '2025-12-14 00:27:41', '2025-12-14 00:27:41'),
(418, 2, 4, '2026-01-10', 176.00, 10, 0, NULL, NULL, NULL, '2025-12-14 00:27:41', '2025-12-14 00:27:41'),
(419, 2, 4, '2026-01-11', 176.00, 10, 0, NULL, NULL, NULL, '2025-12-14 00:27:41', '2025-12-14 00:27:41'),
(420, 2, 4, '2026-01-12', 176.00, 10, 0, NULL, NULL, NULL, '2025-12-14 00:27:41', '2025-12-14 00:27:41'),
(421, 2, 5, '2025-12-14', 220.00, 10, 0, NULL, NULL, NULL, '2025-12-14 00:27:41', '2025-12-14 00:27:41'),
(422, 2, 5, '2025-12-15', 220.00, 10, 0, NULL, NULL, NULL, '2025-12-14 00:27:41', '2025-12-14 00:27:41'),
(423, 2, 5, '2025-12-16', 220.00, 10, 0, NULL, NULL, NULL, '2025-12-14 00:27:41', '2025-12-14 00:27:41'),
(424, 2, 5, '2025-12-17', 220.00, 10, 0, NULL, NULL, NULL, '2025-12-14 00:27:41', '2025-12-14 00:27:41'),
(425, 2, 5, '2025-12-18', 220.00, 10, 0, NULL, NULL, NULL, '2025-12-14 00:27:41', '2025-12-14 00:27:41'),
(426, 2, 5, '2025-12-19', 220.00, 10, 0, NULL, NULL, NULL, '2025-12-14 00:27:41', '2025-12-14 00:27:41'),
(427, 2, 5, '2025-12-20', 220.00, 10, 0, NULL, NULL, NULL, '2025-12-14 00:27:41', '2025-12-14 00:27:41'),
(428, 2, 5, '2025-12-21', 220.00, 10, 0, NULL, NULL, NULL, '2025-12-14 00:27:41', '2025-12-14 00:27:41'),
(429, 2, 5, '2025-12-22', 220.00, 10, 0, NULL, NULL, NULL, '2025-12-14 00:27:41', '2025-12-14 00:27:41'),
(430, 2, 5, '2025-12-23', 220.00, 10, 0, NULL, NULL, NULL, '2025-12-14 00:27:41', '2025-12-14 00:27:41'),
(431, 2, 5, '2025-12-24', 220.00, 10, 0, NULL, NULL, NULL, '2025-12-14 00:27:41', '2025-12-14 00:27:41'),
(432, 2, 5, '2025-12-25', 220.00, 10, 0, NULL, NULL, NULL, '2025-12-14 00:27:41', '2025-12-14 00:27:41'),
(433, 2, 5, '2025-12-26', 220.00, 10, 0, NULL, NULL, NULL, '2025-12-14 00:27:41', '2025-12-14 00:27:41'),
(434, 2, 5, '2025-12-27', 220.00, 10, 0, NULL, NULL, NULL, '2025-12-14 00:27:41', '2025-12-14 00:27:41'),
(435, 2, 5, '2025-12-28', 220.00, 10, 0, NULL, NULL, NULL, '2025-12-14 00:27:41', '2025-12-14 00:27:41'),
(436, 2, 5, '2025-12-29', 220.00, 10, 0, NULL, NULL, NULL, '2025-12-14 00:27:41', '2025-12-14 00:27:41'),
(437, 2, 5, '2025-12-30', 220.00, 10, 0, NULL, NULL, NULL, '2025-12-14 00:27:41', '2025-12-14 00:27:41'),
(438, 2, 5, '2025-12-31', 220.00, 10, 0, NULL, NULL, NULL, '2025-12-14 00:27:41', '2025-12-14 00:27:41'),
(439, 2, 5, '2026-01-01', 220.00, 10, 0, NULL, NULL, NULL, '2025-12-14 00:27:41', '2025-12-14 00:27:41'),
(440, 2, 5, '2026-01-02', 220.00, 10, 0, NULL, NULL, NULL, '2025-12-14 00:27:41', '2025-12-14 00:27:41'),
(441, 2, 5, '2026-01-03', 220.00, 10, 0, NULL, NULL, NULL, '2025-12-14 00:27:41', '2025-12-14 00:27:41'),
(442, 2, 5, '2026-01-04', 220.00, 10, 0, NULL, NULL, NULL, '2025-12-14 00:27:41', '2025-12-14 00:27:41'),
(443, 2, 5, '2026-01-05', 220.00, 10, 0, NULL, NULL, NULL, '2025-12-14 00:27:41', '2025-12-14 00:27:41'),
(444, 2, 5, '2026-01-06', 220.00, 10, 0, NULL, NULL, NULL, '2025-12-14 00:27:41', '2025-12-14 00:27:41'),
(445, 2, 5, '2026-01-07', 220.00, 10, 0, NULL, NULL, NULL, '2025-12-14 00:27:41', '2025-12-14 00:27:41'),
(446, 2, 5, '2026-01-08', 220.00, 10, 0, NULL, NULL, NULL, '2025-12-14 00:27:41', '2025-12-14 00:27:41'),
(447, 2, 5, '2026-01-09', 220.00, 10, 0, NULL, NULL, NULL, '2025-12-14 00:27:41', '2025-12-14 00:27:41'),
(448, 2, 5, '2026-01-10', 220.00, 10, 0, NULL, NULL, NULL, '2025-12-14 00:27:41', '2025-12-14 00:27:41'),
(449, 2, 5, '2026-01-11', 220.00, 10, 0, NULL, NULL, NULL, '2025-12-14 00:27:41', '2025-12-14 00:27:41'),
(450, 2, 5, '2026-01-12', 220.00, 10, 0, NULL, NULL, NULL, '2025-12-14 00:27:41', '2025-12-14 00:27:41'),
(451, 2, 6, '2025-12-14', 220.00, 10, 0, NULL, NULL, NULL, '2025-12-14 00:27:41', '2025-12-14 00:27:41'),
(452, 2, 6, '2025-12-15', 220.00, 10, 0, NULL, NULL, NULL, '2025-12-14 00:27:41', '2025-12-14 00:27:41'),
(453, 2, 6, '2025-12-16', 220.00, 10, 0, NULL, NULL, NULL, '2025-12-14 00:27:41', '2025-12-14 00:27:41'),
(454, 2, 6, '2025-12-17', 220.00, 10, 0, NULL, NULL, NULL, '2025-12-14 00:27:41', '2025-12-14 00:27:41'),
(455, 2, 6, '2025-12-18', 220.00, 10, 0, NULL, NULL, NULL, '2025-12-14 00:27:41', '2025-12-14 00:27:41'),
(456, 2, 6, '2025-12-19', 220.00, 10, 0, NULL, NULL, NULL, '2025-12-14 00:27:41', '2025-12-14 00:27:41'),
(457, 2, 6, '2025-12-20', 220.00, 10, 0, NULL, NULL, NULL, '2025-12-14 00:27:41', '2025-12-14 00:27:41'),
(458, 2, 6, '2025-12-21', 220.00, 10, 0, NULL, NULL, NULL, '2025-12-14 00:27:41', '2025-12-14 00:27:41'),
(459, 2, 6, '2025-12-22', 220.00, 10, 0, NULL, NULL, NULL, '2025-12-14 00:27:41', '2025-12-14 00:27:41'),
(460, 2, 6, '2025-12-23', 220.00, 10, 0, NULL, NULL, NULL, '2025-12-14 00:27:41', '2025-12-14 00:27:41'),
(461, 2, 6, '2025-12-24', 220.00, 10, 0, NULL, NULL, NULL, '2025-12-14 00:27:41', '2025-12-14 00:27:41'),
(462, 2, 6, '2025-12-25', 220.00, 10, 0, NULL, NULL, NULL, '2025-12-14 00:27:41', '2025-12-14 00:27:41'),
(463, 2, 6, '2025-12-26', 220.00, 10, 0, NULL, NULL, NULL, '2025-12-14 00:27:41', '2025-12-14 00:27:41'),
(464, 2, 6, '2025-12-27', 220.00, 10, 0, NULL, NULL, NULL, '2025-12-14 00:27:41', '2025-12-14 00:27:41'),
(465, 2, 6, '2025-12-28', 220.00, 10, 0, NULL, NULL, NULL, '2025-12-14 00:27:41', '2025-12-14 00:27:41'),
(466, 2, 6, '2025-12-29', 220.00, 10, 0, NULL, NULL, NULL, '2025-12-14 00:27:41', '2025-12-14 00:27:41'),
(467, 2, 6, '2025-12-30', 220.00, 10, 0, NULL, NULL, NULL, '2025-12-14 00:27:41', '2025-12-14 00:27:41'),
(468, 2, 6, '2025-12-31', 220.00, 10, 0, NULL, NULL, NULL, '2025-12-14 00:27:41', '2025-12-14 00:27:41'),
(469, 2, 6, '2026-01-01', 220.00, 10, 0, NULL, NULL, NULL, '2025-12-14 00:27:41', '2025-12-14 00:27:41'),
(470, 2, 6, '2026-01-02', 220.00, 10, 0, NULL, NULL, NULL, '2025-12-14 00:27:41', '2025-12-14 00:27:41'),
(471, 2, 6, '2026-01-03', 220.00, 10, 0, NULL, NULL, NULL, '2025-12-14 00:27:41', '2025-12-14 00:27:41'),
(472, 2, 6, '2026-01-04', 220.00, 10, 0, NULL, NULL, NULL, '2025-12-14 00:27:41', '2025-12-14 00:27:41'),
(473, 2, 6, '2026-01-05', 220.00, 10, 0, NULL, NULL, NULL, '2025-12-14 00:27:41', '2025-12-14 00:27:41'),
(474, 2, 6, '2026-01-06', 220.00, 10, 0, NULL, NULL, NULL, '2025-12-14 00:27:41', '2025-12-14 00:27:41'),
(475, 2, 6, '2026-01-07', 220.00, 10, 0, NULL, NULL, NULL, '2025-12-14 00:27:41', '2025-12-14 00:27:41'),
(476, 2, 6, '2026-01-08', 220.00, 10, 0, NULL, NULL, NULL, '2025-12-14 00:27:41', '2025-12-14 00:27:41'),
(477, 2, 6, '2026-01-09', 220.00, 10, 0, NULL, NULL, NULL, '2025-12-14 00:27:41', '2025-12-14 00:27:41'),
(478, 2, 6, '2026-01-10', 220.00, 10, 0, NULL, NULL, NULL, '2025-12-14 00:27:41', '2025-12-14 00:27:41'),
(479, 2, 6, '2026-01-11', 220.00, 10, 0, NULL, NULL, NULL, '2025-12-14 00:27:41', '2025-12-14 00:27:41');
INSERT INTO `daily_rates` (`id`, `room_type_id`, `rate_plan_id`, `rate_date`, `price`, `available_rooms`, `stop_sell`, `min_stay`, `max_stay`, `cut_off`, `created_at`, `updated_at`) VALUES
(480, 2, 6, '2026-01-12', 220.00, 10, 0, NULL, NULL, NULL, '2025-12-14 00:27:41', '2025-12-14 00:27:41'),
(481, 2, 7, '2025-12-14', 154.00, 10, 0, NULL, NULL, NULL, '2025-12-14 00:27:41', '2025-12-14 00:27:41'),
(482, 2, 7, '2025-12-15', 154.00, 10, 0, NULL, NULL, NULL, '2025-12-14 00:27:41', '2025-12-14 00:27:41'),
(483, 2, 7, '2025-12-16', 154.00, 10, 0, NULL, NULL, NULL, '2025-12-14 00:27:41', '2025-12-14 00:27:41'),
(484, 2, 7, '2025-12-17', 154.00, 10, 0, NULL, NULL, NULL, '2025-12-14 00:27:41', '2025-12-14 00:27:41'),
(485, 2, 7, '2025-12-18', 154.00, 10, 0, NULL, NULL, NULL, '2025-12-14 00:27:41', '2025-12-14 00:27:41'),
(486, 2, 7, '2025-12-19', 154.00, 10, 0, NULL, NULL, NULL, '2025-12-14 00:27:41', '2025-12-14 00:27:41'),
(487, 2, 7, '2025-12-20', 154.00, 10, 0, NULL, NULL, NULL, '2025-12-14 00:27:41', '2025-12-14 00:27:41'),
(488, 2, 7, '2025-12-21', 154.00, 10, 0, NULL, NULL, NULL, '2025-12-14 00:27:41', '2025-12-14 00:27:41'),
(489, 2, 7, '2025-12-22', 154.00, 10, 0, NULL, NULL, NULL, '2025-12-14 00:27:41', '2025-12-14 00:27:41'),
(490, 2, 7, '2025-12-23', 154.00, 10, 0, NULL, NULL, NULL, '2025-12-14 00:27:41', '2025-12-14 00:27:41'),
(491, 2, 7, '2025-12-24', 154.00, 10, 0, NULL, NULL, NULL, '2025-12-14 00:27:41', '2025-12-14 00:27:41'),
(492, 2, 7, '2025-12-25', 154.00, 10, 0, NULL, NULL, NULL, '2025-12-14 00:27:41', '2025-12-14 00:27:41'),
(493, 2, 7, '2025-12-26', 154.00, 10, 0, NULL, NULL, NULL, '2025-12-14 00:27:41', '2025-12-14 00:27:41'),
(494, 2, 7, '2025-12-27', 154.00, 10, 0, NULL, NULL, NULL, '2025-12-14 00:27:41', '2025-12-14 00:27:41'),
(495, 2, 7, '2025-12-28', 154.00, 10, 0, NULL, NULL, NULL, '2025-12-14 00:27:41', '2025-12-14 00:27:41'),
(496, 2, 7, '2025-12-29', 154.00, 10, 0, NULL, NULL, NULL, '2025-12-14 00:27:41', '2025-12-14 00:27:41'),
(497, 2, 7, '2025-12-30', 154.00, 10, 0, NULL, NULL, NULL, '2025-12-14 00:27:41', '2025-12-14 00:27:41'),
(498, 2, 7, '2025-12-31', 154.00, 10, 0, NULL, NULL, NULL, '2025-12-14 00:27:41', '2025-12-14 00:27:41'),
(499, 2, 7, '2026-01-01', 154.00, 10, 0, NULL, NULL, NULL, '2025-12-14 00:27:41', '2025-12-14 00:27:41'),
(500, 2, 7, '2026-01-02', 154.00, 10, 0, NULL, NULL, NULL, '2025-12-14 00:27:41', '2025-12-14 00:27:41'),
(501, 2, 7, '2026-01-03', 154.00, 10, 0, NULL, NULL, NULL, '2025-12-14 00:27:41', '2025-12-14 00:27:41'),
(502, 2, 7, '2026-01-04', 154.00, 10, 0, NULL, NULL, NULL, '2025-12-14 00:27:41', '2025-12-14 00:27:41'),
(503, 2, 7, '2026-01-05', 154.00, 10, 0, NULL, NULL, NULL, '2025-12-14 00:27:41', '2025-12-14 00:27:41'),
(504, 2, 7, '2026-01-06', 154.00, 10, 0, NULL, NULL, NULL, '2025-12-14 00:27:41', '2025-12-14 00:27:41'),
(505, 2, 7, '2026-01-07', 154.00, 10, 0, NULL, NULL, NULL, '2025-12-14 00:27:41', '2025-12-14 00:27:41'),
(506, 2, 7, '2026-01-08', 154.00, 10, 0, NULL, NULL, NULL, '2025-12-14 00:27:41', '2025-12-14 00:27:41'),
(507, 2, 7, '2026-01-09', 154.00, 10, 0, NULL, NULL, NULL, '2025-12-14 00:27:41', '2025-12-14 00:27:41'),
(508, 2, 7, '2026-01-10', 154.00, 10, 0, NULL, NULL, NULL, '2025-12-14 00:27:41', '2025-12-14 00:27:41'),
(509, 2, 7, '2026-01-11', 154.00, 10, 0, NULL, NULL, NULL, '2025-12-14 00:27:41', '2025-12-14 00:27:41'),
(510, 2, 7, '2026-01-12', 154.00, 10, 0, NULL, NULL, NULL, '2025-12-14 00:27:41', '2025-12-14 00:27:41'),
(511, 2, 8, '2025-12-14', 154.00, 10, 0, NULL, NULL, NULL, '2025-12-14 00:27:41', '2025-12-14 00:27:41'),
(512, 2, 8, '2025-12-15', 154.00, 10, 0, NULL, NULL, NULL, '2025-12-14 00:27:41', '2025-12-14 00:27:41'),
(513, 2, 8, '2025-12-16', 154.00, 10, 0, NULL, NULL, NULL, '2025-12-14 00:27:41', '2025-12-14 00:27:41'),
(514, 2, 8, '2025-12-17', 154.00, 10, 0, NULL, NULL, NULL, '2025-12-14 00:27:41', '2025-12-14 00:27:41'),
(515, 2, 8, '2025-12-18', 154.00, 10, 0, NULL, NULL, NULL, '2025-12-14 00:27:41', '2025-12-14 00:27:41'),
(516, 2, 8, '2025-12-19', 154.00, 10, 0, NULL, NULL, NULL, '2025-12-14 00:27:41', '2025-12-14 00:27:41'),
(517, 2, 8, '2025-12-20', 154.00, 10, 0, NULL, NULL, NULL, '2025-12-14 00:27:41', '2025-12-14 00:27:41'),
(518, 2, 8, '2025-12-21', 154.00, 10, 0, NULL, NULL, NULL, '2025-12-14 00:27:41', '2025-12-14 00:27:41'),
(519, 2, 8, '2025-12-22', 154.00, 10, 0, NULL, NULL, NULL, '2025-12-14 00:27:41', '2025-12-14 00:27:41'),
(520, 2, 8, '2025-12-23', 154.00, 10, 0, NULL, NULL, NULL, '2025-12-14 00:27:41', '2025-12-14 00:27:41'),
(521, 2, 8, '2025-12-24', 154.00, 10, 0, NULL, NULL, NULL, '2025-12-14 00:27:41', '2025-12-14 00:27:41'),
(522, 2, 8, '2025-12-25', 154.00, 10, 0, NULL, NULL, NULL, '2025-12-14 00:27:41', '2025-12-14 00:27:41'),
(523, 2, 8, '2025-12-26', 154.00, 10, 0, NULL, NULL, NULL, '2025-12-14 00:27:41', '2025-12-14 00:27:41'),
(524, 2, 8, '2025-12-27', 154.00, 10, 0, NULL, NULL, NULL, '2025-12-14 00:27:41', '2025-12-14 00:27:41'),
(525, 2, 8, '2025-12-28', 154.00, 10, 0, NULL, NULL, NULL, '2025-12-14 00:27:41', '2025-12-14 00:27:41'),
(526, 2, 8, '2025-12-29', 154.00, 10, 0, NULL, NULL, NULL, '2025-12-14 00:27:41', '2025-12-14 00:27:41'),
(527, 2, 8, '2025-12-30', 154.00, 10, 0, NULL, NULL, NULL, '2025-12-14 00:27:41', '2025-12-14 00:27:41'),
(528, 2, 8, '2025-12-31', 154.00, 10, 0, NULL, NULL, NULL, '2025-12-14 00:27:41', '2025-12-14 00:27:41'),
(529, 2, 8, '2026-01-01', 154.00, 10, 0, NULL, NULL, NULL, '2025-12-14 00:27:41', '2025-12-14 00:27:41'),
(530, 2, 8, '2026-01-02', 154.00, 10, 0, NULL, NULL, NULL, '2025-12-14 00:27:41', '2025-12-14 00:27:41'),
(531, 2, 8, '2026-01-03', 154.00, 10, 0, NULL, NULL, NULL, '2025-12-14 00:27:41', '2025-12-14 00:27:41'),
(532, 2, 8, '2026-01-04', 154.00, 10, 0, NULL, NULL, NULL, '2025-12-14 00:27:41', '2025-12-14 00:27:41'),
(533, 2, 8, '2026-01-05', 154.00, 10, 0, NULL, NULL, NULL, '2025-12-14 00:27:41', '2025-12-14 00:27:41'),
(534, 2, 8, '2026-01-06', 154.00, 10, 0, NULL, NULL, NULL, '2025-12-14 00:27:41', '2025-12-14 00:27:41'),
(535, 2, 8, '2026-01-07', 154.00, 10, 0, NULL, NULL, NULL, '2025-12-14 00:27:41', '2025-12-14 00:27:41'),
(536, 2, 8, '2026-01-08', 154.00, 10, 0, NULL, NULL, NULL, '2025-12-14 00:27:41', '2025-12-14 00:27:41'),
(537, 2, 8, '2026-01-09', 154.00, 10, 0, NULL, NULL, NULL, '2025-12-14 00:27:41', '2025-12-14 00:27:41'),
(538, 2, 8, '2026-01-10', 154.00, 10, 0, NULL, NULL, NULL, '2025-12-14 00:27:41', '2025-12-14 00:27:41'),
(539, 2, 8, '2026-01-11', 154.00, 10, 0, NULL, NULL, NULL, '2025-12-14 00:27:41', '2025-12-14 00:27:41'),
(540, 2, 8, '2026-01-12', 154.00, 10, 0, NULL, NULL, NULL, '2025-12-14 00:27:41', '2025-12-14 00:27:41'),
(541, 2, 9, '2025-12-14', 165.00, 10, 0, NULL, NULL, NULL, '2025-12-14 00:27:41', '2025-12-14 00:27:41'),
(542, 2, 9, '2025-12-15', 165.00, 10, 0, NULL, NULL, NULL, '2025-12-14 00:27:41', '2025-12-14 00:27:41'),
(543, 2, 9, '2025-12-16', 165.00, 10, 0, NULL, NULL, NULL, '2025-12-14 00:27:41', '2025-12-14 00:27:41'),
(544, 2, 9, '2025-12-17', 165.00, 10, 0, NULL, NULL, NULL, '2025-12-14 00:27:41', '2025-12-14 00:27:41'),
(545, 2, 9, '2025-12-18', 165.00, 10, 0, NULL, NULL, NULL, '2025-12-14 00:27:41', '2025-12-14 00:27:41'),
(546, 2, 9, '2025-12-19', 165.00, 10, 0, NULL, NULL, NULL, '2025-12-14 00:27:41', '2025-12-14 00:27:41'),
(547, 2, 9, '2025-12-20', 165.00, 10, 0, NULL, NULL, NULL, '2025-12-14 00:27:41', '2025-12-14 00:27:41'),
(548, 2, 9, '2025-12-21', 165.00, 10, 0, NULL, NULL, NULL, '2025-12-14 00:27:41', '2025-12-14 00:27:41'),
(549, 2, 9, '2025-12-22', 165.00, 10, 0, NULL, NULL, NULL, '2025-12-14 00:27:41', '2025-12-14 00:27:41'),
(550, 2, 9, '2025-12-23', 165.00, 10, 0, NULL, NULL, NULL, '2025-12-14 00:27:41', '2025-12-14 00:27:41'),
(551, 2, 9, '2025-12-24', 165.00, 10, 0, NULL, NULL, NULL, '2025-12-14 00:27:41', '2025-12-14 00:27:41'),
(552, 2, 9, '2025-12-25', 165.00, 10, 0, NULL, NULL, NULL, '2025-12-14 00:27:41', '2025-12-14 00:27:41'),
(553, 2, 9, '2025-12-26', 165.00, 10, 0, NULL, NULL, NULL, '2025-12-14 00:27:41', '2025-12-14 00:27:41'),
(554, 2, 9, '2025-12-27', 165.00, 10, 0, NULL, NULL, NULL, '2025-12-14 00:27:41', '2025-12-14 00:27:41'),
(555, 2, 9, '2025-12-28', 165.00, 10, 0, NULL, NULL, NULL, '2025-12-14 00:27:41', '2025-12-14 00:27:41'),
(556, 2, 9, '2025-12-29', 165.00, 10, 0, NULL, NULL, NULL, '2025-12-14 00:27:41', '2025-12-14 00:27:41'),
(557, 2, 9, '2025-12-30', 165.00, 10, 0, NULL, NULL, NULL, '2025-12-14 00:27:41', '2025-12-14 00:27:41'),
(558, 2, 9, '2025-12-31', 165.00, 10, 0, NULL, NULL, NULL, '2025-12-14 00:27:41', '2025-12-14 00:27:41'),
(559, 2, 9, '2026-01-01', 165.00, 10, 0, NULL, NULL, NULL, '2025-12-14 00:27:41', '2025-12-14 00:27:41'),
(560, 2, 9, '2026-01-02', 165.00, 10, 0, NULL, NULL, NULL, '2025-12-14 00:27:41', '2025-12-14 00:27:41'),
(561, 2, 9, '2026-01-03', 165.00, 10, 0, NULL, NULL, NULL, '2025-12-14 00:27:41', '2025-12-14 00:27:41'),
(562, 2, 9, '2026-01-04', 165.00, 10, 0, NULL, NULL, NULL, '2025-12-14 00:27:41', '2025-12-14 00:27:41'),
(563, 2, 9, '2026-01-05', 165.00, 10, 0, NULL, NULL, NULL, '2025-12-14 00:27:41', '2025-12-14 00:27:41'),
(564, 2, 9, '2026-01-06', 165.00, 10, 0, NULL, NULL, NULL, '2025-12-14 00:27:41', '2025-12-14 00:27:41'),
(565, 2, 9, '2026-01-07', 165.00, 10, 0, NULL, NULL, NULL, '2025-12-14 00:27:41', '2025-12-14 00:27:41'),
(566, 2, 9, '2026-01-08', 165.00, 10, 0, NULL, NULL, NULL, '2025-12-14 00:27:41', '2025-12-14 00:27:41'),
(567, 2, 9, '2026-01-09', 165.00, 10, 0, NULL, NULL, NULL, '2025-12-14 00:27:41', '2025-12-14 00:27:41'),
(568, 2, 9, '2026-01-10', 165.00, 10, 0, NULL, NULL, NULL, '2025-12-14 00:27:41', '2025-12-14 00:27:41'),
(569, 2, 9, '2026-01-11', 165.00, 10, 0, NULL, NULL, NULL, '2025-12-14 00:27:41', '2025-12-14 00:27:41'),
(570, 2, 9, '2026-01-12', 165.00, 10, 0, NULL, NULL, NULL, '2025-12-14 00:27:41', '2025-12-14 00:27:41'),
(571, 2, 10, '2025-12-14', 187.00, 10, 0, NULL, NULL, NULL, '2025-12-14 00:27:41', '2025-12-14 00:27:41'),
(572, 2, 10, '2025-12-15', 187.00, 10, 0, NULL, NULL, NULL, '2025-12-14 00:27:41', '2025-12-14 00:27:41'),
(573, 2, 10, '2025-12-16', 187.00, 10, 0, NULL, NULL, NULL, '2025-12-14 00:27:41', '2025-12-14 00:27:41'),
(574, 2, 10, '2025-12-17', 187.00, 10, 0, NULL, NULL, NULL, '2025-12-14 00:27:41', '2025-12-14 00:27:41'),
(575, 2, 10, '2025-12-18', 187.00, 10, 0, NULL, NULL, NULL, '2025-12-14 00:27:41', '2025-12-14 00:27:41'),
(576, 2, 10, '2025-12-19', 187.00, 10, 0, NULL, NULL, NULL, '2025-12-14 00:27:41', '2025-12-14 00:27:41'),
(577, 2, 10, '2025-12-20', 187.00, 10, 0, NULL, NULL, NULL, '2025-12-14 00:27:41', '2025-12-14 00:27:41'),
(578, 2, 10, '2025-12-21', 187.00, 10, 0, NULL, NULL, NULL, '2025-12-14 00:27:41', '2025-12-14 00:27:41'),
(579, 2, 10, '2025-12-22', 187.00, 10, 0, NULL, NULL, NULL, '2025-12-14 00:27:41', '2025-12-14 00:27:41'),
(580, 2, 10, '2025-12-23', 187.00, 10, 0, NULL, NULL, NULL, '2025-12-14 00:27:41', '2025-12-14 00:27:41'),
(581, 2, 10, '2025-12-24', 187.00, 10, 0, NULL, NULL, NULL, '2025-12-14 00:27:41', '2025-12-14 00:27:41'),
(582, 2, 10, '2025-12-25', 187.00, 10, 0, NULL, NULL, NULL, '2025-12-14 00:27:41', '2025-12-14 00:27:41'),
(583, 2, 10, '2025-12-26', 187.00, 10, 0, NULL, NULL, NULL, '2025-12-14 00:27:41', '2025-12-14 00:27:41'),
(584, 2, 10, '2025-12-27', 187.00, 10, 0, NULL, NULL, NULL, '2025-12-14 00:27:41', '2025-12-14 00:27:41'),
(585, 2, 10, '2025-12-28', 187.00, 10, 0, NULL, NULL, NULL, '2025-12-14 00:27:41', '2025-12-14 00:27:41'),
(586, 2, 10, '2025-12-29', 187.00, 10, 0, NULL, NULL, NULL, '2025-12-14 00:27:41', '2025-12-14 00:27:41'),
(587, 2, 10, '2025-12-30', 187.00, 10, 0, NULL, NULL, NULL, '2025-12-14 00:27:41', '2025-12-14 00:27:41'),
(588, 2, 10, '2025-12-31', 187.00, 10, 0, NULL, NULL, NULL, '2025-12-14 00:27:41', '2025-12-14 00:27:41'),
(589, 2, 10, '2026-01-01', 187.00, 10, 0, NULL, NULL, NULL, '2025-12-14 00:27:41', '2025-12-14 00:27:41'),
(590, 2, 10, '2026-01-02', 187.00, 10, 0, NULL, NULL, NULL, '2025-12-14 00:27:41', '2025-12-14 00:27:41'),
(591, 2, 10, '2026-01-03', 187.00, 10, 0, NULL, NULL, NULL, '2025-12-14 00:27:41', '2025-12-14 00:27:41'),
(592, 2, 10, '2026-01-04', 187.00, 10, 0, NULL, NULL, NULL, '2025-12-14 00:27:41', '2025-12-14 00:27:41'),
(593, 2, 10, '2026-01-05', 187.00, 10, 0, NULL, NULL, NULL, '2025-12-14 00:27:41', '2025-12-14 00:27:41'),
(594, 2, 10, '2026-01-06', 187.00, 10, 0, NULL, NULL, NULL, '2025-12-14 00:27:41', '2025-12-14 00:27:41'),
(595, 2, 10, '2026-01-07', 187.00, 10, 0, NULL, NULL, NULL, '2025-12-14 00:27:41', '2025-12-14 00:27:41'),
(596, 2, 10, '2026-01-08', 187.00, 10, 0, NULL, NULL, NULL, '2025-12-14 00:27:41', '2025-12-14 00:27:41'),
(597, 2, 10, '2026-01-09', 187.00, 10, 0, NULL, NULL, NULL, '2025-12-14 00:27:41', '2025-12-14 00:27:41'),
(598, 2, 10, '2026-01-10', 187.00, 10, 0, NULL, NULL, NULL, '2025-12-14 00:27:41', '2025-12-14 00:27:41'),
(599, 2, 10, '2026-01-11', 187.00, 10, 0, NULL, NULL, NULL, '2025-12-14 00:27:41', '2025-12-14 00:27:41'),
(600, 2, 10, '2026-01-12', 187.00, 10, 0, NULL, NULL, NULL, '2025-12-14 00:27:41', '2025-12-14 00:27:41'),
(601, 3, 1, '2025-12-14', 300.00, 10, 0, NULL, NULL, NULL, '2025-12-14 00:27:41', '2025-12-14 00:27:41'),
(602, 3, 1, '2025-12-15', 300.00, 10, 0, NULL, NULL, NULL, '2025-12-14 00:27:41', '2025-12-14 00:27:41'),
(603, 3, 1, '2025-12-16', 300.00, 10, 0, NULL, NULL, NULL, '2025-12-14 00:27:41', '2025-12-14 00:27:41'),
(604, 3, 1, '2025-12-17', 300.00, 10, 0, NULL, NULL, NULL, '2025-12-14 00:27:41', '2025-12-14 00:27:41'),
(605, 3, 1, '2025-12-18', 300.00, 10, 0, NULL, NULL, NULL, '2025-12-14 00:27:41', '2025-12-14 00:27:41'),
(606, 3, 1, '2025-12-19', 300.00, 10, 0, NULL, NULL, NULL, '2025-12-14 00:27:41', '2025-12-14 00:27:41'),
(607, 3, 1, '2025-12-20', 300.00, 10, 0, NULL, NULL, NULL, '2025-12-14 00:27:41', '2025-12-14 00:27:41'),
(608, 3, 1, '2025-12-21', 300.00, 10, 0, NULL, NULL, NULL, '2025-12-14 00:27:41', '2025-12-14 00:27:41'),
(609, 3, 1, '2025-12-22', 300.00, 10, 0, NULL, NULL, NULL, '2025-12-14 00:27:41', '2025-12-14 00:27:41'),
(610, 3, 1, '2025-12-23', 300.00, 10, 0, NULL, NULL, NULL, '2025-12-14 00:27:41', '2025-12-14 00:27:41'),
(611, 3, 1, '2025-12-24', 300.00, 10, 0, NULL, NULL, NULL, '2025-12-14 00:27:41', '2025-12-14 00:27:41'),
(612, 3, 1, '2025-12-25', 300.00, 10, 0, NULL, NULL, NULL, '2025-12-14 00:27:41', '2025-12-14 00:27:41'),
(613, 3, 1, '2025-12-26', 300.00, 10, 0, NULL, NULL, NULL, '2025-12-14 00:27:41', '2025-12-14 00:27:41'),
(614, 3, 1, '2025-12-27', 300.00, 10, 0, NULL, NULL, NULL, '2025-12-14 00:27:41', '2025-12-14 00:27:41'),
(615, 3, 1, '2025-12-28', 300.00, 10, 0, NULL, NULL, NULL, '2025-12-14 00:27:41', '2025-12-14 00:27:41'),
(616, 3, 1, '2025-12-29', 300.00, 10, 0, NULL, NULL, NULL, '2025-12-14 00:27:41', '2025-12-14 00:27:41'),
(617, 3, 1, '2025-12-30', 300.00, 10, 0, NULL, NULL, NULL, '2025-12-14 00:27:41', '2025-12-14 00:27:41'),
(618, 3, 1, '2025-12-31', 300.00, 10, 0, NULL, NULL, NULL, '2025-12-14 00:27:41', '2025-12-14 00:27:41'),
(619, 3, 1, '2026-01-01', 300.00, 10, 0, NULL, NULL, NULL, '2025-12-14 00:27:41', '2025-12-14 00:27:41'),
(620, 3, 1, '2026-01-02', 300.00, 10, 0, NULL, NULL, NULL, '2025-12-14 00:27:41', '2025-12-14 00:27:41'),
(621, 3, 1, '2026-01-03', 300.00, 10, 0, NULL, NULL, NULL, '2025-12-14 00:27:41', '2025-12-14 00:27:41'),
(622, 3, 1, '2026-01-04', 300.00, 10, 0, NULL, NULL, NULL, '2025-12-14 00:27:41', '2025-12-14 00:27:41'),
(623, 3, 1, '2026-01-05', 300.00, 10, 0, NULL, NULL, NULL, '2025-12-14 00:27:41', '2025-12-14 00:27:41'),
(624, 3, 1, '2026-01-06', 300.00, 10, 0, NULL, NULL, NULL, '2025-12-14 00:27:41', '2025-12-14 00:27:41'),
(625, 3, 1, '2026-01-07', 300.00, 10, 0, NULL, NULL, NULL, '2025-12-14 00:27:41', '2025-12-14 00:27:41'),
(626, 3, 1, '2026-01-08', 300.00, 10, 0, NULL, NULL, NULL, '2025-12-14 00:27:41', '2025-12-14 00:27:41'),
(627, 3, 1, '2026-01-09', 300.00, 10, 0, NULL, NULL, NULL, '2025-12-14 00:27:41', '2025-12-14 00:27:41'),
(628, 3, 1, '2026-01-10', 300.00, 10, 0, NULL, NULL, NULL, '2025-12-14 00:27:41', '2025-12-14 00:27:41'),
(629, 3, 1, '2026-01-11', 300.00, 10, 0, NULL, NULL, NULL, '2025-12-14 00:27:41', '2025-12-14 00:27:41'),
(630, 3, 1, '2026-01-12', 300.00, 10, 0, NULL, NULL, NULL, '2025-12-14 00:27:41', '2025-12-14 00:27:41'),
(631, 3, 2, '2025-12-14', 300.00, 10, 0, NULL, NULL, NULL, '2025-12-14 00:27:41', '2025-12-14 00:27:41'),
(632, 3, 2, '2025-12-15', 300.00, 10, 0, NULL, NULL, NULL, '2025-12-14 00:27:41', '2025-12-14 00:27:41'),
(633, 3, 2, '2025-12-16', 300.00, 10, 0, NULL, NULL, NULL, '2025-12-14 00:27:41', '2025-12-14 00:27:41'),
(634, 3, 2, '2025-12-17', 300.00, 10, 0, NULL, NULL, NULL, '2025-12-14 00:27:41', '2025-12-14 00:27:41'),
(635, 3, 2, '2025-12-18', 300.00, 10, 0, NULL, NULL, NULL, '2025-12-14 00:27:41', '2025-12-14 00:27:41'),
(636, 3, 2, '2025-12-19', 300.00, 10, 0, NULL, NULL, NULL, '2025-12-14 00:27:41', '2025-12-14 00:27:41'),
(637, 3, 2, '2025-12-20', 300.00, 10, 0, NULL, NULL, NULL, '2025-12-14 00:27:41', '2025-12-14 00:27:41'),
(638, 3, 2, '2025-12-21', 300.00, 10, 0, NULL, NULL, NULL, '2025-12-14 00:27:41', '2025-12-14 00:27:41'),
(639, 3, 2, '2025-12-22', 300.00, 10, 0, NULL, NULL, NULL, '2025-12-14 00:27:41', '2025-12-14 00:27:41'),
(640, 3, 2, '2025-12-23', 300.00, 10, 0, NULL, NULL, NULL, '2025-12-14 00:27:41', '2025-12-14 00:27:41'),
(641, 3, 2, '2025-12-24', 300.00, 10, 0, NULL, NULL, NULL, '2025-12-14 00:27:41', '2025-12-14 00:27:41'),
(642, 3, 2, '2025-12-25', 300.00, 10, 0, NULL, NULL, NULL, '2025-12-14 00:27:41', '2025-12-14 00:27:41'),
(643, 3, 2, '2025-12-26', 300.00, 10, 0, NULL, NULL, NULL, '2025-12-14 00:27:41', '2025-12-14 00:27:41'),
(644, 3, 2, '2025-12-27', 300.00, 10, 0, NULL, NULL, NULL, '2025-12-14 00:27:41', '2025-12-14 00:27:41'),
(645, 3, 2, '2025-12-28', 300.00, 10, 0, NULL, NULL, NULL, '2025-12-14 00:27:41', '2025-12-14 00:27:41'),
(646, 3, 2, '2025-12-29', 300.00, 10, 0, NULL, NULL, NULL, '2025-12-14 00:27:41', '2025-12-14 00:27:41'),
(647, 3, 2, '2025-12-30', 300.00, 10, 0, NULL, NULL, NULL, '2025-12-14 00:27:41', '2025-12-14 00:27:41'),
(648, 3, 2, '2025-12-31', 300.00, 10, 0, NULL, NULL, NULL, '2025-12-14 00:27:41', '2025-12-14 00:27:41'),
(649, 3, 2, '2026-01-01', 300.00, 10, 0, NULL, NULL, NULL, '2025-12-14 00:27:41', '2025-12-14 00:27:41'),
(650, 3, 2, '2026-01-02', 300.00, 10, 0, NULL, NULL, NULL, '2025-12-14 00:27:41', '2025-12-14 00:27:41'),
(651, 3, 2, '2026-01-03', 300.00, 10, 0, NULL, NULL, NULL, '2025-12-14 00:27:41', '2025-12-14 00:27:41'),
(652, 3, 2, '2026-01-04', 300.00, 10, 0, NULL, NULL, NULL, '2025-12-14 00:27:41', '2025-12-14 00:27:41'),
(653, 3, 2, '2026-01-05', 300.00, 10, 0, NULL, NULL, NULL, '2025-12-14 00:27:41', '2025-12-14 00:27:41'),
(654, 3, 2, '2026-01-06', 300.00, 10, 0, NULL, NULL, NULL, '2025-12-14 00:27:41', '2025-12-14 00:27:41'),
(655, 3, 2, '2026-01-07', 300.00, 10, 0, NULL, NULL, NULL, '2025-12-14 00:27:41', '2025-12-14 00:27:41'),
(656, 3, 2, '2026-01-08', 300.00, 10, 0, NULL, NULL, NULL, '2025-12-14 00:27:41', '2025-12-14 00:27:41'),
(657, 3, 2, '2026-01-09', 300.00, 10, 0, NULL, NULL, NULL, '2025-12-14 00:27:41', '2025-12-14 00:27:41'),
(658, 3, 2, '2026-01-10', 300.00, 10, 0, NULL, NULL, NULL, '2025-12-14 00:27:41', '2025-12-14 00:27:41'),
(659, 3, 2, '2026-01-11', 300.00, 10, 0, NULL, NULL, NULL, '2025-12-14 00:27:41', '2025-12-14 00:27:41'),
(660, 3, 2, '2026-01-12', 300.00, 10, 0, NULL, NULL, NULL, '2025-12-14 00:27:41', '2025-12-14 00:27:41'),
(661, 3, 3, '2025-12-14', 240.00, 10, 0, NULL, NULL, NULL, '2025-12-14 00:27:41', '2025-12-14 00:27:41'),
(662, 3, 3, '2025-12-15', 240.00, 10, 0, NULL, NULL, NULL, '2025-12-14 00:27:41', '2025-12-14 00:27:41'),
(663, 3, 3, '2025-12-16', 240.00, 10, 0, NULL, NULL, NULL, '2025-12-14 00:27:41', '2025-12-14 00:27:41'),
(664, 3, 3, '2025-12-17', 240.00, 10, 0, NULL, NULL, NULL, '2025-12-14 00:27:41', '2025-12-14 00:27:41'),
(665, 3, 3, '2025-12-18', 240.00, 10, 0, NULL, NULL, NULL, '2025-12-14 00:27:41', '2025-12-14 00:27:41'),
(666, 3, 3, '2025-12-19', 240.00, 10, 0, NULL, NULL, NULL, '2025-12-14 00:27:41', '2025-12-14 00:27:41'),
(667, 3, 3, '2025-12-20', 240.00, 10, 0, NULL, NULL, NULL, '2025-12-14 00:27:41', '2025-12-14 00:27:41'),
(668, 3, 3, '2025-12-21', 240.00, 10, 0, NULL, NULL, NULL, '2025-12-14 00:27:41', '2025-12-14 00:27:41'),
(669, 3, 3, '2025-12-22', 240.00, 10, 0, NULL, NULL, NULL, '2025-12-14 00:27:41', '2025-12-14 00:27:41'),
(670, 3, 3, '2025-12-23', 240.00, 10, 0, NULL, NULL, NULL, '2025-12-14 00:27:41', '2025-12-14 00:27:41'),
(671, 3, 3, '2025-12-24', 240.00, 10, 0, NULL, NULL, NULL, '2025-12-14 00:27:41', '2025-12-14 00:27:41'),
(672, 3, 3, '2025-12-25', 240.00, 10, 0, NULL, NULL, NULL, '2025-12-14 00:27:41', '2025-12-14 00:27:41'),
(673, 3, 3, '2025-12-26', 240.00, 10, 0, NULL, NULL, NULL, '2025-12-14 00:27:41', '2025-12-14 00:27:41'),
(674, 3, 3, '2025-12-27', 240.00, 10, 0, NULL, NULL, NULL, '2025-12-14 00:27:41', '2025-12-14 00:27:41'),
(675, 3, 3, '2025-12-28', 240.00, 10, 0, NULL, NULL, NULL, '2025-12-14 00:27:41', '2025-12-14 00:27:41'),
(676, 3, 3, '2025-12-29', 240.00, 10, 0, NULL, NULL, NULL, '2025-12-14 00:27:41', '2025-12-14 00:27:41'),
(677, 3, 3, '2025-12-30', 240.00, 10, 0, NULL, NULL, NULL, '2025-12-14 00:27:41', '2025-12-14 00:27:41'),
(678, 3, 3, '2025-12-31', 240.00, 10, 0, NULL, NULL, NULL, '2025-12-14 00:27:41', '2025-12-14 00:27:41'),
(679, 3, 3, '2026-01-01', 240.00, 10, 0, NULL, NULL, NULL, '2025-12-14 00:27:41', '2025-12-14 00:27:41'),
(680, 3, 3, '2026-01-02', 240.00, 10, 0, NULL, NULL, NULL, '2025-12-14 00:27:41', '2025-12-14 00:27:41'),
(681, 3, 3, '2026-01-03', 240.00, 10, 0, NULL, NULL, NULL, '2025-12-14 00:27:41', '2025-12-14 00:27:41'),
(682, 3, 3, '2026-01-04', 240.00, 10, 0, NULL, NULL, NULL, '2025-12-14 00:27:41', '2025-12-14 00:27:41'),
(683, 3, 3, '2026-01-05', 240.00, 10, 0, NULL, NULL, NULL, '2025-12-14 00:27:41', '2025-12-14 00:27:41'),
(684, 3, 3, '2026-01-06', 240.00, 10, 0, NULL, NULL, NULL, '2025-12-14 00:27:41', '2025-12-14 00:27:41'),
(685, 3, 3, '2026-01-07', 240.00, 10, 0, NULL, NULL, NULL, '2025-12-14 00:27:41', '2025-12-14 00:27:41'),
(686, 3, 3, '2026-01-08', 240.00, 10, 0, NULL, NULL, NULL, '2025-12-14 00:27:41', '2025-12-14 00:27:41'),
(687, 3, 3, '2026-01-09', 240.00, 10, 0, NULL, NULL, NULL, '2025-12-14 00:27:41', '2025-12-14 00:27:41'),
(688, 3, 3, '2026-01-10', 240.00, 10, 0, NULL, NULL, NULL, '2025-12-14 00:27:41', '2025-12-14 00:27:41'),
(689, 3, 3, '2026-01-11', 240.00, 10, 0, NULL, NULL, NULL, '2025-12-14 00:27:41', '2025-12-14 00:27:41'),
(690, 3, 3, '2026-01-12', 240.00, 10, 0, NULL, NULL, NULL, '2025-12-14 00:27:41', '2025-12-14 00:27:41'),
(691, 3, 4, '2025-12-14', 240.00, 10, 0, NULL, NULL, NULL, '2025-12-14 00:27:41', '2025-12-14 00:27:41'),
(692, 3, 4, '2025-12-15', 240.00, 10, 0, NULL, NULL, NULL, '2025-12-14 00:27:41', '2025-12-14 00:27:41'),
(693, 3, 4, '2025-12-16', 240.00, 10, 0, NULL, NULL, NULL, '2025-12-14 00:27:41', '2025-12-14 00:27:41'),
(694, 3, 4, '2025-12-17', 240.00, 10, 0, NULL, NULL, NULL, '2025-12-14 00:27:41', '2025-12-14 00:27:41'),
(695, 3, 4, '2025-12-18', 240.00, 10, 0, NULL, NULL, NULL, '2025-12-14 00:27:41', '2025-12-14 00:27:41'),
(696, 3, 4, '2025-12-19', 240.00, 10, 0, NULL, NULL, NULL, '2025-12-14 00:27:41', '2025-12-14 00:27:41'),
(697, 3, 4, '2025-12-20', 240.00, 10, 0, NULL, NULL, NULL, '2025-12-14 00:27:41', '2025-12-14 00:27:41'),
(698, 3, 4, '2025-12-21', 240.00, 10, 0, NULL, NULL, NULL, '2025-12-14 00:27:41', '2025-12-14 00:27:41'),
(699, 3, 4, '2025-12-22', 240.00, 10, 0, NULL, NULL, NULL, '2025-12-14 00:27:41', '2025-12-14 00:27:41'),
(700, 3, 4, '2025-12-23', 240.00, 10, 0, NULL, NULL, NULL, '2025-12-14 00:27:41', '2025-12-14 00:27:41'),
(701, 3, 4, '2025-12-24', 240.00, 10, 0, NULL, NULL, NULL, '2025-12-14 00:27:41', '2025-12-14 00:27:41'),
(702, 3, 4, '2025-12-25', 240.00, 10, 0, NULL, NULL, NULL, '2025-12-14 00:27:41', '2025-12-14 00:27:41'),
(703, 3, 4, '2025-12-26', 240.00, 10, 0, NULL, NULL, NULL, '2025-12-14 00:27:41', '2025-12-14 00:27:41'),
(704, 3, 4, '2025-12-27', 240.00, 10, 0, NULL, NULL, NULL, '2025-12-14 00:27:41', '2025-12-14 00:27:41'),
(705, 3, 4, '2025-12-28', 240.00, 10, 0, NULL, NULL, NULL, '2025-12-14 00:27:41', '2025-12-14 00:27:41'),
(706, 3, 4, '2025-12-29', 240.00, 10, 0, NULL, NULL, NULL, '2025-12-14 00:27:41', '2025-12-14 00:27:41'),
(707, 3, 4, '2025-12-30', 240.00, 10, 0, NULL, NULL, NULL, '2025-12-14 00:27:41', '2025-12-14 00:27:41'),
(708, 3, 4, '2025-12-31', 240.00, 10, 0, NULL, NULL, NULL, '2025-12-14 00:27:41', '2025-12-14 00:27:41'),
(709, 3, 4, '2026-01-01', 240.00, 10, 0, NULL, NULL, NULL, '2025-12-14 00:27:41', '2025-12-14 00:27:41'),
(710, 3, 4, '2026-01-02', 240.00, 10, 0, NULL, NULL, NULL, '2025-12-14 00:27:41', '2025-12-14 00:27:41'),
(711, 3, 4, '2026-01-03', 240.00, 10, 0, NULL, NULL, NULL, '2025-12-14 00:27:41', '2025-12-14 00:27:41'),
(712, 3, 4, '2026-01-04', 240.00, 10, 0, NULL, NULL, NULL, '2025-12-14 00:27:41', '2025-12-14 00:27:41'),
(713, 3, 4, '2026-01-05', 240.00, 10, 0, NULL, NULL, NULL, '2025-12-14 00:27:41', '2025-12-14 00:27:41'),
(714, 3, 4, '2026-01-06', 240.00, 10, 0, NULL, NULL, NULL, '2025-12-14 00:27:41', '2025-12-14 00:27:41'),
(715, 3, 4, '2026-01-07', 240.00, 10, 0, NULL, NULL, NULL, '2025-12-14 00:27:41', '2025-12-14 00:27:41'),
(716, 3, 4, '2026-01-08', 240.00, 10, 0, NULL, NULL, NULL, '2025-12-14 00:27:41', '2025-12-14 00:27:41'),
(717, 3, 4, '2026-01-09', 240.00, 10, 0, NULL, NULL, NULL, '2025-12-14 00:27:41', '2025-12-14 00:27:41'),
(718, 3, 4, '2026-01-10', 240.00, 10, 0, NULL, NULL, NULL, '2025-12-14 00:27:41', '2025-12-14 00:27:41'),
(719, 3, 4, '2026-01-11', 240.00, 10, 0, NULL, NULL, NULL, '2025-12-14 00:27:41', '2025-12-14 00:27:41'),
(720, 3, 4, '2026-01-12', 240.00, 10, 0, NULL, NULL, NULL, '2025-12-14 00:27:41', '2025-12-14 00:27:41'),
(721, 3, 5, '2025-12-14', 300.00, 10, 0, NULL, NULL, NULL, '2025-12-14 00:27:41', '2025-12-14 00:27:41'),
(722, 3, 5, '2025-12-15', 300.00, 10, 0, NULL, NULL, NULL, '2025-12-14 00:27:41', '2025-12-14 00:27:41'),
(723, 3, 5, '2025-12-16', 300.00, 10, 0, NULL, NULL, NULL, '2025-12-14 00:27:41', '2025-12-14 00:27:41'),
(724, 3, 5, '2025-12-17', 300.00, 10, 0, NULL, NULL, NULL, '2025-12-14 00:27:41', '2025-12-14 00:27:41'),
(725, 3, 5, '2025-12-18', 300.00, 10, 0, NULL, NULL, NULL, '2025-12-14 00:27:41', '2025-12-14 00:27:41'),
(726, 3, 5, '2025-12-19', 300.00, 10, 0, NULL, NULL, NULL, '2025-12-14 00:27:41', '2025-12-14 00:27:41'),
(727, 3, 5, '2025-12-20', 300.00, 10, 0, NULL, NULL, NULL, '2025-12-14 00:27:41', '2025-12-14 00:27:41'),
(728, 3, 5, '2025-12-21', 300.00, 10, 0, NULL, NULL, NULL, '2025-12-14 00:27:41', '2025-12-14 00:27:41'),
(729, 3, 5, '2025-12-22', 300.00, 10, 0, NULL, NULL, NULL, '2025-12-14 00:27:41', '2025-12-14 00:27:41'),
(730, 3, 5, '2025-12-23', 300.00, 10, 0, NULL, NULL, NULL, '2025-12-14 00:27:41', '2025-12-14 00:27:41'),
(731, 3, 5, '2025-12-24', 300.00, 10, 0, NULL, NULL, NULL, '2025-12-14 00:27:41', '2025-12-14 00:27:41'),
(732, 3, 5, '2025-12-25', 300.00, 10, 0, NULL, NULL, NULL, '2025-12-14 00:27:41', '2025-12-14 00:27:41'),
(733, 3, 5, '2025-12-26', 300.00, 10, 0, NULL, NULL, NULL, '2025-12-14 00:27:41', '2025-12-14 00:27:41'),
(734, 3, 5, '2025-12-27', 300.00, 10, 0, NULL, NULL, NULL, '2025-12-14 00:27:41', '2025-12-14 00:27:41'),
(735, 3, 5, '2025-12-28', 300.00, 10, 0, NULL, NULL, NULL, '2025-12-14 00:27:41', '2025-12-14 00:27:41'),
(736, 3, 5, '2025-12-29', 300.00, 10, 0, NULL, NULL, NULL, '2025-12-14 00:27:41', '2025-12-14 00:27:41'),
(737, 3, 5, '2025-12-30', 300.00, 10, 0, NULL, NULL, NULL, '2025-12-14 00:27:41', '2025-12-14 00:27:41'),
(738, 3, 5, '2025-12-31', 300.00, 10, 0, NULL, NULL, NULL, '2025-12-14 00:27:41', '2025-12-14 00:27:41'),
(739, 3, 5, '2026-01-01', 300.00, 10, 0, NULL, NULL, NULL, '2025-12-14 00:27:41', '2025-12-14 00:27:41'),
(740, 3, 5, '2026-01-02', 300.00, 10, 0, NULL, NULL, NULL, '2025-12-14 00:27:41', '2025-12-14 00:27:41'),
(741, 3, 5, '2026-01-03', 300.00, 10, 0, NULL, NULL, NULL, '2025-12-14 00:27:41', '2025-12-14 00:27:41'),
(742, 3, 5, '2026-01-04', 300.00, 10, 0, NULL, NULL, NULL, '2025-12-14 00:27:41', '2025-12-14 00:27:41'),
(743, 3, 5, '2026-01-05', 300.00, 10, 0, NULL, NULL, NULL, '2025-12-14 00:27:41', '2025-12-14 00:27:41'),
(744, 3, 5, '2026-01-06', 300.00, 10, 0, NULL, NULL, NULL, '2025-12-14 00:27:41', '2025-12-14 00:27:41'),
(745, 3, 5, '2026-01-07', 300.00, 10, 0, NULL, NULL, NULL, '2025-12-14 00:27:41', '2025-12-14 00:27:41'),
(746, 3, 5, '2026-01-08', 300.00, 10, 0, NULL, NULL, NULL, '2025-12-14 00:27:41', '2025-12-14 00:27:41'),
(747, 3, 5, '2026-01-09', 300.00, 10, 0, NULL, NULL, NULL, '2025-12-14 00:27:41', '2025-12-14 00:27:41'),
(748, 3, 5, '2026-01-10', 300.00, 10, 0, NULL, NULL, NULL, '2025-12-14 00:27:41', '2025-12-14 00:27:41'),
(749, 3, 5, '2026-01-11', 300.00, 10, 0, NULL, NULL, NULL, '2025-12-14 00:27:41', '2025-12-14 00:27:41'),
(750, 3, 5, '2026-01-12', 300.00, 10, 0, NULL, NULL, NULL, '2025-12-14 00:27:41', '2025-12-14 00:27:41'),
(751, 3, 6, '2025-12-14', 300.00, 10, 0, NULL, NULL, NULL, '2025-12-14 00:27:41', '2025-12-14 00:27:41'),
(752, 3, 6, '2025-12-15', 300.00, 10, 0, NULL, NULL, NULL, '2025-12-14 00:27:41', '2025-12-14 00:27:41'),
(753, 3, 6, '2025-12-16', 300.00, 10, 0, NULL, NULL, NULL, '2025-12-14 00:27:41', '2025-12-14 00:27:41'),
(754, 3, 6, '2025-12-17', 300.00, 10, 0, NULL, NULL, NULL, '2025-12-14 00:27:41', '2025-12-14 00:27:41'),
(755, 3, 6, '2025-12-18', 300.00, 10, 0, NULL, NULL, NULL, '2025-12-14 00:27:41', '2025-12-14 00:27:41'),
(756, 3, 6, '2025-12-19', 300.00, 10, 0, NULL, NULL, NULL, '2025-12-14 00:27:41', '2025-12-14 00:27:41'),
(757, 3, 6, '2025-12-20', 300.00, 10, 0, NULL, NULL, NULL, '2025-12-14 00:27:41', '2025-12-14 00:27:41'),
(758, 3, 6, '2025-12-21', 300.00, 10, 0, NULL, NULL, NULL, '2025-12-14 00:27:41', '2025-12-14 00:27:41'),
(759, 3, 6, '2025-12-22', 300.00, 10, 0, NULL, NULL, NULL, '2025-12-14 00:27:41', '2025-12-14 00:27:41'),
(760, 3, 6, '2025-12-23', 300.00, 10, 0, NULL, NULL, NULL, '2025-12-14 00:27:41', '2025-12-14 00:27:41'),
(761, 3, 6, '2025-12-24', 300.00, 10, 0, NULL, NULL, NULL, '2025-12-14 00:27:41', '2025-12-14 00:27:41'),
(762, 3, 6, '2025-12-25', 300.00, 10, 0, NULL, NULL, NULL, '2025-12-14 00:27:41', '2025-12-14 00:27:41'),
(763, 3, 6, '2025-12-26', 300.00, 10, 0, NULL, NULL, NULL, '2025-12-14 00:27:41', '2025-12-14 00:27:41'),
(764, 3, 6, '2025-12-27', 300.00, 10, 0, NULL, NULL, NULL, '2025-12-14 00:27:41', '2025-12-14 00:27:41'),
(765, 3, 6, '2025-12-28', 300.00, 10, 0, NULL, NULL, NULL, '2025-12-14 00:27:41', '2025-12-14 00:27:41'),
(766, 3, 6, '2025-12-29', 300.00, 10, 0, NULL, NULL, NULL, '2025-12-14 00:27:41', '2025-12-14 00:27:41'),
(767, 3, 6, '2025-12-30', 300.00, 10, 0, NULL, NULL, NULL, '2025-12-14 00:27:41', '2025-12-14 00:27:41'),
(768, 3, 6, '2025-12-31', 300.00, 10, 0, NULL, NULL, NULL, '2025-12-14 00:27:41', '2025-12-14 00:27:41'),
(769, 3, 6, '2026-01-01', 300.00, 10, 0, NULL, NULL, NULL, '2025-12-14 00:27:41', '2025-12-14 00:27:41'),
(770, 3, 6, '2026-01-02', 300.00, 10, 0, NULL, NULL, NULL, '2025-12-14 00:27:41', '2025-12-14 00:27:41'),
(771, 3, 6, '2026-01-03', 300.00, 10, 0, NULL, NULL, NULL, '2025-12-14 00:27:41', '2025-12-14 00:27:41'),
(772, 3, 6, '2026-01-04', 300.00, 10, 0, NULL, NULL, NULL, '2025-12-14 00:27:41', '2025-12-14 00:27:41'),
(773, 3, 6, '2026-01-05', 300.00, 10, 0, NULL, NULL, NULL, '2025-12-14 00:27:41', '2025-12-14 00:27:41'),
(774, 3, 6, '2026-01-06', 300.00, 10, 0, NULL, NULL, NULL, '2025-12-14 00:27:41', '2025-12-14 00:27:41'),
(775, 3, 6, '2026-01-07', 300.00, 10, 0, NULL, NULL, NULL, '2025-12-14 00:27:41', '2025-12-14 00:27:41'),
(776, 3, 6, '2026-01-08', 300.00, 10, 0, NULL, NULL, NULL, '2025-12-14 00:27:41', '2025-12-14 00:27:41'),
(777, 3, 6, '2026-01-09', 300.00, 10, 0, NULL, NULL, NULL, '2025-12-14 00:27:41', '2025-12-14 00:27:41'),
(778, 3, 6, '2026-01-10', 300.00, 10, 0, NULL, NULL, NULL, '2025-12-14 00:27:41', '2025-12-14 00:27:41'),
(779, 3, 6, '2026-01-11', 300.00, 10, 0, NULL, NULL, NULL, '2025-12-14 00:27:41', '2025-12-14 00:27:41'),
(780, 3, 6, '2026-01-12', 300.00, 10, 0, NULL, NULL, NULL, '2025-12-14 00:27:41', '2025-12-14 00:27:41'),
(781, 3, 7, '2025-12-14', 210.00, 10, 0, NULL, NULL, NULL, '2025-12-14 00:27:41', '2025-12-14 00:27:41'),
(782, 3, 7, '2025-12-15', 210.00, 10, 0, NULL, NULL, NULL, '2025-12-14 00:27:41', '2025-12-14 00:27:41'),
(783, 3, 7, '2025-12-16', 210.00, 10, 0, NULL, NULL, NULL, '2025-12-14 00:27:41', '2025-12-14 00:27:41'),
(784, 3, 7, '2025-12-17', 210.00, 10, 0, NULL, NULL, NULL, '2025-12-14 00:27:41', '2025-12-14 00:27:41'),
(785, 3, 7, '2025-12-18', 210.00, 10, 0, NULL, NULL, NULL, '2025-12-14 00:27:41', '2025-12-14 00:27:41'),
(786, 3, 7, '2025-12-19', 210.00, 10, 0, NULL, NULL, NULL, '2025-12-14 00:27:41', '2025-12-14 00:27:41'),
(787, 3, 7, '2025-12-20', 210.00, 10, 0, NULL, NULL, NULL, '2025-12-14 00:27:41', '2025-12-14 00:27:41'),
(788, 3, 7, '2025-12-21', 210.00, 10, 0, NULL, NULL, NULL, '2025-12-14 00:27:41', '2025-12-14 00:27:41'),
(789, 3, 7, '2025-12-22', 210.00, 10, 0, NULL, NULL, NULL, '2025-12-14 00:27:41', '2025-12-14 00:27:41'),
(790, 3, 7, '2025-12-23', 210.00, 10, 0, NULL, NULL, NULL, '2025-12-14 00:27:41', '2025-12-14 00:27:41'),
(791, 3, 7, '2025-12-24', 210.00, 10, 0, NULL, NULL, NULL, '2025-12-14 00:27:41', '2025-12-14 00:27:41'),
(792, 3, 7, '2025-12-25', 210.00, 10, 0, NULL, NULL, NULL, '2025-12-14 00:27:41', '2025-12-14 00:27:41'),
(793, 3, 7, '2025-12-26', 210.00, 10, 0, NULL, NULL, NULL, '2025-12-14 00:27:41', '2025-12-14 00:27:41'),
(794, 3, 7, '2025-12-27', 210.00, 10, 0, NULL, NULL, NULL, '2025-12-14 00:27:41', '2025-12-14 00:27:41'),
(795, 3, 7, '2025-12-28', 210.00, 10, 0, NULL, NULL, NULL, '2025-12-14 00:27:41', '2025-12-14 00:27:41'),
(796, 3, 7, '2025-12-29', 210.00, 10, 0, NULL, NULL, NULL, '2025-12-14 00:27:41', '2025-12-14 00:27:41'),
(797, 3, 7, '2025-12-30', 210.00, 10, 0, NULL, NULL, NULL, '2025-12-14 00:27:41', '2025-12-14 00:27:41'),
(798, 3, 7, '2025-12-31', 210.00, 10, 0, NULL, NULL, NULL, '2025-12-14 00:27:41', '2025-12-14 00:27:41'),
(799, 3, 7, '2026-01-01', 210.00, 10, 0, NULL, NULL, NULL, '2025-12-14 00:27:41', '2025-12-14 00:27:41'),
(800, 3, 7, '2026-01-02', 210.00, 10, 0, NULL, NULL, NULL, '2025-12-14 00:27:41', '2025-12-14 00:27:41'),
(801, 3, 7, '2026-01-03', 210.00, 10, 0, NULL, NULL, NULL, '2025-12-14 00:27:41', '2025-12-14 00:27:41'),
(802, 3, 7, '2026-01-04', 210.00, 10, 0, NULL, NULL, NULL, '2025-12-14 00:27:41', '2025-12-14 00:27:41'),
(803, 3, 7, '2026-01-05', 210.00, 10, 0, NULL, NULL, NULL, '2025-12-14 00:27:41', '2025-12-14 00:27:41'),
(804, 3, 7, '2026-01-06', 210.00, 10, 0, NULL, NULL, NULL, '2025-12-14 00:27:41', '2025-12-14 00:27:41'),
(805, 3, 7, '2026-01-07', 210.00, 10, 0, NULL, NULL, NULL, '2025-12-14 00:27:41', '2025-12-14 00:27:41'),
(806, 3, 7, '2026-01-08', 210.00, 10, 0, NULL, NULL, NULL, '2025-12-14 00:27:41', '2025-12-14 00:27:41'),
(807, 3, 7, '2026-01-09', 210.00, 10, 0, NULL, NULL, NULL, '2025-12-14 00:27:41', '2025-12-14 00:27:41'),
(808, 3, 7, '2026-01-10', 210.00, 10, 0, NULL, NULL, NULL, '2025-12-14 00:27:41', '2025-12-14 00:27:41'),
(809, 3, 7, '2026-01-11', 210.00, 10, 0, NULL, NULL, NULL, '2025-12-14 00:27:41', '2025-12-14 00:27:41'),
(810, 3, 7, '2026-01-12', 210.00, 10, 0, NULL, NULL, NULL, '2025-12-14 00:27:41', '2025-12-14 00:27:41'),
(811, 3, 8, '2025-12-14', 210.00, 10, 0, NULL, NULL, NULL, '2025-12-14 00:27:41', '2025-12-14 00:27:41'),
(812, 3, 8, '2025-12-15', 210.00, 10, 0, NULL, NULL, NULL, '2025-12-14 00:27:41', '2025-12-14 00:27:41'),
(813, 3, 8, '2025-12-16', 210.00, 10, 0, NULL, NULL, NULL, '2025-12-14 00:27:41', '2025-12-14 00:27:41'),
(814, 3, 8, '2025-12-17', 210.00, 10, 0, NULL, NULL, NULL, '2025-12-14 00:27:41', '2025-12-14 00:27:41'),
(815, 3, 8, '2025-12-18', 210.00, 10, 0, NULL, NULL, NULL, '2025-12-14 00:27:41', '2025-12-14 00:27:41'),
(816, 3, 8, '2025-12-19', 210.00, 10, 0, NULL, NULL, NULL, '2025-12-14 00:27:41', '2025-12-14 00:27:41'),
(817, 3, 8, '2025-12-20', 210.00, 10, 0, NULL, NULL, NULL, '2025-12-14 00:27:41', '2025-12-14 00:27:41'),
(818, 3, 8, '2025-12-21', 210.00, 10, 0, NULL, NULL, NULL, '2025-12-14 00:27:41', '2025-12-14 00:27:41'),
(819, 3, 8, '2025-12-22', 210.00, 10, 0, NULL, NULL, NULL, '2025-12-14 00:27:41', '2025-12-14 00:27:41'),
(820, 3, 8, '2025-12-23', 210.00, 10, 0, NULL, NULL, NULL, '2025-12-14 00:27:41', '2025-12-14 00:27:41'),
(821, 3, 8, '2025-12-24', 210.00, 10, 0, NULL, NULL, NULL, '2025-12-14 00:27:41', '2025-12-14 00:27:41'),
(822, 3, 8, '2025-12-25', 210.00, 10, 0, NULL, NULL, NULL, '2025-12-14 00:27:41', '2025-12-14 00:27:41'),
(823, 3, 8, '2025-12-26', 210.00, 10, 0, NULL, NULL, NULL, '2025-12-14 00:27:41', '2025-12-14 00:27:41'),
(824, 3, 8, '2025-12-27', 210.00, 10, 0, NULL, NULL, NULL, '2025-12-14 00:27:41', '2025-12-14 00:27:41'),
(825, 3, 8, '2025-12-28', 210.00, 10, 0, NULL, NULL, NULL, '2025-12-14 00:27:41', '2025-12-14 00:27:41'),
(826, 3, 8, '2025-12-29', 210.00, 10, 0, NULL, NULL, NULL, '2025-12-14 00:27:41', '2025-12-14 00:27:41'),
(827, 3, 8, '2025-12-30', 210.00, 10, 0, NULL, NULL, NULL, '2025-12-14 00:27:41', '2025-12-14 00:27:41'),
(828, 3, 8, '2025-12-31', 210.00, 10, 0, NULL, NULL, NULL, '2025-12-14 00:27:41', '2025-12-14 00:27:41'),
(829, 3, 8, '2026-01-01', 210.00, 10, 0, NULL, NULL, NULL, '2025-12-14 00:27:41', '2025-12-14 00:27:41'),
(830, 3, 8, '2026-01-02', 210.00, 10, 0, NULL, NULL, NULL, '2025-12-14 00:27:41', '2025-12-14 00:27:41'),
(831, 3, 8, '2026-01-03', 210.00, 10, 0, NULL, NULL, NULL, '2025-12-14 00:27:41', '2025-12-14 00:27:41'),
(832, 3, 8, '2026-01-04', 210.00, 10, 0, NULL, NULL, NULL, '2025-12-14 00:27:41', '2025-12-14 00:27:41'),
(833, 3, 8, '2026-01-05', 210.00, 10, 0, NULL, NULL, NULL, '2025-12-14 00:27:41', '2025-12-14 00:27:41'),
(834, 3, 8, '2026-01-06', 210.00, 10, 0, NULL, NULL, NULL, '2025-12-14 00:27:41', '2025-12-14 00:27:41'),
(835, 3, 8, '2026-01-07', 210.00, 10, 0, NULL, NULL, NULL, '2025-12-14 00:27:41', '2025-12-14 00:27:41'),
(836, 3, 8, '2026-01-08', 210.00, 10, 0, NULL, NULL, NULL, '2025-12-14 00:27:41', '2025-12-14 00:27:41'),
(837, 3, 8, '2026-01-09', 210.00, 10, 0, NULL, NULL, NULL, '2025-12-14 00:27:41', '2025-12-14 00:27:41'),
(838, 3, 8, '2026-01-10', 210.00, 10, 0, NULL, NULL, NULL, '2025-12-14 00:27:41', '2025-12-14 00:27:41'),
(839, 3, 8, '2026-01-11', 210.00, 10, 0, NULL, NULL, NULL, '2025-12-14 00:27:41', '2025-12-14 00:27:41'),
(840, 3, 8, '2026-01-12', 210.00, 10, 0, NULL, NULL, NULL, '2025-12-14 00:27:41', '2025-12-14 00:27:41'),
(841, 3, 9, '2025-12-14', 225.00, 10, 0, NULL, NULL, NULL, '2025-12-14 00:27:41', '2025-12-14 00:27:41'),
(842, 3, 9, '2025-12-15', 225.00, 10, 0, NULL, NULL, NULL, '2025-12-14 00:27:41', '2025-12-14 00:27:41'),
(843, 3, 9, '2025-12-16', 225.00, 10, 0, NULL, NULL, NULL, '2025-12-14 00:27:41', '2025-12-14 00:27:41'),
(844, 3, 9, '2025-12-17', 225.00, 10, 0, NULL, NULL, NULL, '2025-12-14 00:27:41', '2025-12-14 00:27:41'),
(845, 3, 9, '2025-12-18', 225.00, 10, 0, NULL, NULL, NULL, '2025-12-14 00:27:41', '2025-12-14 00:27:41'),
(846, 3, 9, '2025-12-19', 225.00, 10, 0, NULL, NULL, NULL, '2025-12-14 00:27:41', '2025-12-14 00:27:41'),
(847, 3, 9, '2025-12-20', 225.00, 10, 0, NULL, NULL, NULL, '2025-12-14 00:27:41', '2025-12-14 00:27:41'),
(848, 3, 9, '2025-12-21', 225.00, 10, 0, NULL, NULL, NULL, '2025-12-14 00:27:41', '2025-12-14 00:27:41'),
(849, 3, 9, '2025-12-22', 225.00, 10, 0, NULL, NULL, NULL, '2025-12-14 00:27:41', '2025-12-14 00:27:41'),
(850, 3, 9, '2025-12-23', 225.00, 10, 0, NULL, NULL, NULL, '2025-12-14 00:27:41', '2025-12-14 00:27:41'),
(851, 3, 9, '2025-12-24', 225.00, 10, 0, NULL, NULL, NULL, '2025-12-14 00:27:41', '2025-12-14 00:27:41'),
(852, 3, 9, '2025-12-25', 225.00, 10, 0, NULL, NULL, NULL, '2025-12-14 00:27:41', '2025-12-14 00:27:41'),
(853, 3, 9, '2025-12-26', 225.00, 10, 0, NULL, NULL, NULL, '2025-12-14 00:27:41', '2025-12-14 00:27:41'),
(854, 3, 9, '2025-12-27', 225.00, 10, 0, NULL, NULL, NULL, '2025-12-14 00:27:41', '2025-12-14 00:27:41'),
(855, 3, 9, '2025-12-28', 225.00, 10, 0, NULL, NULL, NULL, '2025-12-14 00:27:41', '2025-12-14 00:27:41'),
(856, 3, 9, '2025-12-29', 225.00, 10, 0, NULL, NULL, NULL, '2025-12-14 00:27:41', '2025-12-14 00:27:41'),
(857, 3, 9, '2025-12-30', 225.00, 10, 0, NULL, NULL, NULL, '2025-12-14 00:27:41', '2025-12-14 00:27:41'),
(858, 3, 9, '2025-12-31', 225.00, 10, 0, NULL, NULL, NULL, '2025-12-14 00:27:41', '2025-12-14 00:27:41'),
(859, 3, 9, '2026-01-01', 225.00, 10, 0, NULL, NULL, NULL, '2025-12-14 00:27:41', '2025-12-14 00:27:41'),
(860, 3, 9, '2026-01-02', 225.00, 10, 0, NULL, NULL, NULL, '2025-12-14 00:27:41', '2025-12-14 00:27:41'),
(861, 3, 9, '2026-01-03', 225.00, 10, 0, NULL, NULL, NULL, '2025-12-14 00:27:41', '2025-12-14 00:27:41'),
(862, 3, 9, '2026-01-04', 225.00, 10, 0, NULL, NULL, NULL, '2025-12-14 00:27:41', '2025-12-14 00:27:41'),
(863, 3, 9, '2026-01-05', 225.00, 10, 0, NULL, NULL, NULL, '2025-12-14 00:27:41', '2025-12-14 00:27:41'),
(864, 3, 9, '2026-01-06', 225.00, 10, 0, NULL, NULL, NULL, '2025-12-14 00:27:41', '2025-12-14 00:27:41'),
(865, 3, 9, '2026-01-07', 225.00, 10, 0, NULL, NULL, NULL, '2025-12-14 00:27:41', '2025-12-14 00:27:41'),
(866, 3, 9, '2026-01-08', 225.00, 10, 0, NULL, NULL, NULL, '2025-12-14 00:27:41', '2025-12-14 00:27:41'),
(867, 3, 9, '2026-01-09', 225.00, 10, 0, NULL, NULL, NULL, '2025-12-14 00:27:41', '2025-12-14 00:27:41'),
(868, 3, 9, '2026-01-10', 225.00, 10, 0, NULL, NULL, NULL, '2025-12-14 00:27:41', '2025-12-14 00:27:41'),
(869, 3, 9, '2026-01-11', 225.00, 10, 0, NULL, NULL, NULL, '2025-12-14 00:27:41', '2025-12-14 00:27:41'),
(870, 3, 9, '2026-01-12', 225.00, 10, 0, NULL, NULL, NULL, '2025-12-14 00:27:41', '2025-12-14 00:27:41'),
(871, 3, 10, '2025-12-14', 255.00, 10, 0, NULL, NULL, NULL, '2025-12-14 00:27:41', '2025-12-14 00:27:41'),
(872, 3, 10, '2025-12-15', 255.00, 10, 0, NULL, NULL, NULL, '2025-12-14 00:27:41', '2025-12-14 00:27:41'),
(873, 3, 10, '2025-12-16', 255.00, 10, 0, NULL, NULL, NULL, '2025-12-14 00:27:41', '2025-12-14 00:27:41'),
(874, 3, 10, '2025-12-17', 255.00, 10, 0, NULL, NULL, NULL, '2025-12-14 00:27:41', '2025-12-14 00:27:41'),
(875, 3, 10, '2025-12-18', 255.00, 10, 0, NULL, NULL, NULL, '2025-12-14 00:27:41', '2025-12-14 00:27:41'),
(876, 3, 10, '2025-12-19', 255.00, 10, 0, NULL, NULL, NULL, '2025-12-14 00:27:41', '2025-12-14 00:27:41'),
(877, 3, 10, '2025-12-20', 255.00, 10, 0, NULL, NULL, NULL, '2025-12-14 00:27:41', '2025-12-14 00:27:41'),
(878, 3, 10, '2025-12-21', 255.00, 10, 0, NULL, NULL, NULL, '2025-12-14 00:27:41', '2025-12-14 00:27:41'),
(879, 3, 10, '2025-12-22', 255.00, 10, 0, NULL, NULL, NULL, '2025-12-14 00:27:41', '2025-12-14 00:27:41'),
(880, 3, 10, '2025-12-23', 255.00, 10, 0, NULL, NULL, NULL, '2025-12-14 00:27:41', '2025-12-14 00:27:41'),
(881, 3, 10, '2025-12-24', 255.00, 10, 0, NULL, NULL, NULL, '2025-12-14 00:27:41', '2025-12-14 00:27:41'),
(882, 3, 10, '2025-12-25', 255.00, 10, 0, NULL, NULL, NULL, '2025-12-14 00:27:41', '2025-12-14 00:27:41'),
(883, 3, 10, '2025-12-26', 255.00, 10, 0, NULL, NULL, NULL, '2025-12-14 00:27:41', '2025-12-14 00:27:41'),
(884, 3, 10, '2025-12-27', 255.00, 10, 0, NULL, NULL, NULL, '2025-12-14 00:27:41', '2025-12-14 00:27:41'),
(885, 3, 10, '2025-12-28', 255.00, 10, 0, NULL, NULL, NULL, '2025-12-14 00:27:41', '2025-12-14 00:27:41'),
(886, 3, 10, '2025-12-29', 255.00, 10, 0, NULL, NULL, NULL, '2025-12-14 00:27:41', '2025-12-14 00:27:41'),
(887, 3, 10, '2025-12-30', 255.00, 10, 0, NULL, NULL, NULL, '2025-12-14 00:27:41', '2025-12-14 00:27:41'),
(888, 3, 10, '2025-12-31', 255.00, 10, 0, NULL, NULL, NULL, '2025-12-14 00:27:41', '2025-12-14 00:27:41'),
(889, 3, 10, '2026-01-01', 255.00, 10, 0, NULL, NULL, NULL, '2025-12-14 00:27:41', '2025-12-14 00:27:41'),
(890, 3, 10, '2026-01-02', 255.00, 10, 0, NULL, NULL, NULL, '2025-12-14 00:27:41', '2025-12-14 00:27:41'),
(891, 3, 10, '2026-01-03', 255.00, 10, 0, NULL, NULL, NULL, '2025-12-14 00:27:41', '2025-12-14 00:27:41'),
(892, 3, 10, '2026-01-04', 255.00, 10, 0, NULL, NULL, NULL, '2025-12-14 00:27:41', '2025-12-14 00:27:41'),
(893, 3, 10, '2026-01-05', 255.00, 10, 0, NULL, NULL, NULL, '2025-12-14 00:27:41', '2025-12-14 00:27:41'),
(894, 3, 10, '2026-01-06', 255.00, 10, 0, NULL, NULL, NULL, '2025-12-14 00:27:41', '2025-12-14 00:27:41'),
(895, 3, 10, '2026-01-07', 255.00, 10, 0, NULL, NULL, NULL, '2025-12-14 00:27:41', '2025-12-14 00:27:41'),
(896, 3, 10, '2026-01-08', 255.00, 10, 0, NULL, NULL, NULL, '2025-12-14 00:27:41', '2025-12-14 00:27:41'),
(897, 3, 10, '2026-01-09', 255.00, 10, 0, NULL, NULL, NULL, '2025-12-14 00:27:41', '2025-12-14 00:27:41'),
(898, 3, 10, '2026-01-10', 255.00, 10, 0, NULL, NULL, NULL, '2025-12-14 00:27:41', '2025-12-14 00:27:41'),
(899, 3, 10, '2026-01-11', 255.00, 10, 0, NULL, NULL, NULL, '2025-12-14 00:27:41', '2025-12-14 00:27:41'),
(900, 3, 10, '2026-01-12', 255.00, 10, 0, NULL, NULL, NULL, '2025-12-14 00:27:41', '2025-12-14 00:27:41'),
(901, 4, 1, '2025-12-14', 400.00, 10, 0, NULL, NULL, NULL, '2025-12-14 00:27:41', '2025-12-14 00:27:41'),
(902, 4, 1, '2025-12-15', 400.00, 10, 0, NULL, NULL, NULL, '2025-12-14 00:27:41', '2025-12-14 00:27:41'),
(903, 4, 1, '2025-12-16', 400.00, 10, 0, NULL, NULL, NULL, '2025-12-14 00:27:41', '2025-12-14 00:27:41'),
(904, 4, 1, '2025-12-17', 400.00, 10, 0, NULL, NULL, NULL, '2025-12-14 00:27:41', '2025-12-14 00:27:41'),
(905, 4, 1, '2025-12-18', 400.00, 10, 0, NULL, NULL, NULL, '2025-12-14 00:27:41', '2025-12-14 00:27:41'),
(906, 4, 1, '2025-12-19', 400.00, 10, 0, NULL, NULL, NULL, '2025-12-14 00:27:41', '2025-12-14 00:27:41'),
(907, 4, 1, '2025-12-20', 400.00, 10, 0, NULL, NULL, NULL, '2025-12-14 00:27:41', '2025-12-14 00:27:41'),
(908, 4, 1, '2025-12-21', 400.00, 10, 0, NULL, NULL, NULL, '2025-12-14 00:27:41', '2025-12-14 00:27:41'),
(909, 4, 1, '2025-12-22', 400.00, 10, 0, NULL, NULL, NULL, '2025-12-14 00:27:41', '2025-12-14 00:27:41'),
(910, 4, 1, '2025-12-23', 400.00, 10, 0, NULL, NULL, NULL, '2025-12-14 00:27:41', '2025-12-14 00:27:41'),
(911, 4, 1, '2025-12-24', 400.00, 10, 0, NULL, NULL, NULL, '2025-12-14 00:27:41', '2025-12-14 00:27:41'),
(912, 4, 1, '2025-12-25', 400.00, 10, 0, NULL, NULL, NULL, '2025-12-14 00:27:41', '2025-12-14 00:27:41'),
(913, 4, 1, '2025-12-26', 400.00, 10, 0, NULL, NULL, NULL, '2025-12-14 00:27:41', '2025-12-14 00:27:41'),
(914, 4, 1, '2025-12-27', 400.00, 10, 0, NULL, NULL, NULL, '2025-12-14 00:27:41', '2025-12-14 00:27:41'),
(915, 4, 1, '2025-12-28', 400.00, 10, 0, NULL, NULL, NULL, '2025-12-14 00:27:41', '2025-12-14 00:27:41'),
(916, 4, 1, '2025-12-29', 400.00, 10, 0, NULL, NULL, NULL, '2025-12-14 00:27:41', '2025-12-14 00:27:41'),
(917, 4, 1, '2025-12-30', 400.00, 10, 0, NULL, NULL, NULL, '2025-12-14 00:27:41', '2025-12-14 00:27:41'),
(918, 4, 1, '2025-12-31', 400.00, 10, 0, NULL, NULL, NULL, '2025-12-14 00:27:41', '2025-12-14 00:27:41'),
(919, 4, 1, '2026-01-01', 400.00, 10, 0, NULL, NULL, NULL, '2025-12-14 00:27:41', '2025-12-14 00:27:41'),
(920, 4, 1, '2026-01-02', 400.00, 10, 0, NULL, NULL, NULL, '2025-12-14 00:27:41', '2025-12-14 00:27:41'),
(921, 4, 1, '2026-01-03', 400.00, 10, 0, NULL, NULL, NULL, '2025-12-14 00:27:41', '2025-12-14 00:27:41'),
(922, 4, 1, '2026-01-04', 400.00, 10, 0, NULL, NULL, NULL, '2025-12-14 00:27:41', '2025-12-14 00:27:41'),
(923, 4, 1, '2026-01-05', 400.00, 10, 0, NULL, NULL, NULL, '2025-12-14 00:27:41', '2025-12-14 00:27:41'),
(924, 4, 1, '2026-01-06', 400.00, 10, 0, NULL, NULL, NULL, '2025-12-14 00:27:41', '2025-12-14 00:27:41'),
(925, 4, 1, '2026-01-07', 400.00, 10, 0, NULL, NULL, NULL, '2025-12-14 00:27:41', '2025-12-14 00:27:41'),
(926, 4, 1, '2026-01-08', 400.00, 10, 0, NULL, NULL, NULL, '2025-12-14 00:27:41', '2025-12-14 00:27:41'),
(927, 4, 1, '2026-01-09', 400.00, 10, 0, NULL, NULL, NULL, '2025-12-14 00:27:41', '2025-12-14 00:27:41'),
(928, 4, 1, '2026-01-10', 400.00, 10, 0, NULL, NULL, NULL, '2025-12-14 00:27:41', '2025-12-14 00:27:41'),
(929, 4, 1, '2026-01-11', 400.00, 10, 0, NULL, NULL, NULL, '2025-12-14 00:27:41', '2025-12-14 00:27:41'),
(930, 4, 1, '2026-01-12', 400.00, 10, 0, NULL, NULL, NULL, '2025-12-14 00:27:41', '2025-12-14 00:27:41'),
(931, 4, 2, '2025-12-14', 400.00, 10, 0, NULL, NULL, NULL, '2025-12-14 00:27:41', '2025-12-14 00:27:41'),
(932, 4, 2, '2025-12-15', 400.00, 10, 0, NULL, NULL, NULL, '2025-12-14 00:27:41', '2025-12-14 00:27:41'),
(933, 4, 2, '2025-12-16', 400.00, 10, 0, NULL, NULL, NULL, '2025-12-14 00:27:41', '2025-12-14 00:27:41'),
(934, 4, 2, '2025-12-17', 400.00, 10, 0, NULL, NULL, NULL, '2025-12-14 00:27:41', '2025-12-14 00:27:41'),
(935, 4, 2, '2025-12-18', 400.00, 10, 0, NULL, NULL, NULL, '2025-12-14 00:27:41', '2025-12-14 00:27:41'),
(936, 4, 2, '2025-12-19', 400.00, 10, 0, NULL, NULL, NULL, '2025-12-14 00:27:41', '2025-12-14 00:27:41'),
(937, 4, 2, '2025-12-20', 400.00, 10, 0, NULL, NULL, NULL, '2025-12-14 00:27:41', '2025-12-14 00:27:41'),
(938, 4, 2, '2025-12-21', 400.00, 10, 0, NULL, NULL, NULL, '2025-12-14 00:27:41', '2025-12-14 00:27:41'),
(939, 4, 2, '2025-12-22', 400.00, 10, 0, NULL, NULL, NULL, '2025-12-14 00:27:41', '2025-12-14 00:27:41'),
(940, 4, 2, '2025-12-23', 400.00, 10, 0, NULL, NULL, NULL, '2025-12-14 00:27:41', '2025-12-14 00:27:41'),
(941, 4, 2, '2025-12-24', 400.00, 10, 0, NULL, NULL, NULL, '2025-12-14 00:27:41', '2025-12-14 00:27:41'),
(942, 4, 2, '2025-12-25', 400.00, 10, 0, NULL, NULL, NULL, '2025-12-14 00:27:41', '2025-12-14 00:27:41'),
(943, 4, 2, '2025-12-26', 400.00, 10, 0, NULL, NULL, NULL, '2025-12-14 00:27:41', '2025-12-14 00:27:41'),
(944, 4, 2, '2025-12-27', 400.00, 10, 0, NULL, NULL, NULL, '2025-12-14 00:27:41', '2025-12-14 00:27:41'),
(945, 4, 2, '2025-12-28', 400.00, 10, 0, NULL, NULL, NULL, '2025-12-14 00:27:41', '2025-12-14 00:27:41'),
(946, 4, 2, '2025-12-29', 400.00, 10, 0, NULL, NULL, NULL, '2025-12-14 00:27:41', '2025-12-14 00:27:41'),
(947, 4, 2, '2025-12-30', 400.00, 10, 0, NULL, NULL, NULL, '2025-12-14 00:27:41', '2025-12-14 00:27:41'),
(948, 4, 2, '2025-12-31', 400.00, 10, 0, NULL, NULL, NULL, '2025-12-14 00:27:41', '2025-12-14 00:27:41'),
(949, 4, 2, '2026-01-01', 400.00, 10, 0, NULL, NULL, NULL, '2025-12-14 00:27:41', '2025-12-14 00:27:41'),
(950, 4, 2, '2026-01-02', 400.00, 10, 0, NULL, NULL, NULL, '2025-12-14 00:27:41', '2025-12-14 00:27:41'),
(951, 4, 2, '2026-01-03', 400.00, 10, 0, NULL, NULL, NULL, '2025-12-14 00:27:41', '2025-12-14 00:27:41'),
(952, 4, 2, '2026-01-04', 400.00, 10, 0, NULL, NULL, NULL, '2025-12-14 00:27:41', '2025-12-14 00:27:41'),
(953, 4, 2, '2026-01-05', 400.00, 10, 0, NULL, NULL, NULL, '2025-12-14 00:27:41', '2025-12-14 00:27:41'),
(954, 4, 2, '2026-01-06', 400.00, 10, 0, NULL, NULL, NULL, '2025-12-14 00:27:41', '2025-12-14 00:27:41'),
(955, 4, 2, '2026-01-07', 400.00, 10, 0, NULL, NULL, NULL, '2025-12-14 00:27:41', '2025-12-14 00:27:41'),
(956, 4, 2, '2026-01-08', 400.00, 10, 0, NULL, NULL, NULL, '2025-12-14 00:27:41', '2025-12-14 00:27:41'),
(957, 4, 2, '2026-01-09', 400.00, 10, 0, NULL, NULL, NULL, '2025-12-14 00:27:41', '2025-12-14 00:27:41');
INSERT INTO `daily_rates` (`id`, `room_type_id`, `rate_plan_id`, `rate_date`, `price`, `available_rooms`, `stop_sell`, `min_stay`, `max_stay`, `cut_off`, `created_at`, `updated_at`) VALUES
(958, 4, 2, '2026-01-10', 400.00, 10, 0, NULL, NULL, NULL, '2025-12-14 00:27:41', '2025-12-14 00:27:41'),
(959, 4, 2, '2026-01-11', 400.00, 10, 0, NULL, NULL, NULL, '2025-12-14 00:27:41', '2025-12-14 00:27:41'),
(960, 4, 2, '2026-01-12', 400.00, 10, 0, NULL, NULL, NULL, '2025-12-14 00:27:41', '2025-12-14 00:27:41'),
(961, 4, 3, '2025-12-14', 320.00, 10, 0, NULL, NULL, NULL, '2025-12-14 00:27:41', '2025-12-14 00:27:41'),
(962, 4, 3, '2025-12-15', 320.00, 10, 0, NULL, NULL, NULL, '2025-12-14 00:27:41', '2025-12-14 00:27:41'),
(963, 4, 3, '2025-12-16', 320.00, 10, 0, NULL, NULL, NULL, '2025-12-14 00:27:41', '2025-12-14 00:27:41'),
(964, 4, 3, '2025-12-17', 320.00, 10, 0, NULL, NULL, NULL, '2025-12-14 00:27:41', '2025-12-14 00:27:41'),
(965, 4, 3, '2025-12-18', 320.00, 10, 0, NULL, NULL, NULL, '2025-12-14 00:27:41', '2025-12-14 00:27:41'),
(966, 4, 3, '2025-12-19', 320.00, 10, 0, NULL, NULL, NULL, '2025-12-14 00:27:41', '2025-12-14 00:27:41'),
(967, 4, 3, '2025-12-20', 320.00, 10, 0, NULL, NULL, NULL, '2025-12-14 00:27:41', '2025-12-14 00:27:41'),
(968, 4, 3, '2025-12-21', 320.00, 10, 0, NULL, NULL, NULL, '2025-12-14 00:27:41', '2025-12-14 00:27:41'),
(969, 4, 3, '2025-12-22', 320.00, 10, 0, NULL, NULL, NULL, '2025-12-14 00:27:41', '2025-12-14 00:27:41'),
(970, 4, 3, '2025-12-23', 320.00, 10, 0, NULL, NULL, NULL, '2025-12-14 00:27:41', '2025-12-14 00:27:41'),
(971, 4, 3, '2025-12-24', 320.00, 10, 0, NULL, NULL, NULL, '2025-12-14 00:27:41', '2025-12-14 00:27:41'),
(972, 4, 3, '2025-12-25', 320.00, 10, 0, NULL, NULL, NULL, '2025-12-14 00:27:41', '2025-12-14 00:27:41'),
(973, 4, 3, '2025-12-26', 320.00, 10, 0, NULL, NULL, NULL, '2025-12-14 00:27:41', '2025-12-14 00:27:41'),
(974, 4, 3, '2025-12-27', 320.00, 10, 0, NULL, NULL, NULL, '2025-12-14 00:27:41', '2025-12-14 00:27:41'),
(975, 4, 3, '2025-12-28', 320.00, 10, 0, NULL, NULL, NULL, '2025-12-14 00:27:41', '2025-12-14 00:27:41'),
(976, 4, 3, '2025-12-29', 320.00, 10, 0, NULL, NULL, NULL, '2025-12-14 00:27:41', '2025-12-14 00:27:41'),
(977, 4, 3, '2025-12-30', 320.00, 10, 0, NULL, NULL, NULL, '2025-12-14 00:27:41', '2025-12-14 00:27:41'),
(978, 4, 3, '2025-12-31', 320.00, 10, 0, NULL, NULL, NULL, '2025-12-14 00:27:41', '2025-12-14 00:27:41'),
(979, 4, 3, '2026-01-01', 320.00, 10, 0, NULL, NULL, NULL, '2025-12-14 00:27:41', '2025-12-14 00:27:41'),
(980, 4, 3, '2026-01-02', 320.00, 10, 0, NULL, NULL, NULL, '2025-12-14 00:27:41', '2025-12-14 00:27:41'),
(981, 4, 3, '2026-01-03', 320.00, 10, 0, NULL, NULL, NULL, '2025-12-14 00:27:41', '2025-12-14 00:27:41'),
(982, 4, 3, '2026-01-04', 320.00, 10, 0, NULL, NULL, NULL, '2025-12-14 00:27:41', '2025-12-14 00:27:41'),
(983, 4, 3, '2026-01-05', 320.00, 10, 0, NULL, NULL, NULL, '2025-12-14 00:27:41', '2025-12-14 00:27:41'),
(984, 4, 3, '2026-01-06', 320.00, 10, 0, NULL, NULL, NULL, '2025-12-14 00:27:41', '2025-12-14 00:27:41'),
(985, 4, 3, '2026-01-07', 320.00, 10, 0, NULL, NULL, NULL, '2025-12-14 00:27:41', '2025-12-14 00:27:41'),
(986, 4, 3, '2026-01-08', 320.00, 10, 0, NULL, NULL, NULL, '2025-12-14 00:27:41', '2025-12-14 00:27:41'),
(987, 4, 3, '2026-01-09', 320.00, 10, 0, NULL, NULL, NULL, '2025-12-14 00:27:41', '2025-12-14 00:27:41'),
(988, 4, 3, '2026-01-10', 320.00, 10, 0, NULL, NULL, NULL, '2025-12-14 00:27:41', '2025-12-14 00:27:41'),
(989, 4, 3, '2026-01-11', 320.00, 10, 0, NULL, NULL, NULL, '2025-12-14 00:27:41', '2025-12-14 00:27:41'),
(990, 4, 3, '2026-01-12', 320.00, 10, 0, NULL, NULL, NULL, '2025-12-14 00:27:41', '2025-12-14 00:27:41'),
(991, 4, 4, '2025-12-14', 320.00, 10, 0, NULL, NULL, NULL, '2025-12-14 00:27:41', '2025-12-14 00:27:41'),
(992, 4, 4, '2025-12-15', 320.00, 10, 0, NULL, NULL, NULL, '2025-12-14 00:27:41', '2025-12-14 00:27:41'),
(993, 4, 4, '2025-12-16', 320.00, 10, 0, NULL, NULL, NULL, '2025-12-14 00:27:41', '2025-12-14 00:27:41'),
(994, 4, 4, '2025-12-17', 320.00, 10, 0, NULL, NULL, NULL, '2025-12-14 00:27:41', '2025-12-14 00:27:41'),
(995, 4, 4, '2025-12-18', 320.00, 10, 0, NULL, NULL, NULL, '2025-12-14 00:27:41', '2025-12-14 00:27:41'),
(996, 4, 4, '2025-12-19', 320.00, 10, 0, NULL, NULL, NULL, '2025-12-14 00:27:41', '2025-12-14 00:27:41'),
(997, 4, 4, '2025-12-20', 320.00, 10, 0, NULL, NULL, NULL, '2025-12-14 00:27:41', '2025-12-14 00:27:41'),
(998, 4, 4, '2025-12-21', 320.00, 10, 0, NULL, NULL, NULL, '2025-12-14 00:27:41', '2025-12-14 00:27:41'),
(999, 4, 4, '2025-12-22', 320.00, 10, 0, NULL, NULL, NULL, '2025-12-14 00:27:41', '2025-12-14 00:27:41'),
(1000, 4, 4, '2025-12-23', 320.00, 10, 0, NULL, NULL, NULL, '2025-12-14 00:27:41', '2025-12-14 00:27:41'),
(1001, 4, 4, '2025-12-24', 320.00, 10, 0, NULL, NULL, NULL, '2025-12-14 00:27:41', '2025-12-14 00:27:41'),
(1002, 4, 4, '2025-12-25', 320.00, 10, 0, NULL, NULL, NULL, '2025-12-14 00:27:41', '2025-12-14 00:27:41'),
(1003, 4, 4, '2025-12-26', 320.00, 10, 0, NULL, NULL, NULL, '2025-12-14 00:27:41', '2025-12-14 00:27:41'),
(1004, 4, 4, '2025-12-27', 320.00, 10, 0, NULL, NULL, NULL, '2025-12-14 00:27:41', '2025-12-14 00:27:41'),
(1005, 4, 4, '2025-12-28', 320.00, 10, 0, NULL, NULL, NULL, '2025-12-14 00:27:41', '2025-12-14 00:27:41'),
(1006, 4, 4, '2025-12-29', 320.00, 10, 0, NULL, NULL, NULL, '2025-12-14 00:27:41', '2025-12-14 00:27:41'),
(1007, 4, 4, '2025-12-30', 320.00, 10, 0, NULL, NULL, NULL, '2025-12-14 00:27:41', '2025-12-14 00:27:41'),
(1008, 4, 4, '2025-12-31', 320.00, 10, 0, NULL, NULL, NULL, '2025-12-14 00:27:41', '2025-12-14 00:27:41'),
(1009, 4, 4, '2026-01-01', 320.00, 10, 0, NULL, NULL, NULL, '2025-12-14 00:27:41', '2025-12-14 00:27:41'),
(1010, 4, 4, '2026-01-02', 320.00, 10, 0, NULL, NULL, NULL, '2025-12-14 00:27:41', '2025-12-14 00:27:41'),
(1011, 4, 4, '2026-01-03', 320.00, 10, 0, NULL, NULL, NULL, '2025-12-14 00:27:41', '2025-12-14 00:27:41'),
(1012, 4, 4, '2026-01-04', 320.00, 10, 0, NULL, NULL, NULL, '2025-12-14 00:27:41', '2025-12-14 00:27:41'),
(1013, 4, 4, '2026-01-05', 320.00, 10, 0, NULL, NULL, NULL, '2025-12-14 00:27:41', '2025-12-14 00:27:41'),
(1014, 4, 4, '2026-01-06', 320.00, 10, 0, NULL, NULL, NULL, '2025-12-14 00:27:41', '2025-12-14 00:27:41'),
(1015, 4, 4, '2026-01-07', 320.00, 10, 0, NULL, NULL, NULL, '2025-12-14 00:27:41', '2025-12-14 00:27:41'),
(1016, 4, 4, '2026-01-08', 320.00, 10, 0, NULL, NULL, NULL, '2025-12-14 00:27:41', '2025-12-14 00:27:41'),
(1017, 4, 4, '2026-01-09', 320.00, 10, 0, NULL, NULL, NULL, '2025-12-14 00:27:41', '2025-12-14 00:27:41'),
(1018, 4, 4, '2026-01-10', 320.00, 10, 0, NULL, NULL, NULL, '2025-12-14 00:27:41', '2025-12-14 00:27:41'),
(1019, 4, 4, '2026-01-11', 320.00, 10, 0, NULL, NULL, NULL, '2025-12-14 00:27:41', '2025-12-14 00:27:41'),
(1020, 4, 4, '2026-01-12', 320.00, 10, 0, NULL, NULL, NULL, '2025-12-14 00:27:41', '2025-12-14 00:27:41'),
(1021, 4, 5, '2025-12-14', 400.00, 10, 0, NULL, NULL, NULL, '2025-12-14 00:27:41', '2025-12-14 00:27:41'),
(1022, 4, 5, '2025-12-15', 400.00, 10, 0, NULL, NULL, NULL, '2025-12-14 00:27:41', '2025-12-14 00:27:41'),
(1023, 4, 5, '2025-12-16', 400.00, 10, 0, NULL, NULL, NULL, '2025-12-14 00:27:41', '2025-12-14 00:27:41'),
(1024, 4, 5, '2025-12-17', 400.00, 10, 0, NULL, NULL, NULL, '2025-12-14 00:27:41', '2025-12-14 00:27:41'),
(1025, 4, 5, '2025-12-18', 400.00, 10, 0, NULL, NULL, NULL, '2025-12-14 00:27:41', '2025-12-14 00:27:41'),
(1026, 4, 5, '2025-12-19', 400.00, 10, 0, NULL, NULL, NULL, '2025-12-14 00:27:41', '2025-12-14 00:27:41'),
(1027, 4, 5, '2025-12-20', 400.00, 10, 0, NULL, NULL, NULL, '2025-12-14 00:27:41', '2025-12-14 00:27:41'),
(1028, 4, 5, '2025-12-21', 400.00, 10, 0, NULL, NULL, NULL, '2025-12-14 00:27:41', '2025-12-14 00:27:41'),
(1029, 4, 5, '2025-12-22', 400.00, 10, 0, NULL, NULL, NULL, '2025-12-14 00:27:41', '2025-12-14 00:27:41'),
(1030, 4, 5, '2025-12-23', 400.00, 10, 0, NULL, NULL, NULL, '2025-12-14 00:27:41', '2025-12-14 00:27:41'),
(1031, 4, 5, '2025-12-24', 400.00, 10, 0, NULL, NULL, NULL, '2025-12-14 00:27:41', '2025-12-14 00:27:41'),
(1032, 4, 5, '2025-12-25', 400.00, 10, 0, NULL, NULL, NULL, '2025-12-14 00:27:41', '2025-12-14 00:27:41'),
(1033, 4, 5, '2025-12-26', 400.00, 10, 0, NULL, NULL, NULL, '2025-12-14 00:27:41', '2025-12-14 00:27:41'),
(1034, 4, 5, '2025-12-27', 400.00, 10, 0, NULL, NULL, NULL, '2025-12-14 00:27:41', '2025-12-14 00:27:41'),
(1035, 4, 5, '2025-12-28', 400.00, 10, 0, NULL, NULL, NULL, '2025-12-14 00:27:41', '2025-12-14 00:27:41'),
(1036, 4, 5, '2025-12-29', 400.00, 10, 0, NULL, NULL, NULL, '2025-12-14 00:27:41', '2025-12-14 00:27:41'),
(1037, 4, 5, '2025-12-30', 400.00, 10, 0, NULL, NULL, NULL, '2025-12-14 00:27:41', '2025-12-14 00:27:41'),
(1038, 4, 5, '2025-12-31', 400.00, 10, 0, NULL, NULL, NULL, '2025-12-14 00:27:41', '2025-12-14 00:27:41'),
(1039, 4, 5, '2026-01-01', 400.00, 10, 0, NULL, NULL, NULL, '2025-12-14 00:27:41', '2025-12-14 00:27:41'),
(1040, 4, 5, '2026-01-02', 400.00, 10, 0, NULL, NULL, NULL, '2025-12-14 00:27:41', '2025-12-14 00:27:41'),
(1041, 4, 5, '2026-01-03', 400.00, 10, 0, NULL, NULL, NULL, '2025-12-14 00:27:41', '2025-12-14 00:27:41'),
(1042, 4, 5, '2026-01-04', 400.00, 10, 0, NULL, NULL, NULL, '2025-12-14 00:27:41', '2025-12-14 00:27:41'),
(1043, 4, 5, '2026-01-05', 400.00, 10, 0, NULL, NULL, NULL, '2025-12-14 00:27:41', '2025-12-14 00:27:41'),
(1044, 4, 5, '2026-01-06', 400.00, 10, 0, NULL, NULL, NULL, '2025-12-14 00:27:41', '2025-12-14 00:27:41'),
(1045, 4, 5, '2026-01-07', 400.00, 10, 0, NULL, NULL, NULL, '2025-12-14 00:27:41', '2025-12-14 00:27:41'),
(1046, 4, 5, '2026-01-08', 400.00, 10, 0, NULL, NULL, NULL, '2025-12-14 00:27:41', '2025-12-14 00:27:41'),
(1047, 4, 5, '2026-01-09', 400.00, 10, 0, NULL, NULL, NULL, '2025-12-14 00:27:41', '2025-12-14 00:27:41'),
(1048, 4, 5, '2026-01-10', 400.00, 10, 0, NULL, NULL, NULL, '2025-12-14 00:27:41', '2025-12-14 00:27:41'),
(1049, 4, 5, '2026-01-11', 400.00, 10, 0, NULL, NULL, NULL, '2025-12-14 00:27:41', '2025-12-14 00:27:41'),
(1050, 4, 5, '2026-01-12', 400.00, 10, 0, NULL, NULL, NULL, '2025-12-14 00:27:41', '2025-12-14 00:27:41'),
(1051, 4, 6, '2025-12-14', 400.00, 10, 0, NULL, NULL, NULL, '2025-12-14 00:27:41', '2025-12-14 00:27:41'),
(1052, 4, 6, '2025-12-15', 400.00, 10, 0, NULL, NULL, NULL, '2025-12-14 00:27:41', '2025-12-14 00:27:41'),
(1053, 4, 6, '2025-12-16', 400.00, 10, 0, NULL, NULL, NULL, '2025-12-14 00:27:41', '2025-12-14 00:27:41'),
(1054, 4, 6, '2025-12-17', 400.00, 10, 0, NULL, NULL, NULL, '2025-12-14 00:27:41', '2025-12-14 00:27:41'),
(1055, 4, 6, '2025-12-18', 400.00, 10, 0, NULL, NULL, NULL, '2025-12-14 00:27:41', '2025-12-14 00:27:41'),
(1056, 4, 6, '2025-12-19', 400.00, 10, 0, NULL, NULL, NULL, '2025-12-14 00:27:41', '2025-12-14 00:27:41'),
(1057, 4, 6, '2025-12-20', 400.00, 10, 0, NULL, NULL, NULL, '2025-12-14 00:27:41', '2025-12-14 00:27:41'),
(1058, 4, 6, '2025-12-21', 400.00, 10, 0, NULL, NULL, NULL, '2025-12-14 00:27:41', '2025-12-14 00:27:41'),
(1059, 4, 6, '2025-12-22', 400.00, 10, 0, NULL, NULL, NULL, '2025-12-14 00:27:41', '2025-12-14 00:27:41'),
(1060, 4, 6, '2025-12-23', 400.00, 10, 0, NULL, NULL, NULL, '2025-12-14 00:27:41', '2025-12-14 00:27:41'),
(1061, 4, 6, '2025-12-24', 400.00, 10, 0, NULL, NULL, NULL, '2025-12-14 00:27:41', '2025-12-14 00:27:41'),
(1062, 4, 6, '2025-12-25', 400.00, 10, 0, NULL, NULL, NULL, '2025-12-14 00:27:41', '2025-12-14 00:27:41'),
(1063, 4, 6, '2025-12-26', 400.00, 10, 0, NULL, NULL, NULL, '2025-12-14 00:27:41', '2025-12-14 00:27:41'),
(1064, 4, 6, '2025-12-27', 400.00, 10, 0, NULL, NULL, NULL, '2025-12-14 00:27:41', '2025-12-14 00:27:41'),
(1065, 4, 6, '2025-12-28', 400.00, 10, 0, NULL, NULL, NULL, '2025-12-14 00:27:41', '2025-12-14 00:27:41'),
(1066, 4, 6, '2025-12-29', 400.00, 10, 0, NULL, NULL, NULL, '2025-12-14 00:27:41', '2025-12-14 00:27:41'),
(1067, 4, 6, '2025-12-30', 400.00, 10, 0, NULL, NULL, NULL, '2025-12-14 00:27:41', '2025-12-14 00:27:41'),
(1068, 4, 6, '2025-12-31', 400.00, 10, 0, NULL, NULL, NULL, '2025-12-14 00:27:41', '2025-12-14 00:27:41'),
(1069, 4, 6, '2026-01-01', 400.00, 10, 0, NULL, NULL, NULL, '2025-12-14 00:27:41', '2025-12-14 00:27:41'),
(1070, 4, 6, '2026-01-02', 400.00, 10, 0, NULL, NULL, NULL, '2025-12-14 00:27:41', '2025-12-14 00:27:41'),
(1071, 4, 6, '2026-01-03', 400.00, 10, 0, NULL, NULL, NULL, '2025-12-14 00:27:41', '2025-12-14 00:27:41'),
(1072, 4, 6, '2026-01-04', 400.00, 10, 0, NULL, NULL, NULL, '2025-12-14 00:27:41', '2025-12-14 00:27:41'),
(1073, 4, 6, '2026-01-05', 400.00, 10, 0, NULL, NULL, NULL, '2025-12-14 00:27:41', '2025-12-14 00:27:41'),
(1074, 4, 6, '2026-01-06', 400.00, 10, 0, NULL, NULL, NULL, '2025-12-14 00:27:41', '2025-12-14 00:27:41'),
(1075, 4, 6, '2026-01-07', 400.00, 10, 0, NULL, NULL, NULL, '2025-12-14 00:27:41', '2025-12-14 00:27:41'),
(1076, 4, 6, '2026-01-08', 400.00, 10, 0, NULL, NULL, NULL, '2025-12-14 00:27:41', '2025-12-14 00:27:41'),
(1077, 4, 6, '2026-01-09', 400.00, 10, 0, NULL, NULL, NULL, '2025-12-14 00:27:41', '2025-12-14 00:27:41'),
(1078, 4, 6, '2026-01-10', 400.00, 10, 0, NULL, NULL, NULL, '2025-12-14 00:27:41', '2025-12-14 00:27:41'),
(1079, 4, 6, '2026-01-11', 400.00, 10, 0, NULL, NULL, NULL, '2025-12-14 00:27:41', '2025-12-14 00:27:41'),
(1080, 4, 6, '2026-01-12', 400.00, 10, 0, NULL, NULL, NULL, '2025-12-14 00:27:41', '2025-12-14 00:27:41'),
(1081, 4, 7, '2025-12-14', 280.00, 10, 0, NULL, NULL, NULL, '2025-12-14 00:27:41', '2025-12-14 00:27:41'),
(1082, 4, 7, '2025-12-15', 280.00, 10, 0, NULL, NULL, NULL, '2025-12-14 00:27:41', '2025-12-14 00:27:41'),
(1083, 4, 7, '2025-12-16', 280.00, 10, 0, NULL, NULL, NULL, '2025-12-14 00:27:41', '2025-12-14 00:27:41'),
(1084, 4, 7, '2025-12-17', 280.00, 10, 0, NULL, NULL, NULL, '2025-12-14 00:27:41', '2025-12-14 00:27:41'),
(1085, 4, 7, '2025-12-18', 280.00, 10, 0, NULL, NULL, NULL, '2025-12-14 00:27:41', '2025-12-14 00:27:41'),
(1086, 4, 7, '2025-12-19', 280.00, 10, 0, NULL, NULL, NULL, '2025-12-14 00:27:41', '2025-12-14 00:27:41'),
(1087, 4, 7, '2025-12-20', 280.00, 10, 0, NULL, NULL, NULL, '2025-12-14 00:27:41', '2025-12-14 00:27:41'),
(1088, 4, 7, '2025-12-21', 280.00, 10, 0, NULL, NULL, NULL, '2025-12-14 00:27:41', '2025-12-14 00:27:41'),
(1089, 4, 7, '2025-12-22', 280.00, 10, 0, NULL, NULL, NULL, '2025-12-14 00:27:41', '2025-12-14 00:27:41'),
(1090, 4, 7, '2025-12-23', 280.00, 10, 0, NULL, NULL, NULL, '2025-12-14 00:27:41', '2025-12-14 00:27:41'),
(1091, 4, 7, '2025-12-24', 280.00, 10, 0, NULL, NULL, NULL, '2025-12-14 00:27:41', '2025-12-14 00:27:41'),
(1092, 4, 7, '2025-12-25', 280.00, 10, 0, NULL, NULL, NULL, '2025-12-14 00:27:41', '2025-12-14 00:27:41'),
(1093, 4, 7, '2025-12-26', 280.00, 10, 0, NULL, NULL, NULL, '2025-12-14 00:27:41', '2025-12-14 00:27:41'),
(1094, 4, 7, '2025-12-27', 280.00, 10, 0, NULL, NULL, NULL, '2025-12-14 00:27:41', '2025-12-14 00:27:41'),
(1095, 4, 7, '2025-12-28', 280.00, 10, 0, NULL, NULL, NULL, '2025-12-14 00:27:41', '2025-12-14 00:27:41'),
(1096, 4, 7, '2025-12-29', 280.00, 10, 0, NULL, NULL, NULL, '2025-12-14 00:27:41', '2025-12-14 00:27:41'),
(1097, 4, 7, '2025-12-30', 280.00, 10, 0, NULL, NULL, NULL, '2025-12-14 00:27:41', '2025-12-14 00:27:41'),
(1098, 4, 7, '2025-12-31', 280.00, 10, 0, NULL, NULL, NULL, '2025-12-14 00:27:41', '2025-12-14 00:27:41'),
(1099, 4, 7, '2026-01-01', 280.00, 10, 0, NULL, NULL, NULL, '2025-12-14 00:27:41', '2025-12-14 00:27:41'),
(1100, 4, 7, '2026-01-02', 280.00, 10, 0, NULL, NULL, NULL, '2025-12-14 00:27:41', '2025-12-14 00:27:41'),
(1101, 4, 7, '2026-01-03', 280.00, 10, 0, NULL, NULL, NULL, '2025-12-14 00:27:41', '2025-12-14 00:27:41'),
(1102, 4, 7, '2026-01-04', 280.00, 10, 0, NULL, NULL, NULL, '2025-12-14 00:27:41', '2025-12-14 00:27:41'),
(1103, 4, 7, '2026-01-05', 280.00, 10, 0, NULL, NULL, NULL, '2025-12-14 00:27:41', '2025-12-14 00:27:41'),
(1104, 4, 7, '2026-01-06', 280.00, 10, 0, NULL, NULL, NULL, '2025-12-14 00:27:41', '2025-12-14 00:27:41'),
(1105, 4, 7, '2026-01-07', 280.00, 10, 0, NULL, NULL, NULL, '2025-12-14 00:27:41', '2025-12-14 00:27:41'),
(1106, 4, 7, '2026-01-08', 280.00, 10, 0, NULL, NULL, NULL, '2025-12-14 00:27:41', '2025-12-14 00:27:41'),
(1107, 4, 7, '2026-01-09', 280.00, 10, 0, NULL, NULL, NULL, '2025-12-14 00:27:41', '2025-12-14 00:27:41'),
(1108, 4, 7, '2026-01-10', 280.00, 10, 0, NULL, NULL, NULL, '2025-12-14 00:27:41', '2025-12-14 00:27:41'),
(1109, 4, 7, '2026-01-11', 280.00, 10, 0, NULL, NULL, NULL, '2025-12-14 00:27:41', '2025-12-14 00:27:41'),
(1110, 4, 7, '2026-01-12', 280.00, 10, 0, NULL, NULL, NULL, '2025-12-14 00:27:41', '2025-12-14 00:27:41'),
(1111, 4, 8, '2025-12-14', 280.00, 10, 0, NULL, NULL, NULL, '2025-12-14 00:27:41', '2025-12-14 00:27:41'),
(1112, 4, 8, '2025-12-15', 280.00, 10, 0, NULL, NULL, NULL, '2025-12-14 00:27:41', '2025-12-14 00:27:41'),
(1113, 4, 8, '2025-12-16', 280.00, 10, 0, NULL, NULL, NULL, '2025-12-14 00:27:41', '2025-12-14 00:27:41'),
(1114, 4, 8, '2025-12-17', 280.00, 10, 0, NULL, NULL, NULL, '2025-12-14 00:27:41', '2025-12-14 00:27:41'),
(1115, 4, 8, '2025-12-18', 280.00, 10, 0, NULL, NULL, NULL, '2025-12-14 00:27:41', '2025-12-14 00:27:41'),
(1116, 4, 8, '2025-12-19', 280.00, 10, 0, NULL, NULL, NULL, '2025-12-14 00:27:41', '2025-12-14 00:27:41'),
(1117, 4, 8, '2025-12-20', 280.00, 10, 0, NULL, NULL, NULL, '2025-12-14 00:27:41', '2025-12-14 00:27:41'),
(1118, 4, 8, '2025-12-21', 280.00, 10, 0, NULL, NULL, NULL, '2025-12-14 00:27:41', '2025-12-14 00:27:41'),
(1119, 4, 8, '2025-12-22', 280.00, 10, 0, NULL, NULL, NULL, '2025-12-14 00:27:41', '2025-12-14 00:27:41'),
(1120, 4, 8, '2025-12-23', 280.00, 10, 0, NULL, NULL, NULL, '2025-12-14 00:27:41', '2025-12-14 00:27:41'),
(1121, 4, 8, '2025-12-24', 280.00, 10, 0, NULL, NULL, NULL, '2025-12-14 00:27:41', '2025-12-14 00:27:41'),
(1122, 4, 8, '2025-12-25', 280.00, 10, 0, NULL, NULL, NULL, '2025-12-14 00:27:41', '2025-12-14 00:27:41'),
(1123, 4, 8, '2025-12-26', 280.00, 10, 0, NULL, NULL, NULL, '2025-12-14 00:27:41', '2025-12-14 00:27:41'),
(1124, 4, 8, '2025-12-27', 280.00, 10, 0, NULL, NULL, NULL, '2025-12-14 00:27:41', '2025-12-14 00:27:41'),
(1125, 4, 8, '2025-12-28', 280.00, 10, 0, NULL, NULL, NULL, '2025-12-14 00:27:41', '2025-12-14 00:27:41'),
(1126, 4, 8, '2025-12-29', 280.00, 10, 0, NULL, NULL, NULL, '2025-12-14 00:27:41', '2025-12-14 00:27:41'),
(1127, 4, 8, '2025-12-30', 280.00, 10, 0, NULL, NULL, NULL, '2025-12-14 00:27:41', '2025-12-14 00:27:41'),
(1128, 4, 8, '2025-12-31', 280.00, 10, 0, NULL, NULL, NULL, '2025-12-14 00:27:41', '2025-12-14 00:27:41'),
(1129, 4, 8, '2026-01-01', 280.00, 10, 0, NULL, NULL, NULL, '2025-12-14 00:27:41', '2025-12-14 00:27:41'),
(1130, 4, 8, '2026-01-02', 280.00, 10, 0, NULL, NULL, NULL, '2025-12-14 00:27:41', '2025-12-14 00:27:41'),
(1131, 4, 8, '2026-01-03', 280.00, 10, 0, NULL, NULL, NULL, '2025-12-14 00:27:41', '2025-12-14 00:27:41'),
(1132, 4, 8, '2026-01-04', 280.00, 10, 0, NULL, NULL, NULL, '2025-12-14 00:27:41', '2025-12-14 00:27:41'),
(1133, 4, 8, '2026-01-05', 280.00, 10, 0, NULL, NULL, NULL, '2025-12-14 00:27:41', '2025-12-14 00:27:41'),
(1134, 4, 8, '2026-01-06', 280.00, 10, 0, NULL, NULL, NULL, '2025-12-14 00:27:41', '2025-12-14 00:27:41'),
(1135, 4, 8, '2026-01-07', 280.00, 10, 0, NULL, NULL, NULL, '2025-12-14 00:27:41', '2025-12-14 00:27:41'),
(1136, 4, 8, '2026-01-08', 280.00, 10, 0, NULL, NULL, NULL, '2025-12-14 00:27:41', '2025-12-14 00:27:41'),
(1137, 4, 8, '2026-01-09', 280.00, 10, 0, NULL, NULL, NULL, '2025-12-14 00:27:41', '2025-12-14 00:27:41'),
(1138, 4, 8, '2026-01-10', 280.00, 10, 0, NULL, NULL, NULL, '2025-12-14 00:27:41', '2025-12-14 00:27:41'),
(1139, 4, 8, '2026-01-11', 280.00, 10, 0, NULL, NULL, NULL, '2025-12-14 00:27:41', '2025-12-14 00:27:41'),
(1140, 4, 8, '2026-01-12', 280.00, 10, 0, NULL, NULL, NULL, '2025-12-14 00:27:41', '2025-12-14 00:27:41'),
(1141, 4, 9, '2025-12-14', 300.00, 10, 0, NULL, NULL, NULL, '2025-12-14 00:27:41', '2025-12-14 00:27:41'),
(1142, 4, 9, '2025-12-15', 300.00, 10, 0, NULL, NULL, NULL, '2025-12-14 00:27:41', '2025-12-14 00:27:41'),
(1143, 4, 9, '2025-12-16', 300.00, 10, 0, NULL, NULL, NULL, '2025-12-14 00:27:41', '2025-12-14 00:27:41'),
(1144, 4, 9, '2025-12-17', 300.00, 10, 0, NULL, NULL, NULL, '2025-12-14 00:27:41', '2025-12-14 00:27:41'),
(1145, 4, 9, '2025-12-18', 300.00, 10, 0, NULL, NULL, NULL, '2025-12-14 00:27:41', '2025-12-14 00:27:41'),
(1146, 4, 9, '2025-12-19', 300.00, 10, 0, NULL, NULL, NULL, '2025-12-14 00:27:41', '2025-12-14 00:27:41'),
(1147, 4, 9, '2025-12-20', 300.00, 10, 0, NULL, NULL, NULL, '2025-12-14 00:27:41', '2025-12-14 00:27:41'),
(1148, 4, 9, '2025-12-21', 300.00, 10, 0, NULL, NULL, NULL, '2025-12-14 00:27:41', '2025-12-14 00:27:41'),
(1149, 4, 9, '2025-12-22', 300.00, 10, 0, NULL, NULL, NULL, '2025-12-14 00:27:41', '2025-12-14 00:27:41'),
(1150, 4, 9, '2025-12-23', 300.00, 10, 0, NULL, NULL, NULL, '2025-12-14 00:27:41', '2025-12-14 00:27:41'),
(1151, 4, 9, '2025-12-24', 300.00, 10, 0, NULL, NULL, NULL, '2025-12-14 00:27:41', '2025-12-14 00:27:41'),
(1152, 4, 9, '2025-12-25', 300.00, 10, 0, NULL, NULL, NULL, '2025-12-14 00:27:41', '2025-12-14 00:27:41'),
(1153, 4, 9, '2025-12-26', 300.00, 10, 0, NULL, NULL, NULL, '2025-12-14 00:27:41', '2025-12-14 00:27:41'),
(1154, 4, 9, '2025-12-27', 300.00, 10, 0, NULL, NULL, NULL, '2025-12-14 00:27:41', '2025-12-14 00:27:41'),
(1155, 4, 9, '2025-12-28', 300.00, 10, 0, NULL, NULL, NULL, '2025-12-14 00:27:41', '2025-12-14 00:27:41'),
(1156, 4, 9, '2025-12-29', 300.00, 10, 0, NULL, NULL, NULL, '2025-12-14 00:27:41', '2025-12-14 00:27:41'),
(1157, 4, 9, '2025-12-30', 300.00, 10, 0, NULL, NULL, NULL, '2025-12-14 00:27:41', '2025-12-14 00:27:41'),
(1158, 4, 9, '2025-12-31', 300.00, 10, 0, NULL, NULL, NULL, '2025-12-14 00:27:41', '2025-12-14 00:27:41'),
(1159, 4, 9, '2026-01-01', 300.00, 10, 0, NULL, NULL, NULL, '2025-12-14 00:27:41', '2025-12-14 00:27:41'),
(1160, 4, 9, '2026-01-02', 300.00, 10, 0, NULL, NULL, NULL, '2025-12-14 00:27:41', '2025-12-14 00:27:41'),
(1161, 4, 9, '2026-01-03', 300.00, 10, 0, NULL, NULL, NULL, '2025-12-14 00:27:41', '2025-12-14 00:27:41'),
(1162, 4, 9, '2026-01-04', 300.00, 10, 0, NULL, NULL, NULL, '2025-12-14 00:27:41', '2025-12-14 00:27:41'),
(1163, 4, 9, '2026-01-05', 300.00, 10, 0, NULL, NULL, NULL, '2025-12-14 00:27:41', '2025-12-14 00:27:41'),
(1164, 4, 9, '2026-01-06', 300.00, 10, 0, NULL, NULL, NULL, '2025-12-14 00:27:41', '2025-12-14 00:27:41'),
(1165, 4, 9, '2026-01-07', 300.00, 10, 0, NULL, NULL, NULL, '2025-12-14 00:27:41', '2025-12-14 00:27:41'),
(1166, 4, 9, '2026-01-08', 300.00, 10, 0, NULL, NULL, NULL, '2025-12-14 00:27:41', '2025-12-14 00:27:41'),
(1167, 4, 9, '2026-01-09', 300.00, 10, 0, NULL, NULL, NULL, '2025-12-14 00:27:41', '2025-12-14 00:27:41'),
(1168, 4, 9, '2026-01-10', 300.00, 10, 0, NULL, NULL, NULL, '2025-12-14 00:27:41', '2025-12-14 00:27:41'),
(1169, 4, 9, '2026-01-11', 300.00, 10, 0, NULL, NULL, NULL, '2025-12-14 00:27:41', '2025-12-14 00:27:41'),
(1170, 4, 9, '2026-01-12', 300.00, 10, 0, NULL, NULL, NULL, '2025-12-14 00:27:41', '2025-12-14 00:27:41'),
(1171, 4, 10, '2025-12-14', 340.00, 10, 0, NULL, NULL, NULL, '2025-12-14 00:27:41', '2025-12-14 00:27:41'),
(1172, 4, 10, '2025-12-15', 340.00, 10, 0, NULL, NULL, NULL, '2025-12-14 00:27:41', '2025-12-14 00:27:41'),
(1173, 4, 10, '2025-12-16', 340.00, 10, 0, NULL, NULL, NULL, '2025-12-14 00:27:41', '2025-12-14 00:27:41'),
(1174, 4, 10, '2025-12-17', 340.00, 10, 0, NULL, NULL, NULL, '2025-12-14 00:27:41', '2025-12-14 00:27:41'),
(1175, 4, 10, '2025-12-18', 340.00, 10, 0, NULL, NULL, NULL, '2025-12-14 00:27:41', '2025-12-14 00:27:41'),
(1176, 4, 10, '2025-12-19', 340.00, 10, 0, NULL, NULL, NULL, '2025-12-14 00:27:41', '2025-12-14 00:27:41'),
(1177, 4, 10, '2025-12-20', 340.00, 10, 0, NULL, NULL, NULL, '2025-12-14 00:27:41', '2025-12-14 00:27:41'),
(1178, 4, 10, '2025-12-21', 340.00, 10, 0, NULL, NULL, NULL, '2025-12-14 00:27:41', '2025-12-14 00:27:41'),
(1179, 4, 10, '2025-12-22', 340.00, 10, 0, NULL, NULL, NULL, '2025-12-14 00:27:41', '2025-12-14 00:27:41'),
(1180, 4, 10, '2025-12-23', 340.00, 10, 0, NULL, NULL, NULL, '2025-12-14 00:27:41', '2025-12-14 00:27:41'),
(1181, 4, 10, '2025-12-24', 340.00, 10, 0, NULL, NULL, NULL, '2025-12-14 00:27:41', '2025-12-14 00:27:41'),
(1182, 4, 10, '2025-12-25', 340.00, 10, 0, NULL, NULL, NULL, '2025-12-14 00:27:41', '2025-12-14 00:27:41'),
(1183, 4, 10, '2025-12-26', 340.00, 10, 0, NULL, NULL, NULL, '2025-12-14 00:27:41', '2025-12-14 00:27:41'),
(1184, 4, 10, '2025-12-27', 340.00, 10, 0, NULL, NULL, NULL, '2025-12-14 00:27:41', '2025-12-14 00:27:41'),
(1185, 4, 10, '2025-12-28', 340.00, 10, 0, NULL, NULL, NULL, '2025-12-14 00:27:41', '2025-12-14 00:27:41'),
(1186, 4, 10, '2025-12-29', 340.00, 10, 0, NULL, NULL, NULL, '2025-12-14 00:27:41', '2025-12-14 00:27:41'),
(1187, 4, 10, '2025-12-30', 340.00, 10, 0, NULL, NULL, NULL, '2025-12-14 00:27:41', '2025-12-14 00:27:41'),
(1188, 4, 10, '2025-12-31', 340.00, 10, 0, NULL, NULL, NULL, '2025-12-14 00:27:41', '2025-12-14 00:27:41'),
(1189, 4, 10, '2026-01-01', 340.00, 10, 0, NULL, NULL, NULL, '2025-12-14 00:27:41', '2025-12-14 00:27:41'),
(1190, 4, 10, '2026-01-02', 340.00, 10, 0, NULL, NULL, NULL, '2025-12-14 00:27:41', '2025-12-14 00:27:41'),
(1191, 4, 10, '2026-01-03', 340.00, 10, 0, NULL, NULL, NULL, '2025-12-14 00:27:41', '2025-12-14 00:27:41'),
(1192, 4, 10, '2026-01-04', 340.00, 10, 0, NULL, NULL, NULL, '2025-12-14 00:27:41', '2025-12-14 00:27:41'),
(1193, 4, 10, '2026-01-05', 340.00, 10, 0, NULL, NULL, NULL, '2025-12-14 00:27:41', '2025-12-14 00:27:41'),
(1194, 4, 10, '2026-01-06', 340.00, 10, 0, NULL, NULL, NULL, '2025-12-14 00:27:41', '2025-12-14 00:27:41'),
(1195, 4, 10, '2026-01-07', 340.00, 10, 0, NULL, NULL, NULL, '2025-12-14 00:27:41', '2025-12-14 00:27:41'),
(1196, 4, 10, '2026-01-08', 340.00, 10, 0, NULL, NULL, NULL, '2025-12-14 00:27:41', '2025-12-14 00:27:41'),
(1197, 4, 10, '2026-01-09', 340.00, 10, 0, NULL, NULL, NULL, '2025-12-14 00:27:41', '2025-12-14 00:27:41'),
(1198, 4, 10, '2026-01-10', 340.00, 10, 0, NULL, NULL, NULL, '2025-12-14 00:27:41', '2025-12-14 00:27:41'),
(1199, 4, 10, '2026-01-11', 340.00, 10, 0, NULL, NULL, NULL, '2025-12-14 00:27:41', '2025-12-14 00:27:41'),
(1200, 4, 10, '2026-01-12', 340.00, 10, 0, NULL, NULL, NULL, '2025-12-14 00:27:41', '2025-12-14 00:27:41'),
(1201, 5, 1, '2025-12-14', 600.00, 10, 0, NULL, NULL, NULL, '2025-12-14 00:27:41', '2025-12-14 00:27:41'),
(1202, 5, 1, '2025-12-15', 600.00, 10, 0, NULL, NULL, NULL, '2025-12-14 00:27:41', '2025-12-14 00:27:41'),
(1203, 5, 1, '2025-12-16', 600.00, 10, 0, NULL, NULL, NULL, '2025-12-14 00:27:41', '2025-12-14 00:27:41'),
(1204, 5, 1, '2025-12-17', 600.00, 10, 0, NULL, NULL, NULL, '2025-12-14 00:27:41', '2025-12-14 00:27:41'),
(1205, 5, 1, '2025-12-18', 600.00, 10, 0, NULL, NULL, NULL, '2025-12-14 00:27:41', '2025-12-14 00:27:41'),
(1206, 5, 1, '2025-12-19', 600.00, 10, 0, NULL, NULL, NULL, '2025-12-14 00:27:41', '2025-12-14 00:27:41'),
(1207, 5, 1, '2025-12-20', 600.00, 10, 0, NULL, NULL, NULL, '2025-12-14 00:27:41', '2025-12-14 00:27:41'),
(1208, 5, 1, '2025-12-21', 600.00, 10, 0, NULL, NULL, NULL, '2025-12-14 00:27:41', '2025-12-14 00:27:41'),
(1209, 5, 1, '2025-12-22', 600.00, 10, 0, NULL, NULL, NULL, '2025-12-14 00:27:41', '2025-12-14 00:27:41'),
(1210, 5, 1, '2025-12-23', 600.00, 10, 0, NULL, NULL, NULL, '2025-12-14 00:27:41', '2025-12-14 00:27:41'),
(1211, 5, 1, '2025-12-24', 600.00, 10, 0, NULL, NULL, NULL, '2025-12-14 00:27:41', '2025-12-14 00:27:41'),
(1212, 5, 1, '2025-12-25', 600.00, 10, 0, NULL, NULL, NULL, '2025-12-14 00:27:41', '2025-12-14 00:27:41'),
(1213, 5, 1, '2025-12-26', 600.00, 10, 0, NULL, NULL, NULL, '2025-12-14 00:27:41', '2025-12-14 00:27:41'),
(1214, 5, 1, '2025-12-27', 600.00, 10, 0, NULL, NULL, NULL, '2025-12-14 00:27:41', '2025-12-14 00:27:41'),
(1215, 5, 1, '2025-12-28', 600.00, 10, 0, NULL, NULL, NULL, '2025-12-14 00:27:41', '2025-12-14 00:27:41'),
(1216, 5, 1, '2025-12-29', 600.00, 10, 0, NULL, NULL, NULL, '2025-12-14 00:27:41', '2025-12-14 00:27:41'),
(1217, 5, 1, '2025-12-30', 600.00, 10, 0, NULL, NULL, NULL, '2025-12-14 00:27:41', '2025-12-14 00:27:41'),
(1218, 5, 1, '2025-12-31', 600.00, 10, 0, NULL, NULL, NULL, '2025-12-14 00:27:41', '2025-12-14 00:27:41'),
(1219, 5, 1, '2026-01-01', 600.00, 10, 0, NULL, NULL, NULL, '2025-12-14 00:27:41', '2025-12-14 00:27:41'),
(1220, 5, 1, '2026-01-02', 600.00, 10, 0, NULL, NULL, NULL, '2025-12-14 00:27:41', '2025-12-14 00:27:41'),
(1221, 5, 1, '2026-01-03', 600.00, 10, 0, NULL, NULL, NULL, '2025-12-14 00:27:41', '2025-12-14 00:27:41'),
(1222, 5, 1, '2026-01-04', 600.00, 10, 0, NULL, NULL, NULL, '2025-12-14 00:27:41', '2025-12-14 00:27:41'),
(1223, 5, 1, '2026-01-05', 600.00, 10, 0, NULL, NULL, NULL, '2025-12-14 00:27:41', '2025-12-14 00:27:41'),
(1224, 5, 1, '2026-01-06', 600.00, 10, 0, NULL, NULL, NULL, '2025-12-14 00:27:41', '2025-12-14 00:27:41'),
(1225, 5, 1, '2026-01-07', 600.00, 10, 0, NULL, NULL, NULL, '2025-12-14 00:27:41', '2025-12-14 00:27:41'),
(1226, 5, 1, '2026-01-08', 600.00, 10, 0, NULL, NULL, NULL, '2025-12-14 00:27:41', '2025-12-14 00:27:41'),
(1227, 5, 1, '2026-01-09', 600.00, 10, 0, NULL, NULL, NULL, '2025-12-14 00:27:41', '2025-12-14 00:27:41'),
(1228, 5, 1, '2026-01-10', 600.00, 10, 0, NULL, NULL, NULL, '2025-12-14 00:27:41', '2025-12-14 00:27:41'),
(1229, 5, 1, '2026-01-11', 600.00, 10, 0, NULL, NULL, NULL, '2025-12-14 00:27:41', '2025-12-14 00:27:41'),
(1230, 5, 1, '2026-01-12', 600.00, 10, 0, NULL, NULL, NULL, '2025-12-14 00:27:41', '2025-12-14 00:27:41'),
(1231, 5, 2, '2025-12-14', 600.00, 10, 0, NULL, NULL, NULL, '2025-12-14 00:27:41', '2025-12-14 00:27:41'),
(1232, 5, 2, '2025-12-15', 600.00, 10, 0, NULL, NULL, NULL, '2025-12-14 00:27:41', '2025-12-14 00:27:41'),
(1233, 5, 2, '2025-12-16', 600.00, 10, 0, NULL, NULL, NULL, '2025-12-14 00:27:41', '2025-12-14 00:27:41'),
(1234, 5, 2, '2025-12-17', 600.00, 10, 0, NULL, NULL, NULL, '2025-12-14 00:27:41', '2025-12-14 00:27:41'),
(1235, 5, 2, '2025-12-18', 600.00, 10, 0, NULL, NULL, NULL, '2025-12-14 00:27:41', '2025-12-14 00:27:41'),
(1236, 5, 2, '2025-12-19', 600.00, 10, 0, NULL, NULL, NULL, '2025-12-14 00:27:41', '2025-12-14 00:27:41'),
(1237, 5, 2, '2025-12-20', 600.00, 10, 0, NULL, NULL, NULL, '2025-12-14 00:27:41', '2025-12-14 00:27:41'),
(1238, 5, 2, '2025-12-21', 600.00, 10, 0, NULL, NULL, NULL, '2025-12-14 00:27:41', '2025-12-14 00:27:41'),
(1239, 5, 2, '2025-12-22', 600.00, 10, 0, NULL, NULL, NULL, '2025-12-14 00:27:41', '2025-12-14 00:27:41'),
(1240, 5, 2, '2025-12-23', 600.00, 10, 0, NULL, NULL, NULL, '2025-12-14 00:27:41', '2025-12-14 00:27:41'),
(1241, 5, 2, '2025-12-24', 600.00, 10, 0, NULL, NULL, NULL, '2025-12-14 00:27:41', '2025-12-14 00:27:41'),
(1242, 5, 2, '2025-12-25', 600.00, 10, 0, NULL, NULL, NULL, '2025-12-14 00:27:41', '2025-12-14 00:27:41'),
(1243, 5, 2, '2025-12-26', 600.00, 10, 0, NULL, NULL, NULL, '2025-12-14 00:27:41', '2025-12-14 00:27:41'),
(1244, 5, 2, '2025-12-27', 600.00, 10, 0, NULL, NULL, NULL, '2025-12-14 00:27:41', '2025-12-14 00:27:41'),
(1245, 5, 2, '2025-12-28', 600.00, 10, 0, NULL, NULL, NULL, '2025-12-14 00:27:41', '2025-12-14 00:27:41'),
(1246, 5, 2, '2025-12-29', 600.00, 10, 0, NULL, NULL, NULL, '2025-12-14 00:27:41', '2025-12-14 00:27:41'),
(1247, 5, 2, '2025-12-30', 600.00, 10, 0, NULL, NULL, NULL, '2025-12-14 00:27:41', '2025-12-14 00:27:41'),
(1248, 5, 2, '2025-12-31', 600.00, 10, 0, NULL, NULL, NULL, '2025-12-14 00:27:41', '2025-12-14 00:27:41'),
(1249, 5, 2, '2026-01-01', 600.00, 10, 0, NULL, NULL, NULL, '2025-12-14 00:27:41', '2025-12-14 00:27:41'),
(1250, 5, 2, '2026-01-02', 600.00, 10, 0, NULL, NULL, NULL, '2025-12-14 00:27:41', '2025-12-14 00:27:41'),
(1251, 5, 2, '2026-01-03', 600.00, 10, 0, NULL, NULL, NULL, '2025-12-14 00:27:41', '2025-12-14 00:27:41'),
(1252, 5, 2, '2026-01-04', 600.00, 10, 0, NULL, NULL, NULL, '2025-12-14 00:27:41', '2025-12-14 00:27:41'),
(1253, 5, 2, '2026-01-05', 600.00, 10, 0, NULL, NULL, NULL, '2025-12-14 00:27:41', '2025-12-14 00:27:41'),
(1254, 5, 2, '2026-01-06', 600.00, 10, 0, NULL, NULL, NULL, '2025-12-14 00:27:41', '2025-12-14 00:27:41'),
(1255, 5, 2, '2026-01-07', 600.00, 10, 0, NULL, NULL, NULL, '2025-12-14 00:27:41', '2025-12-14 00:27:41'),
(1256, 5, 2, '2026-01-08', 600.00, 10, 0, NULL, NULL, NULL, '2025-12-14 00:27:41', '2025-12-14 00:27:41'),
(1257, 5, 2, '2026-01-09', 600.00, 10, 0, NULL, NULL, NULL, '2025-12-14 00:27:41', '2025-12-14 00:27:41'),
(1258, 5, 2, '2026-01-10', 600.00, 10, 0, NULL, NULL, NULL, '2025-12-14 00:27:41', '2025-12-14 00:27:41'),
(1259, 5, 2, '2026-01-11', 600.00, 10, 0, NULL, NULL, NULL, '2025-12-14 00:27:41', '2025-12-14 00:27:41'),
(1260, 5, 2, '2026-01-12', 600.00, 10, 0, NULL, NULL, NULL, '2025-12-14 00:27:41', '2025-12-14 00:27:41'),
(1261, 5, 3, '2025-12-14', 480.00, 10, 0, NULL, NULL, NULL, '2025-12-14 00:27:41', '2025-12-14 00:27:41'),
(1262, 5, 3, '2025-12-15', 480.00, 10, 0, NULL, NULL, NULL, '2025-12-14 00:27:41', '2025-12-14 00:27:41'),
(1263, 5, 3, '2025-12-16', 480.00, 10, 0, NULL, NULL, NULL, '2025-12-14 00:27:41', '2025-12-14 00:27:41'),
(1264, 5, 3, '2025-12-17', 480.00, 10, 0, NULL, NULL, NULL, '2025-12-14 00:27:41', '2025-12-14 00:27:41'),
(1265, 5, 3, '2025-12-18', 480.00, 10, 0, NULL, NULL, NULL, '2025-12-14 00:27:41', '2025-12-14 00:27:41'),
(1266, 5, 3, '2025-12-19', 480.00, 10, 0, NULL, NULL, NULL, '2025-12-14 00:27:41', '2025-12-14 00:27:41'),
(1267, 5, 3, '2025-12-20', 480.00, 10, 0, NULL, NULL, NULL, '2025-12-14 00:27:41', '2025-12-14 00:27:41'),
(1268, 5, 3, '2025-12-21', 480.00, 10, 0, NULL, NULL, NULL, '2025-12-14 00:27:41', '2025-12-14 00:27:41'),
(1269, 5, 3, '2025-12-22', 480.00, 10, 0, NULL, NULL, NULL, '2025-12-14 00:27:41', '2025-12-14 00:27:41'),
(1270, 5, 3, '2025-12-23', 480.00, 10, 0, NULL, NULL, NULL, '2025-12-14 00:27:41', '2025-12-14 00:27:41'),
(1271, 5, 3, '2025-12-24', 480.00, 10, 0, NULL, NULL, NULL, '2025-12-14 00:27:41', '2025-12-14 00:27:41'),
(1272, 5, 3, '2025-12-25', 480.00, 10, 0, NULL, NULL, NULL, '2025-12-14 00:27:41', '2025-12-14 00:27:41'),
(1273, 5, 3, '2025-12-26', 480.00, 10, 0, NULL, NULL, NULL, '2025-12-14 00:27:41', '2025-12-14 00:27:41'),
(1274, 5, 3, '2025-12-27', 480.00, 10, 0, NULL, NULL, NULL, '2025-12-14 00:27:41', '2025-12-14 00:27:41'),
(1275, 5, 3, '2025-12-28', 480.00, 10, 0, NULL, NULL, NULL, '2025-12-14 00:27:41', '2025-12-14 00:27:41'),
(1276, 5, 3, '2025-12-29', 480.00, 10, 0, NULL, NULL, NULL, '2025-12-14 00:27:41', '2025-12-14 00:27:41'),
(1277, 5, 3, '2025-12-30', 480.00, 10, 0, NULL, NULL, NULL, '2025-12-14 00:27:41', '2025-12-14 00:27:41'),
(1278, 5, 3, '2025-12-31', 480.00, 10, 0, NULL, NULL, NULL, '2025-12-14 00:27:41', '2025-12-14 00:27:41'),
(1279, 5, 3, '2026-01-01', 480.00, 10, 0, NULL, NULL, NULL, '2025-12-14 00:27:41', '2025-12-14 00:27:41'),
(1280, 5, 3, '2026-01-02', 480.00, 10, 0, NULL, NULL, NULL, '2025-12-14 00:27:41', '2025-12-14 00:27:41'),
(1281, 5, 3, '2026-01-03', 480.00, 10, 0, NULL, NULL, NULL, '2025-12-14 00:27:41', '2025-12-14 00:27:41'),
(1282, 5, 3, '2026-01-04', 480.00, 10, 0, NULL, NULL, NULL, '2025-12-14 00:27:41', '2025-12-14 00:27:41'),
(1283, 5, 3, '2026-01-05', 480.00, 10, 0, NULL, NULL, NULL, '2025-12-14 00:27:41', '2025-12-14 00:27:41'),
(1284, 5, 3, '2026-01-06', 480.00, 10, 0, NULL, NULL, NULL, '2025-12-14 00:27:41', '2025-12-14 00:27:41'),
(1285, 5, 3, '2026-01-07', 480.00, 10, 0, NULL, NULL, NULL, '2025-12-14 00:27:41', '2025-12-14 00:27:41'),
(1286, 5, 3, '2026-01-08', 480.00, 10, 0, NULL, NULL, NULL, '2025-12-14 00:27:41', '2025-12-14 00:27:41'),
(1287, 5, 3, '2026-01-09', 480.00, 10, 0, NULL, NULL, NULL, '2025-12-14 00:27:41', '2025-12-14 00:27:41'),
(1288, 5, 3, '2026-01-10', 480.00, 10, 0, NULL, NULL, NULL, '2025-12-14 00:27:41', '2025-12-14 00:27:41'),
(1289, 5, 3, '2026-01-11', 480.00, 10, 0, NULL, NULL, NULL, '2025-12-14 00:27:41', '2025-12-14 00:27:41'),
(1290, 5, 3, '2026-01-12', 480.00, 10, 0, NULL, NULL, NULL, '2025-12-14 00:27:41', '2025-12-14 00:27:41'),
(1291, 5, 4, '2025-12-14', 480.00, 10, 0, NULL, NULL, NULL, '2025-12-14 00:27:41', '2025-12-14 00:27:41'),
(1292, 5, 4, '2025-12-15', 480.00, 10, 0, NULL, NULL, NULL, '2025-12-14 00:27:41', '2025-12-14 00:27:41'),
(1293, 5, 4, '2025-12-16', 480.00, 10, 0, NULL, NULL, NULL, '2025-12-14 00:27:41', '2025-12-14 00:27:41'),
(1294, 5, 4, '2025-12-17', 480.00, 10, 0, NULL, NULL, NULL, '2025-12-14 00:27:41', '2025-12-14 00:27:41'),
(1295, 5, 4, '2025-12-18', 480.00, 10, 0, NULL, NULL, NULL, '2025-12-14 00:27:41', '2025-12-14 00:27:41'),
(1296, 5, 4, '2025-12-19', 480.00, 10, 0, NULL, NULL, NULL, '2025-12-14 00:27:41', '2025-12-14 00:27:41'),
(1297, 5, 4, '2025-12-20', 480.00, 10, 0, NULL, NULL, NULL, '2025-12-14 00:27:41', '2025-12-14 00:27:41'),
(1298, 5, 4, '2025-12-21', 480.00, 10, 0, NULL, NULL, NULL, '2025-12-14 00:27:41', '2025-12-14 00:27:41'),
(1299, 5, 4, '2025-12-22', 480.00, 10, 0, NULL, NULL, NULL, '2025-12-14 00:27:41', '2025-12-14 00:27:41'),
(1300, 5, 4, '2025-12-23', 480.00, 10, 0, NULL, NULL, NULL, '2025-12-14 00:27:41', '2025-12-14 00:27:41'),
(1301, 5, 4, '2025-12-24', 480.00, 10, 0, NULL, NULL, NULL, '2025-12-14 00:27:41', '2025-12-14 00:27:41'),
(1302, 5, 4, '2025-12-25', 480.00, 10, 0, NULL, NULL, NULL, '2025-12-14 00:27:41', '2025-12-14 00:27:41'),
(1303, 5, 4, '2025-12-26', 480.00, 10, 0, NULL, NULL, NULL, '2025-12-14 00:27:41', '2025-12-14 00:27:41'),
(1304, 5, 4, '2025-12-27', 480.00, 10, 0, NULL, NULL, NULL, '2025-12-14 00:27:41', '2025-12-14 00:27:41'),
(1305, 5, 4, '2025-12-28', 480.00, 10, 0, NULL, NULL, NULL, '2025-12-14 00:27:41', '2025-12-14 00:27:41'),
(1306, 5, 4, '2025-12-29', 480.00, 10, 0, NULL, NULL, NULL, '2025-12-14 00:27:41', '2025-12-14 00:27:41'),
(1307, 5, 4, '2025-12-30', 480.00, 10, 0, NULL, NULL, NULL, '2025-12-14 00:27:41', '2025-12-14 00:27:41'),
(1308, 5, 4, '2025-12-31', 480.00, 10, 0, NULL, NULL, NULL, '2025-12-14 00:27:41', '2025-12-14 00:27:41'),
(1309, 5, 4, '2026-01-01', 480.00, 10, 0, NULL, NULL, NULL, '2025-12-14 00:27:41', '2025-12-14 00:27:41'),
(1310, 5, 4, '2026-01-02', 480.00, 10, 0, NULL, NULL, NULL, '2025-12-14 00:27:41', '2025-12-14 00:27:41'),
(1311, 5, 4, '2026-01-03', 480.00, 10, 0, NULL, NULL, NULL, '2025-12-14 00:27:41', '2025-12-14 00:27:41'),
(1312, 5, 4, '2026-01-04', 480.00, 10, 0, NULL, NULL, NULL, '2025-12-14 00:27:41', '2025-12-14 00:27:41'),
(1313, 5, 4, '2026-01-05', 480.00, 10, 0, NULL, NULL, NULL, '2025-12-14 00:27:41', '2025-12-14 00:27:41'),
(1314, 5, 4, '2026-01-06', 480.00, 10, 0, NULL, NULL, NULL, '2025-12-14 00:27:41', '2025-12-14 00:27:41'),
(1315, 5, 4, '2026-01-07', 480.00, 10, 0, NULL, NULL, NULL, '2025-12-14 00:27:41', '2025-12-14 00:27:41'),
(1316, 5, 4, '2026-01-08', 480.00, 10, 0, NULL, NULL, NULL, '2025-12-14 00:27:41', '2025-12-14 00:27:41'),
(1317, 5, 4, '2026-01-09', 480.00, 10, 0, NULL, NULL, NULL, '2025-12-14 00:27:41', '2025-12-14 00:27:41'),
(1318, 5, 4, '2026-01-10', 480.00, 10, 0, NULL, NULL, NULL, '2025-12-14 00:27:41', '2025-12-14 00:27:41'),
(1319, 5, 4, '2026-01-11', 480.00, 10, 0, NULL, NULL, NULL, '2025-12-14 00:27:41', '2025-12-14 00:27:41'),
(1320, 5, 4, '2026-01-12', 480.00, 10, 0, NULL, NULL, NULL, '2025-12-14 00:27:41', '2025-12-14 00:27:41'),
(1321, 5, 5, '2025-12-14', 600.00, 10, 0, NULL, NULL, NULL, '2025-12-14 00:27:41', '2025-12-14 00:27:41'),
(1322, 5, 5, '2025-12-15', 600.00, 10, 0, NULL, NULL, NULL, '2025-12-14 00:27:41', '2025-12-14 00:27:41'),
(1323, 5, 5, '2025-12-16', 600.00, 10, 0, NULL, NULL, NULL, '2025-12-14 00:27:41', '2025-12-14 00:27:41'),
(1324, 5, 5, '2025-12-17', 600.00, 10, 0, NULL, NULL, NULL, '2025-12-14 00:27:41', '2025-12-14 00:27:41'),
(1325, 5, 5, '2025-12-18', 600.00, 10, 0, NULL, NULL, NULL, '2025-12-14 00:27:41', '2025-12-14 00:27:41'),
(1326, 5, 5, '2025-12-19', 600.00, 10, 0, NULL, NULL, NULL, '2025-12-14 00:27:41', '2025-12-14 00:27:41'),
(1327, 5, 5, '2025-12-20', 600.00, 10, 0, NULL, NULL, NULL, '2025-12-14 00:27:41', '2025-12-14 00:27:41'),
(1328, 5, 5, '2025-12-21', 600.00, 10, 0, NULL, NULL, NULL, '2025-12-14 00:27:41', '2025-12-14 00:27:41'),
(1329, 5, 5, '2025-12-22', 600.00, 10, 0, NULL, NULL, NULL, '2025-12-14 00:27:41', '2025-12-14 00:27:41'),
(1330, 5, 5, '2025-12-23', 600.00, 10, 0, NULL, NULL, NULL, '2025-12-14 00:27:41', '2025-12-14 00:27:41'),
(1331, 5, 5, '2025-12-24', 600.00, 10, 0, NULL, NULL, NULL, '2025-12-14 00:27:41', '2025-12-14 00:27:41'),
(1332, 5, 5, '2025-12-25', 600.00, 10, 0, NULL, NULL, NULL, '2025-12-14 00:27:41', '2025-12-14 00:27:41'),
(1333, 5, 5, '2025-12-26', 600.00, 10, 0, NULL, NULL, NULL, '2025-12-14 00:27:41', '2025-12-14 00:27:41'),
(1334, 5, 5, '2025-12-27', 600.00, 10, 0, NULL, NULL, NULL, '2025-12-14 00:27:41', '2025-12-14 00:27:41'),
(1335, 5, 5, '2025-12-28', 600.00, 10, 0, NULL, NULL, NULL, '2025-12-14 00:27:41', '2025-12-14 00:27:41'),
(1336, 5, 5, '2025-12-29', 600.00, 10, 0, NULL, NULL, NULL, '2025-12-14 00:27:41', '2025-12-14 00:27:41'),
(1337, 5, 5, '2025-12-30', 600.00, 10, 0, NULL, NULL, NULL, '2025-12-14 00:27:41', '2025-12-14 00:27:41'),
(1338, 5, 5, '2025-12-31', 600.00, 10, 0, NULL, NULL, NULL, '2025-12-14 00:27:41', '2025-12-14 00:27:41'),
(1339, 5, 5, '2026-01-01', 600.00, 10, 0, NULL, NULL, NULL, '2025-12-14 00:27:41', '2025-12-14 00:27:41'),
(1340, 5, 5, '2026-01-02', 600.00, 10, 0, NULL, NULL, NULL, '2025-12-14 00:27:41', '2025-12-14 00:27:41'),
(1341, 5, 5, '2026-01-03', 600.00, 10, 0, NULL, NULL, NULL, '2025-12-14 00:27:41', '2025-12-14 00:27:41'),
(1342, 5, 5, '2026-01-04', 600.00, 10, 0, NULL, NULL, NULL, '2025-12-14 00:27:41', '2025-12-14 00:27:41'),
(1343, 5, 5, '2026-01-05', 600.00, 10, 0, NULL, NULL, NULL, '2025-12-14 00:27:41', '2025-12-14 00:27:41'),
(1344, 5, 5, '2026-01-06', 600.00, 10, 0, NULL, NULL, NULL, '2025-12-14 00:27:41', '2025-12-14 00:27:41'),
(1345, 5, 5, '2026-01-07', 600.00, 10, 0, NULL, NULL, NULL, '2025-12-14 00:27:41', '2025-12-14 00:27:41'),
(1346, 5, 5, '2026-01-08', 600.00, 10, 0, NULL, NULL, NULL, '2025-12-14 00:27:41', '2025-12-14 00:27:41'),
(1347, 5, 5, '2026-01-09', 600.00, 10, 0, NULL, NULL, NULL, '2025-12-14 00:27:41', '2025-12-14 00:27:41'),
(1348, 5, 5, '2026-01-10', 600.00, 10, 0, NULL, NULL, NULL, '2025-12-14 00:27:41', '2025-12-14 00:27:41'),
(1349, 5, 5, '2026-01-11', 600.00, 10, 0, NULL, NULL, NULL, '2025-12-14 00:27:41', '2025-12-14 00:27:41'),
(1350, 5, 5, '2026-01-12', 600.00, 10, 0, NULL, NULL, NULL, '2025-12-14 00:27:41', '2025-12-14 00:27:41'),
(1351, 5, 6, '2025-12-14', 600.00, 10, 0, NULL, NULL, NULL, '2025-12-14 00:27:41', '2025-12-14 00:27:41'),
(1352, 5, 6, '2025-12-15', 600.00, 10, 0, NULL, NULL, NULL, '2025-12-14 00:27:41', '2025-12-14 00:27:41'),
(1353, 5, 6, '2025-12-16', 600.00, 10, 0, NULL, NULL, NULL, '2025-12-14 00:27:41', '2025-12-14 00:27:41'),
(1354, 5, 6, '2025-12-17', 600.00, 10, 0, NULL, NULL, NULL, '2025-12-14 00:27:41', '2025-12-14 00:27:41'),
(1355, 5, 6, '2025-12-18', 600.00, 10, 0, NULL, NULL, NULL, '2025-12-14 00:27:41', '2025-12-14 00:27:41'),
(1356, 5, 6, '2025-12-19', 600.00, 10, 0, NULL, NULL, NULL, '2025-12-14 00:27:41', '2025-12-14 00:27:41'),
(1357, 5, 6, '2025-12-20', 600.00, 10, 0, NULL, NULL, NULL, '2025-12-14 00:27:41', '2025-12-14 00:27:41'),
(1358, 5, 6, '2025-12-21', 600.00, 10, 0, NULL, NULL, NULL, '2025-12-14 00:27:41', '2025-12-14 00:27:41'),
(1359, 5, 6, '2025-12-22', 600.00, 10, 0, NULL, NULL, NULL, '2025-12-14 00:27:41', '2025-12-14 00:27:41'),
(1360, 5, 6, '2025-12-23', 600.00, 10, 0, NULL, NULL, NULL, '2025-12-14 00:27:41', '2025-12-14 00:27:41'),
(1361, 5, 6, '2025-12-24', 600.00, 10, 0, NULL, NULL, NULL, '2025-12-14 00:27:41', '2025-12-14 00:27:41'),
(1362, 5, 6, '2025-12-25', 600.00, 10, 0, NULL, NULL, NULL, '2025-12-14 00:27:41', '2025-12-14 00:27:41'),
(1363, 5, 6, '2025-12-26', 600.00, 10, 0, NULL, NULL, NULL, '2025-12-14 00:27:41', '2025-12-14 00:27:41'),
(1364, 5, 6, '2025-12-27', 600.00, 10, 0, NULL, NULL, NULL, '2025-12-14 00:27:41', '2025-12-14 00:27:41'),
(1365, 5, 6, '2025-12-28', 600.00, 10, 0, NULL, NULL, NULL, '2025-12-14 00:27:41', '2025-12-14 00:27:41'),
(1366, 5, 6, '2025-12-29', 600.00, 10, 0, NULL, NULL, NULL, '2025-12-14 00:27:41', '2025-12-14 00:27:41'),
(1367, 5, 6, '2025-12-30', 600.00, 10, 0, NULL, NULL, NULL, '2025-12-14 00:27:41', '2025-12-14 00:27:41'),
(1368, 5, 6, '2025-12-31', 600.00, 10, 0, NULL, NULL, NULL, '2025-12-14 00:27:41', '2025-12-14 00:27:41'),
(1369, 5, 6, '2026-01-01', 600.00, 10, 0, NULL, NULL, NULL, '2025-12-14 00:27:41', '2025-12-14 00:27:41'),
(1370, 5, 6, '2026-01-02', 600.00, 10, 0, NULL, NULL, NULL, '2025-12-14 00:27:41', '2025-12-14 00:27:41'),
(1371, 5, 6, '2026-01-03', 600.00, 10, 0, NULL, NULL, NULL, '2025-12-14 00:27:41', '2025-12-14 00:27:41'),
(1372, 5, 6, '2026-01-04', 600.00, 10, 0, NULL, NULL, NULL, '2025-12-14 00:27:41', '2025-12-14 00:27:41'),
(1373, 5, 6, '2026-01-05', 600.00, 10, 0, NULL, NULL, NULL, '2025-12-14 00:27:41', '2025-12-14 00:27:41'),
(1374, 5, 6, '2026-01-06', 600.00, 10, 0, NULL, NULL, NULL, '2025-12-14 00:27:41', '2025-12-14 00:27:41'),
(1375, 5, 6, '2026-01-07', 600.00, 10, 0, NULL, NULL, NULL, '2025-12-14 00:27:41', '2025-12-14 00:27:41'),
(1376, 5, 6, '2026-01-08', 600.00, 10, 0, NULL, NULL, NULL, '2025-12-14 00:27:41', '2025-12-14 00:27:41'),
(1377, 5, 6, '2026-01-09', 600.00, 10, 0, NULL, NULL, NULL, '2025-12-14 00:27:41', '2025-12-14 00:27:41'),
(1378, 5, 6, '2026-01-10', 600.00, 10, 0, NULL, NULL, NULL, '2025-12-14 00:27:41', '2025-12-14 00:27:41'),
(1379, 5, 6, '2026-01-11', 600.00, 10, 0, NULL, NULL, NULL, '2025-12-14 00:27:41', '2025-12-14 00:27:41'),
(1380, 5, 6, '2026-01-12', 600.00, 10, 0, NULL, NULL, NULL, '2025-12-14 00:27:41', '2025-12-14 00:27:41'),
(1381, 5, 7, '2025-12-14', 420.00, 10, 0, NULL, NULL, NULL, '2025-12-14 00:27:41', '2025-12-14 00:27:41'),
(1382, 5, 7, '2025-12-15', 420.00, 10, 0, NULL, NULL, NULL, '2025-12-14 00:27:41', '2025-12-14 00:27:41'),
(1383, 5, 7, '2025-12-16', 420.00, 10, 0, NULL, NULL, NULL, '2025-12-14 00:27:41', '2025-12-14 00:27:41'),
(1384, 5, 7, '2025-12-17', 420.00, 10, 0, NULL, NULL, NULL, '2025-12-14 00:27:41', '2025-12-14 00:27:41'),
(1385, 5, 7, '2025-12-18', 420.00, 10, 0, NULL, NULL, NULL, '2025-12-14 00:27:41', '2025-12-14 00:27:41'),
(1386, 5, 7, '2025-12-19', 420.00, 10, 0, NULL, NULL, NULL, '2025-12-14 00:27:41', '2025-12-14 00:27:41'),
(1387, 5, 7, '2025-12-20', 420.00, 10, 0, NULL, NULL, NULL, '2025-12-14 00:27:41', '2025-12-14 00:27:41'),
(1388, 5, 7, '2025-12-21', 420.00, 10, 0, NULL, NULL, NULL, '2025-12-14 00:27:41', '2025-12-14 00:27:41'),
(1389, 5, 7, '2025-12-22', 420.00, 10, 0, NULL, NULL, NULL, '2025-12-14 00:27:41', '2025-12-14 00:27:41'),
(1390, 5, 7, '2025-12-23', 420.00, 10, 0, NULL, NULL, NULL, '2025-12-14 00:27:41', '2025-12-14 00:27:41'),
(1391, 5, 7, '2025-12-24', 420.00, 10, 0, NULL, NULL, NULL, '2025-12-14 00:27:41', '2025-12-14 00:27:41'),
(1392, 5, 7, '2025-12-25', 420.00, 10, 0, NULL, NULL, NULL, '2025-12-14 00:27:41', '2025-12-14 00:27:41'),
(1393, 5, 7, '2025-12-26', 420.00, 10, 0, NULL, NULL, NULL, '2025-12-14 00:27:41', '2025-12-14 00:27:41'),
(1394, 5, 7, '2025-12-27', 420.00, 10, 0, NULL, NULL, NULL, '2025-12-14 00:27:41', '2025-12-14 00:27:41'),
(1395, 5, 7, '2025-12-28', 420.00, 10, 0, NULL, NULL, NULL, '2025-12-14 00:27:41', '2025-12-14 00:27:41'),
(1396, 5, 7, '2025-12-29', 420.00, 10, 0, NULL, NULL, NULL, '2025-12-14 00:27:41', '2025-12-14 00:27:41'),
(1397, 5, 7, '2025-12-30', 420.00, 10, 0, NULL, NULL, NULL, '2025-12-14 00:27:41', '2025-12-14 00:27:41'),
(1398, 5, 7, '2025-12-31', 420.00, 10, 0, NULL, NULL, NULL, '2025-12-14 00:27:41', '2025-12-14 00:27:41'),
(1399, 5, 7, '2026-01-01', 420.00, 10, 0, NULL, NULL, NULL, '2025-12-14 00:27:41', '2025-12-14 00:27:41'),
(1400, 5, 7, '2026-01-02', 420.00, 10, 0, NULL, NULL, NULL, '2025-12-14 00:27:41', '2025-12-14 00:27:41'),
(1401, 5, 7, '2026-01-03', 420.00, 10, 0, NULL, NULL, NULL, '2025-12-14 00:27:41', '2025-12-14 00:27:41'),
(1402, 5, 7, '2026-01-04', 420.00, 10, 0, NULL, NULL, NULL, '2025-12-14 00:27:41', '2025-12-14 00:27:41'),
(1403, 5, 7, '2026-01-05', 420.00, 10, 0, NULL, NULL, NULL, '2025-12-14 00:27:41', '2025-12-14 00:27:41'),
(1404, 5, 7, '2026-01-06', 420.00, 10, 0, NULL, NULL, NULL, '2025-12-14 00:27:41', '2025-12-14 00:27:41'),
(1405, 5, 7, '2026-01-07', 420.00, 10, 0, NULL, NULL, NULL, '2025-12-14 00:27:41', '2025-12-14 00:27:41'),
(1406, 5, 7, '2026-01-08', 420.00, 10, 0, NULL, NULL, NULL, '2025-12-14 00:27:41', '2025-12-14 00:27:41'),
(1407, 5, 7, '2026-01-09', 420.00, 10, 0, NULL, NULL, NULL, '2025-12-14 00:27:41', '2025-12-14 00:27:41'),
(1408, 5, 7, '2026-01-10', 420.00, 10, 0, NULL, NULL, NULL, '2025-12-14 00:27:41', '2025-12-14 00:27:41'),
(1409, 5, 7, '2026-01-11', 420.00, 10, 0, NULL, NULL, NULL, '2025-12-14 00:27:41', '2025-12-14 00:27:41'),
(1410, 5, 7, '2026-01-12', 420.00, 10, 0, NULL, NULL, NULL, '2025-12-14 00:27:41', '2025-12-14 00:27:41'),
(1411, 5, 8, '2025-12-14', 420.00, 10, 0, NULL, NULL, NULL, '2025-12-14 00:27:41', '2025-12-14 00:27:41'),
(1412, 5, 8, '2025-12-15', 420.00, 10, 0, NULL, NULL, NULL, '2025-12-14 00:27:41', '2025-12-14 00:27:41'),
(1413, 5, 8, '2025-12-16', 420.00, 10, 0, NULL, NULL, NULL, '2025-12-14 00:27:41', '2025-12-14 00:27:41'),
(1414, 5, 8, '2025-12-17', 420.00, 10, 0, NULL, NULL, NULL, '2025-12-14 00:27:41', '2025-12-14 00:27:41'),
(1415, 5, 8, '2025-12-18', 420.00, 10, 0, NULL, NULL, NULL, '2025-12-14 00:27:41', '2025-12-14 00:27:41'),
(1416, 5, 8, '2025-12-19', 420.00, 10, 0, NULL, NULL, NULL, '2025-12-14 00:27:41', '2025-12-14 00:27:41'),
(1417, 5, 8, '2025-12-20', 420.00, 10, 0, NULL, NULL, NULL, '2025-12-14 00:27:41', '2025-12-14 00:27:41'),
(1418, 5, 8, '2025-12-21', 420.00, 10, 0, NULL, NULL, NULL, '2025-12-14 00:27:41', '2025-12-14 00:27:41'),
(1419, 5, 8, '2025-12-22', 420.00, 10, 0, NULL, NULL, NULL, '2025-12-14 00:27:41', '2025-12-14 00:27:41'),
(1420, 5, 8, '2025-12-23', 420.00, 10, 0, NULL, NULL, NULL, '2025-12-14 00:27:41', '2025-12-14 00:27:41'),
(1421, 5, 8, '2025-12-24', 420.00, 10, 0, NULL, NULL, NULL, '2025-12-14 00:27:41', '2025-12-14 00:27:41'),
(1422, 5, 8, '2025-12-25', 420.00, 10, 0, NULL, NULL, NULL, '2025-12-14 00:27:41', '2025-12-14 00:27:41'),
(1423, 5, 8, '2025-12-26', 420.00, 10, 0, NULL, NULL, NULL, '2025-12-14 00:27:41', '2025-12-14 00:27:41'),
(1424, 5, 8, '2025-12-27', 420.00, 10, 0, NULL, NULL, NULL, '2025-12-14 00:27:41', '2025-12-14 00:27:41'),
(1425, 5, 8, '2025-12-28', 420.00, 10, 0, NULL, NULL, NULL, '2025-12-14 00:27:41', '2025-12-14 00:27:41'),
(1426, 5, 8, '2025-12-29', 420.00, 10, 0, NULL, NULL, NULL, '2025-12-14 00:27:41', '2025-12-14 00:27:41'),
(1427, 5, 8, '2025-12-30', 420.00, 10, 0, NULL, NULL, NULL, '2025-12-14 00:27:41', '2025-12-14 00:27:41'),
(1428, 5, 8, '2025-12-31', 420.00, 10, 0, NULL, NULL, NULL, '2025-12-14 00:27:41', '2025-12-14 00:27:41'),
(1429, 5, 8, '2026-01-01', 420.00, 10, 0, NULL, NULL, NULL, '2025-12-14 00:27:41', '2025-12-14 00:27:41'),
(1430, 5, 8, '2026-01-02', 420.00, 10, 0, NULL, NULL, NULL, '2025-12-14 00:27:41', '2025-12-14 00:27:41'),
(1431, 5, 8, '2026-01-03', 420.00, 10, 0, NULL, NULL, NULL, '2025-12-14 00:27:41', '2025-12-14 00:27:41');
INSERT INTO `daily_rates` (`id`, `room_type_id`, `rate_plan_id`, `rate_date`, `price`, `available_rooms`, `stop_sell`, `min_stay`, `max_stay`, `cut_off`, `created_at`, `updated_at`) VALUES
(1432, 5, 8, '2026-01-04', 420.00, 10, 0, NULL, NULL, NULL, '2025-12-14 00:27:41', '2025-12-14 00:27:41'),
(1433, 5, 8, '2026-01-05', 420.00, 10, 0, NULL, NULL, NULL, '2025-12-14 00:27:41', '2025-12-14 00:27:41'),
(1434, 5, 8, '2026-01-06', 420.00, 10, 0, NULL, NULL, NULL, '2025-12-14 00:27:41', '2025-12-14 00:27:41'),
(1435, 5, 8, '2026-01-07', 420.00, 10, 0, NULL, NULL, NULL, '2025-12-14 00:27:41', '2025-12-14 00:27:41'),
(1436, 5, 8, '2026-01-08', 420.00, 10, 0, NULL, NULL, NULL, '2025-12-14 00:27:41', '2025-12-14 00:27:41'),
(1437, 5, 8, '2026-01-09', 420.00, 10, 0, NULL, NULL, NULL, '2025-12-14 00:27:41', '2025-12-14 00:27:41'),
(1438, 5, 8, '2026-01-10', 420.00, 10, 0, NULL, NULL, NULL, '2025-12-14 00:27:41', '2025-12-14 00:27:41'),
(1439, 5, 8, '2026-01-11', 420.00, 10, 0, NULL, NULL, NULL, '2025-12-14 00:27:41', '2025-12-14 00:27:41'),
(1440, 5, 8, '2026-01-12', 420.00, 10, 0, NULL, NULL, NULL, '2025-12-14 00:27:41', '2025-12-14 00:27:41'),
(1441, 5, 9, '2025-12-14', 450.00, 10, 0, NULL, NULL, NULL, '2025-12-14 00:27:41', '2025-12-14 00:27:41'),
(1442, 5, 9, '2025-12-15', 450.00, 10, 0, NULL, NULL, NULL, '2025-12-14 00:27:41', '2025-12-14 00:27:41'),
(1443, 5, 9, '2025-12-16', 450.00, 10, 0, NULL, NULL, NULL, '2025-12-14 00:27:41', '2025-12-14 00:27:41'),
(1444, 5, 9, '2025-12-17', 450.00, 10, 0, NULL, NULL, NULL, '2025-12-14 00:27:41', '2025-12-14 00:27:41'),
(1445, 5, 9, '2025-12-18', 450.00, 10, 0, NULL, NULL, NULL, '2025-12-14 00:27:41', '2025-12-14 00:27:41'),
(1446, 5, 9, '2025-12-19', 450.00, 10, 0, NULL, NULL, NULL, '2025-12-14 00:27:41', '2025-12-14 00:27:41'),
(1447, 5, 9, '2025-12-20', 450.00, 10, 0, NULL, NULL, NULL, '2025-12-14 00:27:41', '2025-12-14 00:27:41'),
(1448, 5, 9, '2025-12-21', 450.00, 10, 0, NULL, NULL, NULL, '2025-12-14 00:27:41', '2025-12-14 00:27:41'),
(1449, 5, 9, '2025-12-22', 450.00, 10, 0, NULL, NULL, NULL, '2025-12-14 00:27:41', '2025-12-14 00:27:41'),
(1450, 5, 9, '2025-12-23', 450.00, 10, 0, NULL, NULL, NULL, '2025-12-14 00:27:41', '2025-12-14 00:27:41'),
(1451, 5, 9, '2025-12-24', 450.00, 10, 0, NULL, NULL, NULL, '2025-12-14 00:27:41', '2025-12-14 00:27:41'),
(1452, 5, 9, '2025-12-25', 450.00, 10, 0, NULL, NULL, NULL, '2025-12-14 00:27:41', '2025-12-14 00:27:41'),
(1453, 5, 9, '2025-12-26', 450.00, 10, 0, NULL, NULL, NULL, '2025-12-14 00:27:41', '2025-12-14 00:27:41'),
(1454, 5, 9, '2025-12-27', 450.00, 10, 0, NULL, NULL, NULL, '2025-12-14 00:27:41', '2025-12-14 00:27:41'),
(1455, 5, 9, '2025-12-28', 450.00, 10, 0, NULL, NULL, NULL, '2025-12-14 00:27:41', '2025-12-14 00:27:41'),
(1456, 5, 9, '2025-12-29', 450.00, 10, 0, NULL, NULL, NULL, '2025-12-14 00:27:41', '2025-12-14 00:27:41'),
(1457, 5, 9, '2025-12-30', 450.00, 10, 0, NULL, NULL, NULL, '2025-12-14 00:27:41', '2025-12-14 00:27:41'),
(1458, 5, 9, '2025-12-31', 450.00, 10, 0, NULL, NULL, NULL, '2025-12-14 00:27:41', '2025-12-14 00:27:41'),
(1459, 5, 9, '2026-01-01', 450.00, 10, 0, NULL, NULL, NULL, '2025-12-14 00:27:41', '2025-12-14 00:27:41'),
(1460, 5, 9, '2026-01-02', 450.00, 10, 0, NULL, NULL, NULL, '2025-12-14 00:27:41', '2025-12-14 00:27:41'),
(1461, 5, 9, '2026-01-03', 450.00, 10, 0, NULL, NULL, NULL, '2025-12-14 00:27:41', '2025-12-14 00:27:41'),
(1462, 5, 9, '2026-01-04', 450.00, 10, 0, NULL, NULL, NULL, '2025-12-14 00:27:41', '2025-12-14 00:27:41'),
(1463, 5, 9, '2026-01-05', 450.00, 10, 0, NULL, NULL, NULL, '2025-12-14 00:27:41', '2025-12-14 00:27:41'),
(1464, 5, 9, '2026-01-06', 450.00, 10, 0, NULL, NULL, NULL, '2025-12-14 00:27:41', '2025-12-14 00:27:41'),
(1465, 5, 9, '2026-01-07', 450.00, 10, 0, NULL, NULL, NULL, '2025-12-14 00:27:41', '2025-12-14 00:27:41'),
(1466, 5, 9, '2026-01-08', 450.00, 10, 0, NULL, NULL, NULL, '2025-12-14 00:27:41', '2025-12-14 00:27:41'),
(1467, 5, 9, '2026-01-09', 450.00, 10, 0, NULL, NULL, NULL, '2025-12-14 00:27:41', '2025-12-14 00:27:41'),
(1468, 5, 9, '2026-01-10', 450.00, 10, 0, NULL, NULL, NULL, '2025-12-14 00:27:41', '2025-12-14 00:27:41'),
(1469, 5, 9, '2026-01-11', 450.00, 10, 0, NULL, NULL, NULL, '2025-12-14 00:27:41', '2025-12-14 00:27:41'),
(1470, 5, 9, '2026-01-12', 450.00, 10, 0, NULL, NULL, NULL, '2025-12-14 00:27:41', '2025-12-14 00:27:41'),
(1471, 5, 10, '2025-12-14', 510.00, 10, 0, NULL, NULL, NULL, '2025-12-14 00:27:41', '2025-12-14 00:27:41'),
(1472, 5, 10, '2025-12-15', 510.00, 10, 0, NULL, NULL, NULL, '2025-12-14 00:27:41', '2025-12-14 00:27:41'),
(1473, 5, 10, '2025-12-16', 510.00, 10, 0, NULL, NULL, NULL, '2025-12-14 00:27:41', '2025-12-14 00:27:41'),
(1474, 5, 10, '2025-12-17', 510.00, 10, 0, NULL, NULL, NULL, '2025-12-14 00:27:41', '2025-12-14 00:27:41'),
(1475, 5, 10, '2025-12-18', 510.00, 10, 0, NULL, NULL, NULL, '2025-12-14 00:27:41', '2025-12-14 00:27:41'),
(1476, 5, 10, '2025-12-19', 510.00, 10, 0, NULL, NULL, NULL, '2025-12-14 00:27:41', '2025-12-14 00:27:41'),
(1477, 5, 10, '2025-12-20', 510.00, 10, 0, NULL, NULL, NULL, '2025-12-14 00:27:41', '2025-12-14 00:27:41'),
(1478, 5, 10, '2025-12-21', 510.00, 10, 0, NULL, NULL, NULL, '2025-12-14 00:27:41', '2025-12-14 00:27:41'),
(1479, 5, 10, '2025-12-22', 510.00, 10, 0, NULL, NULL, NULL, '2025-12-14 00:27:41', '2025-12-14 00:27:41'),
(1480, 5, 10, '2025-12-23', 510.00, 10, 0, NULL, NULL, NULL, '2025-12-14 00:27:41', '2025-12-14 00:27:41'),
(1481, 5, 10, '2025-12-24', 510.00, 10, 0, NULL, NULL, NULL, '2025-12-14 00:27:41', '2025-12-14 00:27:41'),
(1482, 5, 10, '2025-12-25', 510.00, 10, 0, NULL, NULL, NULL, '2025-12-14 00:27:41', '2025-12-14 00:27:41'),
(1483, 5, 10, '2025-12-26', 510.00, 10, 0, NULL, NULL, NULL, '2025-12-14 00:27:41', '2025-12-14 00:27:41'),
(1484, 5, 10, '2025-12-27', 510.00, 10, 0, NULL, NULL, NULL, '2025-12-14 00:27:41', '2025-12-14 00:27:41'),
(1485, 5, 10, '2025-12-28', 510.00, 10, 0, NULL, NULL, NULL, '2025-12-14 00:27:41', '2025-12-14 00:27:41'),
(1486, 5, 10, '2025-12-29', 510.00, 10, 0, NULL, NULL, NULL, '2025-12-14 00:27:41', '2025-12-14 00:27:41'),
(1487, 5, 10, '2025-12-30', 510.00, 10, 0, NULL, NULL, NULL, '2025-12-14 00:27:41', '2025-12-14 00:27:41'),
(1488, 5, 10, '2025-12-31', 510.00, 10, 0, NULL, NULL, NULL, '2025-12-14 00:27:41', '2025-12-14 00:27:41'),
(1489, 5, 10, '2026-01-01', 510.00, 10, 0, NULL, NULL, NULL, '2025-12-14 00:27:41', '2025-12-14 00:27:41'),
(1490, 5, 10, '2026-01-02', 510.00, 10, 0, NULL, NULL, NULL, '2025-12-14 00:27:41', '2025-12-14 00:27:41'),
(1491, 5, 10, '2026-01-03', 510.00, 10, 0, NULL, NULL, NULL, '2025-12-14 00:27:41', '2025-12-14 00:27:41'),
(1492, 5, 10, '2026-01-04', 510.00, 10, 0, NULL, NULL, NULL, '2025-12-14 00:27:41', '2025-12-14 00:27:41'),
(1493, 5, 10, '2026-01-05', 510.00, 10, 0, NULL, NULL, NULL, '2025-12-14 00:27:41', '2025-12-14 00:27:41'),
(1494, 5, 10, '2026-01-06', 510.00, 10, 0, NULL, NULL, NULL, '2025-12-14 00:27:41', '2025-12-14 00:27:41'),
(1495, 5, 10, '2026-01-07', 510.00, 10, 0, NULL, NULL, NULL, '2025-12-14 00:27:41', '2025-12-14 00:27:41'),
(1496, 5, 10, '2026-01-08', 510.00, 10, 0, NULL, NULL, NULL, '2025-12-14 00:27:41', '2025-12-14 00:27:41'),
(1497, 5, 10, '2026-01-09', 510.00, 10, 0, NULL, NULL, NULL, '2025-12-14 00:27:41', '2025-12-14 00:27:41'),
(1498, 5, 10, '2026-01-10', 510.00, 10, 0, NULL, NULL, NULL, '2025-12-14 00:27:41', '2025-12-14 00:27:41'),
(1499, 5, 10, '2026-01-11', 510.00, 10, 0, NULL, NULL, NULL, '2025-12-14 00:27:41', '2025-12-14 00:27:41'),
(1500, 5, 10, '2026-01-12', 510.00, 10, 0, NULL, NULL, NULL, '2025-12-14 00:27:41', '2025-12-14 00:27:41'),
(1501, 6, 1, '2025-12-14', 800.00, 10, 0, NULL, NULL, NULL, '2025-12-14 00:27:41', '2025-12-14 00:27:41'),
(1502, 6, 1, '2025-12-15', 800.00, 10, 0, NULL, NULL, NULL, '2025-12-14 00:27:41', '2025-12-14 00:27:41'),
(1503, 6, 1, '2025-12-16', 800.00, 10, 0, NULL, NULL, NULL, '2025-12-14 00:27:41', '2025-12-14 00:27:41'),
(1504, 6, 1, '2025-12-17', 800.00, 10, 0, NULL, NULL, NULL, '2025-12-14 00:27:41', '2025-12-14 00:27:41'),
(1505, 6, 1, '2025-12-18', 800.00, 10, 0, NULL, NULL, NULL, '2025-12-14 00:27:41', '2025-12-14 00:27:41'),
(1506, 6, 1, '2025-12-19', 800.00, 10, 0, NULL, NULL, NULL, '2025-12-14 00:27:41', '2025-12-14 00:27:41'),
(1507, 6, 1, '2025-12-20', 800.00, 10, 0, NULL, NULL, NULL, '2025-12-14 00:27:41', '2025-12-14 00:27:41'),
(1508, 6, 1, '2025-12-21', 800.00, 10, 0, NULL, NULL, NULL, '2025-12-14 00:27:41', '2025-12-14 00:27:41'),
(1509, 6, 1, '2025-12-22', 800.00, 10, 0, NULL, NULL, NULL, '2025-12-14 00:27:41', '2025-12-14 00:27:41'),
(1510, 6, 1, '2025-12-23', 800.00, 10, 0, NULL, NULL, NULL, '2025-12-14 00:27:41', '2025-12-14 00:27:41'),
(1511, 6, 1, '2025-12-24', 800.00, 10, 0, NULL, NULL, NULL, '2025-12-14 00:27:41', '2025-12-14 00:27:41'),
(1512, 6, 1, '2025-12-25', 800.00, 10, 0, NULL, NULL, NULL, '2025-12-14 00:27:41', '2025-12-14 00:27:41'),
(1513, 6, 1, '2025-12-26', 800.00, 10, 0, NULL, NULL, NULL, '2025-12-14 00:27:41', '2025-12-14 00:27:41'),
(1514, 6, 1, '2025-12-27', 800.00, 10, 0, NULL, NULL, NULL, '2025-12-14 00:27:41', '2025-12-14 00:27:41'),
(1515, 6, 1, '2025-12-28', 800.00, 10, 0, NULL, NULL, NULL, '2025-12-14 00:27:41', '2025-12-14 00:27:41'),
(1516, 6, 1, '2025-12-29', 800.00, 10, 0, NULL, NULL, NULL, '2025-12-14 00:27:41', '2025-12-14 00:27:41'),
(1517, 6, 1, '2025-12-30', 800.00, 10, 0, NULL, NULL, NULL, '2025-12-14 00:27:41', '2025-12-14 00:27:41'),
(1518, 6, 1, '2025-12-31', 800.00, 10, 0, NULL, NULL, NULL, '2025-12-14 00:27:41', '2025-12-14 00:27:41'),
(1519, 6, 1, '2026-01-01', 800.00, 10, 0, NULL, NULL, NULL, '2025-12-14 00:27:41', '2025-12-14 00:27:41'),
(1520, 6, 1, '2026-01-02', 800.00, 10, 0, NULL, NULL, NULL, '2025-12-14 00:27:41', '2025-12-14 00:27:41'),
(1521, 6, 1, '2026-01-03', 800.00, 10, 0, NULL, NULL, NULL, '2025-12-14 00:27:41', '2025-12-14 00:27:41'),
(1522, 6, 1, '2026-01-04', 800.00, 10, 0, NULL, NULL, NULL, '2025-12-14 00:27:41', '2025-12-14 00:27:41'),
(1523, 6, 1, '2026-01-05', 800.00, 10, 0, NULL, NULL, NULL, '2025-12-14 00:27:41', '2025-12-14 00:27:41'),
(1524, 6, 1, '2026-01-06', 800.00, 10, 0, NULL, NULL, NULL, '2025-12-14 00:27:41', '2025-12-14 00:27:41'),
(1525, 6, 1, '2026-01-07', 800.00, 10, 0, NULL, NULL, NULL, '2025-12-14 00:27:41', '2025-12-14 00:27:41'),
(1526, 6, 1, '2026-01-08', 800.00, 10, 0, NULL, NULL, NULL, '2025-12-14 00:27:41', '2025-12-14 00:27:41'),
(1527, 6, 1, '2026-01-09', 800.00, 10, 0, NULL, NULL, NULL, '2025-12-14 00:27:41', '2025-12-14 00:27:41'),
(1528, 6, 1, '2026-01-10', 800.00, 10, 0, NULL, NULL, NULL, '2025-12-14 00:27:41', '2025-12-14 00:27:41'),
(1529, 6, 1, '2026-01-11', 800.00, 10, 0, NULL, NULL, NULL, '2025-12-14 00:27:41', '2025-12-14 00:27:41'),
(1530, 6, 1, '2026-01-12', 800.00, 10, 0, NULL, NULL, NULL, '2025-12-14 00:27:41', '2025-12-14 00:27:41'),
(1531, 6, 2, '2025-12-14', 800.00, 10, 0, NULL, NULL, NULL, '2025-12-14 00:27:41', '2025-12-14 00:27:41'),
(1532, 6, 2, '2025-12-15', 800.00, 10, 0, NULL, NULL, NULL, '2025-12-14 00:27:41', '2025-12-14 00:27:41'),
(1533, 6, 2, '2025-12-16', 800.00, 10, 0, NULL, NULL, NULL, '2025-12-14 00:27:41', '2025-12-14 00:27:41'),
(1534, 6, 2, '2025-12-17', 800.00, 10, 0, NULL, NULL, NULL, '2025-12-14 00:27:41', '2025-12-14 00:27:41'),
(1535, 6, 2, '2025-12-18', 800.00, 10, 0, NULL, NULL, NULL, '2025-12-14 00:27:41', '2025-12-14 00:27:41'),
(1536, 6, 2, '2025-12-19', 800.00, 10, 0, NULL, NULL, NULL, '2025-12-14 00:27:41', '2025-12-14 00:27:41'),
(1537, 6, 2, '2025-12-20', 800.00, 10, 0, NULL, NULL, NULL, '2025-12-14 00:27:41', '2025-12-14 00:27:41'),
(1538, 6, 2, '2025-12-21', 800.00, 10, 0, NULL, NULL, NULL, '2025-12-14 00:27:41', '2025-12-14 00:27:41'),
(1539, 6, 2, '2025-12-22', 800.00, 10, 0, NULL, NULL, NULL, '2025-12-14 00:27:41', '2025-12-14 00:27:41'),
(1540, 6, 2, '2025-12-23', 800.00, 10, 0, NULL, NULL, NULL, '2025-12-14 00:27:41', '2025-12-14 00:27:41'),
(1541, 6, 2, '2025-12-24', 800.00, 10, 0, NULL, NULL, NULL, '2025-12-14 00:27:41', '2025-12-14 00:27:41'),
(1542, 6, 2, '2025-12-25', 800.00, 10, 0, NULL, NULL, NULL, '2025-12-14 00:27:41', '2025-12-14 00:27:41'),
(1543, 6, 2, '2025-12-26', 800.00, 10, 0, NULL, NULL, NULL, '2025-12-14 00:27:41', '2025-12-14 00:27:41'),
(1544, 6, 2, '2025-12-27', 800.00, 10, 0, NULL, NULL, NULL, '2025-12-14 00:27:41', '2025-12-14 00:27:41'),
(1545, 6, 2, '2025-12-28', 800.00, 10, 0, NULL, NULL, NULL, '2025-12-14 00:27:41', '2025-12-14 00:27:41'),
(1546, 6, 2, '2025-12-29', 800.00, 10, 0, NULL, NULL, NULL, '2025-12-14 00:27:41', '2025-12-14 00:27:41'),
(1547, 6, 2, '2025-12-30', 800.00, 10, 0, NULL, NULL, NULL, '2025-12-14 00:27:41', '2025-12-14 00:27:41'),
(1548, 6, 2, '2025-12-31', 800.00, 10, 0, NULL, NULL, NULL, '2025-12-14 00:27:41', '2025-12-14 00:27:41'),
(1549, 6, 2, '2026-01-01', 800.00, 10, 0, NULL, NULL, NULL, '2025-12-14 00:27:41', '2025-12-14 00:27:41'),
(1550, 6, 2, '2026-01-02', 800.00, 10, 0, NULL, NULL, NULL, '2025-12-14 00:27:41', '2025-12-14 00:27:41'),
(1551, 6, 2, '2026-01-03', 800.00, 10, 0, NULL, NULL, NULL, '2025-12-14 00:27:41', '2025-12-14 00:27:41'),
(1552, 6, 2, '2026-01-04', 800.00, 10, 0, NULL, NULL, NULL, '2025-12-14 00:27:41', '2025-12-14 00:27:41'),
(1553, 6, 2, '2026-01-05', 800.00, 10, 0, NULL, NULL, NULL, '2025-12-14 00:27:41', '2025-12-14 00:27:41'),
(1554, 6, 2, '2026-01-06', 800.00, 10, 0, NULL, NULL, NULL, '2025-12-14 00:27:41', '2025-12-14 00:27:41'),
(1555, 6, 2, '2026-01-07', 800.00, 10, 0, NULL, NULL, NULL, '2025-12-14 00:27:41', '2025-12-14 00:27:41'),
(1556, 6, 2, '2026-01-08', 800.00, 10, 0, NULL, NULL, NULL, '2025-12-14 00:27:41', '2025-12-14 00:27:41'),
(1557, 6, 2, '2026-01-09', 800.00, 10, 0, NULL, NULL, NULL, '2025-12-14 00:27:41', '2025-12-14 00:27:41'),
(1558, 6, 2, '2026-01-10', 800.00, 10, 0, NULL, NULL, NULL, '2025-12-14 00:27:41', '2025-12-14 00:27:41'),
(1559, 6, 2, '2026-01-11', 800.00, 10, 0, NULL, NULL, NULL, '2025-12-14 00:27:41', '2025-12-14 00:27:41'),
(1560, 6, 2, '2026-01-12', 800.00, 10, 0, NULL, NULL, NULL, '2025-12-14 00:27:41', '2025-12-14 00:27:41'),
(1561, 6, 3, '2025-12-14', 640.00, 10, 0, NULL, NULL, NULL, '2025-12-14 00:27:41', '2025-12-14 00:27:41'),
(1562, 6, 3, '2025-12-15', 640.00, 10, 0, NULL, NULL, NULL, '2025-12-14 00:27:41', '2025-12-14 00:27:41'),
(1563, 6, 3, '2025-12-16', 640.00, 10, 0, NULL, NULL, NULL, '2025-12-14 00:27:41', '2025-12-14 00:27:41'),
(1564, 6, 3, '2025-12-17', 640.00, 10, 0, NULL, NULL, NULL, '2025-12-14 00:27:41', '2025-12-14 00:27:41'),
(1565, 6, 3, '2025-12-18', 640.00, 10, 0, NULL, NULL, NULL, '2025-12-14 00:27:41', '2025-12-14 00:27:41'),
(1566, 6, 3, '2025-12-19', 640.00, 10, 0, NULL, NULL, NULL, '2025-12-14 00:27:41', '2025-12-14 00:27:41'),
(1567, 6, 3, '2025-12-20', 640.00, 10, 0, NULL, NULL, NULL, '2025-12-14 00:27:41', '2025-12-14 00:27:41'),
(1568, 6, 3, '2025-12-21', 640.00, 10, 0, NULL, NULL, NULL, '2025-12-14 00:27:41', '2025-12-14 00:27:41'),
(1569, 6, 3, '2025-12-22', 640.00, 10, 0, NULL, NULL, NULL, '2025-12-14 00:27:41', '2025-12-14 00:27:41'),
(1570, 6, 3, '2025-12-23', 640.00, 10, 0, NULL, NULL, NULL, '2025-12-14 00:27:41', '2025-12-14 00:27:41'),
(1571, 6, 3, '2025-12-24', 640.00, 10, 0, NULL, NULL, NULL, '2025-12-14 00:27:41', '2025-12-14 00:27:41'),
(1572, 6, 3, '2025-12-25', 640.00, 10, 0, NULL, NULL, NULL, '2025-12-14 00:27:41', '2025-12-14 00:27:41'),
(1573, 6, 3, '2025-12-26', 640.00, 10, 0, NULL, NULL, NULL, '2025-12-14 00:27:41', '2025-12-14 00:27:41'),
(1574, 6, 3, '2025-12-27', 640.00, 10, 0, NULL, NULL, NULL, '2025-12-14 00:27:41', '2025-12-14 00:27:41'),
(1575, 6, 3, '2025-12-28', 640.00, 10, 0, NULL, NULL, NULL, '2025-12-14 00:27:41', '2025-12-14 00:27:41'),
(1576, 6, 3, '2025-12-29', 640.00, 10, 0, NULL, NULL, NULL, '2025-12-14 00:27:41', '2025-12-14 00:27:41'),
(1577, 6, 3, '2025-12-30', 640.00, 10, 0, NULL, NULL, NULL, '2025-12-14 00:27:41', '2025-12-14 00:27:41'),
(1578, 6, 3, '2025-12-31', 640.00, 10, 0, NULL, NULL, NULL, '2025-12-14 00:27:41', '2025-12-14 00:27:41'),
(1579, 6, 3, '2026-01-01', 640.00, 10, 0, NULL, NULL, NULL, '2025-12-14 00:27:41', '2025-12-14 00:27:41'),
(1580, 6, 3, '2026-01-02', 640.00, 10, 0, NULL, NULL, NULL, '2025-12-14 00:27:41', '2025-12-14 00:27:41'),
(1581, 6, 3, '2026-01-03', 640.00, 10, 0, NULL, NULL, NULL, '2025-12-14 00:27:41', '2025-12-14 00:27:41'),
(1582, 6, 3, '2026-01-04', 640.00, 10, 0, NULL, NULL, NULL, '2025-12-14 00:27:41', '2025-12-14 00:27:41'),
(1583, 6, 3, '2026-01-05', 640.00, 10, 0, NULL, NULL, NULL, '2025-12-14 00:27:41', '2025-12-14 00:27:41'),
(1584, 6, 3, '2026-01-06', 640.00, 10, 0, NULL, NULL, NULL, '2025-12-14 00:27:41', '2025-12-14 00:27:41'),
(1585, 6, 3, '2026-01-07', 640.00, 10, 0, NULL, NULL, NULL, '2025-12-14 00:27:41', '2025-12-14 00:27:41'),
(1586, 6, 3, '2026-01-08', 640.00, 10, 0, NULL, NULL, NULL, '2025-12-14 00:27:41', '2025-12-14 00:27:41'),
(1587, 6, 3, '2026-01-09', 640.00, 10, 0, NULL, NULL, NULL, '2025-12-14 00:27:41', '2025-12-14 00:27:41'),
(1588, 6, 3, '2026-01-10', 640.00, 10, 0, NULL, NULL, NULL, '2025-12-14 00:27:41', '2025-12-14 00:27:41'),
(1589, 6, 3, '2026-01-11', 640.00, 10, 0, NULL, NULL, NULL, '2025-12-14 00:27:41', '2025-12-14 00:27:41'),
(1590, 6, 3, '2026-01-12', 640.00, 10, 0, NULL, NULL, NULL, '2025-12-14 00:27:41', '2025-12-14 00:27:41'),
(1591, 6, 4, '2025-12-14', 640.00, 10, 0, NULL, NULL, NULL, '2025-12-14 00:27:41', '2025-12-14 00:27:41'),
(1592, 6, 4, '2025-12-15', 640.00, 10, 0, NULL, NULL, NULL, '2025-12-14 00:27:41', '2025-12-14 00:27:41'),
(1593, 6, 4, '2025-12-16', 640.00, 10, 0, NULL, NULL, NULL, '2025-12-14 00:27:41', '2025-12-14 00:27:41'),
(1594, 6, 4, '2025-12-17', 640.00, 10, 0, NULL, NULL, NULL, '2025-12-14 00:27:41', '2025-12-14 00:27:41'),
(1595, 6, 4, '2025-12-18', 640.00, 10, 0, NULL, NULL, NULL, '2025-12-14 00:27:41', '2025-12-14 00:27:41'),
(1596, 6, 4, '2025-12-19', 640.00, 10, 0, NULL, NULL, NULL, '2025-12-14 00:27:41', '2025-12-14 00:27:41'),
(1597, 6, 4, '2025-12-20', 640.00, 10, 0, NULL, NULL, NULL, '2025-12-14 00:27:41', '2025-12-14 00:27:41'),
(1598, 6, 4, '2025-12-21', 640.00, 10, 0, NULL, NULL, NULL, '2025-12-14 00:27:41', '2025-12-14 00:27:41'),
(1599, 6, 4, '2025-12-22', 640.00, 10, 0, NULL, NULL, NULL, '2025-12-14 00:27:41', '2025-12-14 00:27:41'),
(1600, 6, 4, '2025-12-23', 640.00, 10, 0, NULL, NULL, NULL, '2025-12-14 00:27:41', '2025-12-14 00:27:41'),
(1601, 6, 4, '2025-12-24', 640.00, 10, 0, NULL, NULL, NULL, '2025-12-14 00:27:41', '2025-12-14 00:27:41'),
(1602, 6, 4, '2025-12-25', 640.00, 10, 0, NULL, NULL, NULL, '2025-12-14 00:27:41', '2025-12-14 00:27:41'),
(1603, 6, 4, '2025-12-26', 640.00, 10, 0, NULL, NULL, NULL, '2025-12-14 00:27:41', '2025-12-14 00:27:41'),
(1604, 6, 4, '2025-12-27', 640.00, 10, 0, NULL, NULL, NULL, '2025-12-14 00:27:41', '2025-12-14 00:27:41'),
(1605, 6, 4, '2025-12-28', 640.00, 10, 0, NULL, NULL, NULL, '2025-12-14 00:27:41', '2025-12-14 00:27:41'),
(1606, 6, 4, '2025-12-29', 640.00, 10, 0, NULL, NULL, NULL, '2025-12-14 00:27:41', '2025-12-14 00:27:41'),
(1607, 6, 4, '2025-12-30', 640.00, 10, 0, NULL, NULL, NULL, '2025-12-14 00:27:41', '2025-12-14 00:27:41'),
(1608, 6, 4, '2025-12-31', 640.00, 10, 0, NULL, NULL, NULL, '2025-12-14 00:27:41', '2025-12-14 00:27:41'),
(1609, 6, 4, '2026-01-01', 640.00, 10, 0, NULL, NULL, NULL, '2025-12-14 00:27:41', '2025-12-14 00:27:41'),
(1610, 6, 4, '2026-01-02', 640.00, 10, 0, NULL, NULL, NULL, '2025-12-14 00:27:41', '2025-12-14 00:27:41'),
(1611, 6, 4, '2026-01-03', 640.00, 10, 0, NULL, NULL, NULL, '2025-12-14 00:27:41', '2025-12-14 00:27:41'),
(1612, 6, 4, '2026-01-04', 640.00, 10, 0, NULL, NULL, NULL, '2025-12-14 00:27:41', '2025-12-14 00:27:41'),
(1613, 6, 4, '2026-01-05', 640.00, 10, 0, NULL, NULL, NULL, '2025-12-14 00:27:41', '2025-12-14 00:27:41'),
(1614, 6, 4, '2026-01-06', 640.00, 10, 0, NULL, NULL, NULL, '2025-12-14 00:27:41', '2025-12-14 00:27:41'),
(1615, 6, 4, '2026-01-07', 640.00, 10, 0, NULL, NULL, NULL, '2025-12-14 00:27:41', '2025-12-14 00:27:41'),
(1616, 6, 4, '2026-01-08', 640.00, 10, 0, NULL, NULL, NULL, '2025-12-14 00:27:41', '2025-12-14 00:27:41'),
(1617, 6, 4, '2026-01-09', 640.00, 10, 0, NULL, NULL, NULL, '2025-12-14 00:27:41', '2025-12-14 00:27:41'),
(1618, 6, 4, '2026-01-10', 640.00, 10, 0, NULL, NULL, NULL, '2025-12-14 00:27:41', '2025-12-14 00:27:41'),
(1619, 6, 4, '2026-01-11', 640.00, 10, 0, NULL, NULL, NULL, '2025-12-14 00:27:41', '2025-12-14 00:27:41'),
(1620, 6, 4, '2026-01-12', 640.00, 10, 0, NULL, NULL, NULL, '2025-12-14 00:27:41', '2025-12-14 00:27:41'),
(1621, 6, 5, '2025-12-14', 800.00, 10, 0, NULL, NULL, NULL, '2025-12-14 00:27:41', '2025-12-14 00:27:41'),
(1622, 6, 5, '2025-12-15', 800.00, 10, 0, NULL, NULL, NULL, '2025-12-14 00:27:41', '2025-12-14 00:27:41'),
(1623, 6, 5, '2025-12-16', 800.00, 10, 0, NULL, NULL, NULL, '2025-12-14 00:27:41', '2025-12-14 00:27:41'),
(1624, 6, 5, '2025-12-17', 800.00, 10, 0, NULL, NULL, NULL, '2025-12-14 00:27:41', '2025-12-14 00:27:41'),
(1625, 6, 5, '2025-12-18', 800.00, 10, 0, NULL, NULL, NULL, '2025-12-14 00:27:41', '2025-12-14 00:27:41'),
(1626, 6, 5, '2025-12-19', 800.00, 10, 0, NULL, NULL, NULL, '2025-12-14 00:27:41', '2025-12-14 00:27:41'),
(1627, 6, 5, '2025-12-20', 800.00, 10, 0, NULL, NULL, NULL, '2025-12-14 00:27:41', '2025-12-14 00:27:41'),
(1628, 6, 5, '2025-12-21', 800.00, 10, 0, NULL, NULL, NULL, '2025-12-14 00:27:41', '2025-12-14 00:27:41'),
(1629, 6, 5, '2025-12-22', 800.00, 10, 0, NULL, NULL, NULL, '2025-12-14 00:27:41', '2025-12-14 00:27:41'),
(1630, 6, 5, '2025-12-23', 800.00, 10, 0, NULL, NULL, NULL, '2025-12-14 00:27:41', '2025-12-14 00:27:41'),
(1631, 6, 5, '2025-12-24', 800.00, 10, 0, NULL, NULL, NULL, '2025-12-14 00:27:41', '2025-12-14 00:27:41'),
(1632, 6, 5, '2025-12-25', 800.00, 10, 0, NULL, NULL, NULL, '2025-12-14 00:27:41', '2025-12-14 00:27:41'),
(1633, 6, 5, '2025-12-26', 800.00, 10, 0, NULL, NULL, NULL, '2025-12-14 00:27:41', '2025-12-14 00:27:41'),
(1634, 6, 5, '2025-12-27', 800.00, 10, 0, NULL, NULL, NULL, '2025-12-14 00:27:41', '2025-12-14 00:27:41'),
(1635, 6, 5, '2025-12-28', 800.00, 10, 0, NULL, NULL, NULL, '2025-12-14 00:27:41', '2025-12-14 00:27:41'),
(1636, 6, 5, '2025-12-29', 800.00, 10, 0, NULL, NULL, NULL, '2025-12-14 00:27:41', '2025-12-14 00:27:41'),
(1637, 6, 5, '2025-12-30', 800.00, 10, 0, NULL, NULL, NULL, '2025-12-14 00:27:41', '2025-12-14 00:27:41'),
(1638, 6, 5, '2025-12-31', 800.00, 10, 0, NULL, NULL, NULL, '2025-12-14 00:27:41', '2025-12-14 00:27:41'),
(1639, 6, 5, '2026-01-01', 800.00, 10, 0, NULL, NULL, NULL, '2025-12-14 00:27:41', '2025-12-14 00:27:41'),
(1640, 6, 5, '2026-01-02', 800.00, 10, 0, NULL, NULL, NULL, '2025-12-14 00:27:41', '2025-12-14 00:27:41'),
(1641, 6, 5, '2026-01-03', 800.00, 10, 0, NULL, NULL, NULL, '2025-12-14 00:27:41', '2025-12-14 00:27:41'),
(1642, 6, 5, '2026-01-04', 800.00, 10, 0, NULL, NULL, NULL, '2025-12-14 00:27:41', '2025-12-14 00:27:41'),
(1643, 6, 5, '2026-01-05', 800.00, 10, 0, NULL, NULL, NULL, '2025-12-14 00:27:41', '2025-12-14 00:27:41'),
(1644, 6, 5, '2026-01-06', 800.00, 10, 0, NULL, NULL, NULL, '2025-12-14 00:27:41', '2025-12-14 00:27:41'),
(1645, 6, 5, '2026-01-07', 800.00, 10, 0, NULL, NULL, NULL, '2025-12-14 00:27:41', '2025-12-14 00:27:41'),
(1646, 6, 5, '2026-01-08', 800.00, 10, 0, NULL, NULL, NULL, '2025-12-14 00:27:41', '2025-12-14 00:27:41'),
(1647, 6, 5, '2026-01-09', 800.00, 10, 0, NULL, NULL, NULL, '2025-12-14 00:27:41', '2025-12-14 00:27:41'),
(1648, 6, 5, '2026-01-10', 800.00, 10, 0, NULL, NULL, NULL, '2025-12-14 00:27:41', '2025-12-14 00:27:41'),
(1649, 6, 5, '2026-01-11', 800.00, 10, 0, NULL, NULL, NULL, '2025-12-14 00:27:41', '2025-12-14 00:27:41'),
(1650, 6, 5, '2026-01-12', 800.00, 10, 0, NULL, NULL, NULL, '2025-12-14 00:27:41', '2025-12-14 00:27:41'),
(1651, 6, 6, '2025-12-14', 800.00, 10, 0, NULL, NULL, NULL, '2025-12-14 00:27:41', '2025-12-14 00:27:41'),
(1652, 6, 6, '2025-12-15', 800.00, 10, 0, NULL, NULL, NULL, '2025-12-14 00:27:41', '2025-12-14 00:27:41'),
(1653, 6, 6, '2025-12-16', 800.00, 10, 0, NULL, NULL, NULL, '2025-12-14 00:27:41', '2025-12-14 00:27:41'),
(1654, 6, 6, '2025-12-17', 800.00, 10, 0, NULL, NULL, NULL, '2025-12-14 00:27:41', '2025-12-14 00:27:41'),
(1655, 6, 6, '2025-12-18', 800.00, 10, 0, NULL, NULL, NULL, '2025-12-14 00:27:41', '2025-12-14 00:27:41'),
(1656, 6, 6, '2025-12-19', 800.00, 10, 0, NULL, NULL, NULL, '2025-12-14 00:27:41', '2025-12-14 00:27:41'),
(1657, 6, 6, '2025-12-20', 800.00, 10, 0, NULL, NULL, NULL, '2025-12-14 00:27:41', '2025-12-14 00:27:41'),
(1658, 6, 6, '2025-12-21', 800.00, 10, 0, NULL, NULL, NULL, '2025-12-14 00:27:41', '2025-12-14 00:27:41'),
(1659, 6, 6, '2025-12-22', 800.00, 10, 0, NULL, NULL, NULL, '2025-12-14 00:27:41', '2025-12-14 00:27:41'),
(1660, 6, 6, '2025-12-23', 800.00, 10, 0, NULL, NULL, NULL, '2025-12-14 00:27:41', '2025-12-14 00:27:41'),
(1661, 6, 6, '2025-12-24', 800.00, 10, 0, NULL, NULL, NULL, '2025-12-14 00:27:41', '2025-12-14 00:27:41'),
(1662, 6, 6, '2025-12-25', 800.00, 10, 0, NULL, NULL, NULL, '2025-12-14 00:27:41', '2025-12-14 00:27:41'),
(1663, 6, 6, '2025-12-26', 800.00, 10, 0, NULL, NULL, NULL, '2025-12-14 00:27:41', '2025-12-14 00:27:41'),
(1664, 6, 6, '2025-12-27', 800.00, 10, 0, NULL, NULL, NULL, '2025-12-14 00:27:41', '2025-12-14 00:27:41'),
(1665, 6, 6, '2025-12-28', 800.00, 10, 0, NULL, NULL, NULL, '2025-12-14 00:27:41', '2025-12-14 00:27:41'),
(1666, 6, 6, '2025-12-29', 800.00, 10, 0, NULL, NULL, NULL, '2025-12-14 00:27:41', '2025-12-14 00:27:41'),
(1667, 6, 6, '2025-12-30', 800.00, 10, 0, NULL, NULL, NULL, '2025-12-14 00:27:41', '2025-12-14 00:27:41'),
(1668, 6, 6, '2025-12-31', 800.00, 10, 0, NULL, NULL, NULL, '2025-12-14 00:27:41', '2025-12-14 00:27:41'),
(1669, 6, 6, '2026-01-01', 800.00, 10, 0, NULL, NULL, NULL, '2025-12-14 00:27:41', '2025-12-14 00:27:41'),
(1670, 6, 6, '2026-01-02', 800.00, 10, 0, NULL, NULL, NULL, '2025-12-14 00:27:41', '2025-12-14 00:27:41'),
(1671, 6, 6, '2026-01-03', 800.00, 10, 0, NULL, NULL, NULL, '2025-12-14 00:27:41', '2025-12-14 00:27:41'),
(1672, 6, 6, '2026-01-04', 800.00, 10, 0, NULL, NULL, NULL, '2025-12-14 00:27:41', '2025-12-14 00:27:41'),
(1673, 6, 6, '2026-01-05', 800.00, 10, 0, NULL, NULL, NULL, '2025-12-14 00:27:41', '2025-12-14 00:27:41'),
(1674, 6, 6, '2026-01-06', 800.00, 10, 0, NULL, NULL, NULL, '2025-12-14 00:27:41', '2025-12-14 00:27:41'),
(1675, 6, 6, '2026-01-07', 800.00, 10, 0, NULL, NULL, NULL, '2025-12-14 00:27:41', '2025-12-14 00:27:41'),
(1676, 6, 6, '2026-01-08', 800.00, 10, 0, NULL, NULL, NULL, '2025-12-14 00:27:41', '2025-12-14 00:27:41'),
(1677, 6, 6, '2026-01-09', 800.00, 10, 0, NULL, NULL, NULL, '2025-12-14 00:27:41', '2025-12-14 00:27:41'),
(1678, 6, 6, '2026-01-10', 800.00, 10, 0, NULL, NULL, NULL, '2025-12-14 00:27:41', '2025-12-14 00:27:41'),
(1679, 6, 6, '2026-01-11', 800.00, 10, 0, NULL, NULL, NULL, '2025-12-14 00:27:41', '2025-12-14 00:27:41'),
(1680, 6, 6, '2026-01-12', 800.00, 10, 0, NULL, NULL, NULL, '2025-12-14 00:27:41', '2025-12-14 00:27:41'),
(1681, 6, 7, '2025-12-14', 560.00, 10, 0, NULL, NULL, NULL, '2025-12-14 00:27:41', '2025-12-14 00:27:41'),
(1682, 6, 7, '2025-12-15', 560.00, 10, 0, NULL, NULL, NULL, '2025-12-14 00:27:41', '2025-12-14 00:27:41'),
(1683, 6, 7, '2025-12-16', 560.00, 10, 0, NULL, NULL, NULL, '2025-12-14 00:27:41', '2025-12-14 00:27:41'),
(1684, 6, 7, '2025-12-17', 560.00, 10, 0, NULL, NULL, NULL, '2025-12-14 00:27:41', '2025-12-14 00:27:41'),
(1685, 6, 7, '2025-12-18', 560.00, 10, 0, NULL, NULL, NULL, '2025-12-14 00:27:41', '2025-12-14 00:27:41'),
(1686, 6, 7, '2025-12-19', 560.00, 10, 0, NULL, NULL, NULL, '2025-12-14 00:27:41', '2025-12-14 00:27:41'),
(1687, 6, 7, '2025-12-20', 560.00, 10, 0, NULL, NULL, NULL, '2025-12-14 00:27:41', '2025-12-14 00:27:41'),
(1688, 6, 7, '2025-12-21', 560.00, 10, 0, NULL, NULL, NULL, '2025-12-14 00:27:41', '2025-12-14 00:27:41'),
(1689, 6, 7, '2025-12-22', 560.00, 10, 0, NULL, NULL, NULL, '2025-12-14 00:27:41', '2025-12-14 00:27:41'),
(1690, 6, 7, '2025-12-23', 560.00, 10, 0, NULL, NULL, NULL, '2025-12-14 00:27:41', '2025-12-14 00:27:41'),
(1691, 6, 7, '2025-12-24', 560.00, 10, 0, NULL, NULL, NULL, '2025-12-14 00:27:41', '2025-12-14 00:27:41'),
(1692, 6, 7, '2025-12-25', 560.00, 10, 0, NULL, NULL, NULL, '2025-12-14 00:27:41', '2025-12-14 00:27:41'),
(1693, 6, 7, '2025-12-26', 560.00, 10, 0, NULL, NULL, NULL, '2025-12-14 00:27:41', '2025-12-14 00:27:41'),
(1694, 6, 7, '2025-12-27', 560.00, 10, 0, NULL, NULL, NULL, '2025-12-14 00:27:41', '2025-12-14 00:27:41'),
(1695, 6, 7, '2025-12-28', 560.00, 10, 0, NULL, NULL, NULL, '2025-12-14 00:27:41', '2025-12-14 00:27:41'),
(1696, 6, 7, '2025-12-29', 560.00, 10, 0, NULL, NULL, NULL, '2025-12-14 00:27:41', '2025-12-14 00:27:41'),
(1697, 6, 7, '2025-12-30', 560.00, 10, 0, NULL, NULL, NULL, '2025-12-14 00:27:41', '2025-12-14 00:27:41'),
(1698, 6, 7, '2025-12-31', 560.00, 10, 0, NULL, NULL, NULL, '2025-12-14 00:27:41', '2025-12-14 00:27:41'),
(1699, 6, 7, '2026-01-01', 560.00, 10, 0, NULL, NULL, NULL, '2025-12-14 00:27:41', '2025-12-14 00:27:41'),
(1700, 6, 7, '2026-01-02', 560.00, 10, 0, NULL, NULL, NULL, '2025-12-14 00:27:41', '2025-12-14 00:27:41'),
(1701, 6, 7, '2026-01-03', 560.00, 10, 0, NULL, NULL, NULL, '2025-12-14 00:27:41', '2025-12-14 00:27:41'),
(1702, 6, 7, '2026-01-04', 560.00, 10, 0, NULL, NULL, NULL, '2025-12-14 00:27:41', '2025-12-14 00:27:41'),
(1703, 6, 7, '2026-01-05', 560.00, 10, 0, NULL, NULL, NULL, '2025-12-14 00:27:41', '2025-12-14 00:27:41'),
(1704, 6, 7, '2026-01-06', 560.00, 10, 0, NULL, NULL, NULL, '2025-12-14 00:27:41', '2025-12-14 00:27:41'),
(1705, 6, 7, '2026-01-07', 560.00, 10, 0, NULL, NULL, NULL, '2025-12-14 00:27:41', '2025-12-14 00:27:41'),
(1706, 6, 7, '2026-01-08', 560.00, 10, 0, NULL, NULL, NULL, '2025-12-14 00:27:41', '2025-12-14 00:27:41'),
(1707, 6, 7, '2026-01-09', 560.00, 10, 0, NULL, NULL, NULL, '2025-12-14 00:27:41', '2025-12-14 00:27:41'),
(1708, 6, 7, '2026-01-10', 560.00, 10, 0, NULL, NULL, NULL, '2025-12-14 00:27:41', '2025-12-14 00:27:41'),
(1709, 6, 7, '2026-01-11', 560.00, 10, 0, NULL, NULL, NULL, '2025-12-14 00:27:41', '2025-12-14 00:27:41'),
(1710, 6, 7, '2026-01-12', 560.00, 10, 0, NULL, NULL, NULL, '2025-12-14 00:27:41', '2025-12-14 00:27:41'),
(1711, 6, 8, '2025-12-14', 560.00, 10, 0, NULL, NULL, NULL, '2025-12-14 00:27:41', '2025-12-14 00:27:41'),
(1712, 6, 8, '2025-12-15', 560.00, 10, 0, NULL, NULL, NULL, '2025-12-14 00:27:41', '2025-12-14 00:27:41'),
(1713, 6, 8, '2025-12-16', 560.00, 10, 0, NULL, NULL, NULL, '2025-12-14 00:27:41', '2025-12-14 00:27:41'),
(1714, 6, 8, '2025-12-17', 560.00, 10, 0, NULL, NULL, NULL, '2025-12-14 00:27:41', '2025-12-14 00:27:41'),
(1715, 6, 8, '2025-12-18', 560.00, 10, 0, NULL, NULL, NULL, '2025-12-14 00:27:41', '2025-12-14 00:27:41'),
(1716, 6, 8, '2025-12-19', 560.00, 10, 0, NULL, NULL, NULL, '2025-12-14 00:27:41', '2025-12-14 00:27:41'),
(1717, 6, 8, '2025-12-20', 560.00, 10, 0, NULL, NULL, NULL, '2025-12-14 00:27:41', '2025-12-14 00:27:41'),
(1718, 6, 8, '2025-12-21', 560.00, 10, 0, NULL, NULL, NULL, '2025-12-14 00:27:41', '2025-12-14 00:27:41'),
(1719, 6, 8, '2025-12-22', 560.00, 10, 0, NULL, NULL, NULL, '2025-12-14 00:27:41', '2025-12-14 00:27:41'),
(1720, 6, 8, '2025-12-23', 560.00, 10, 0, NULL, NULL, NULL, '2025-12-14 00:27:41', '2025-12-14 00:27:41'),
(1721, 6, 8, '2025-12-24', 560.00, 10, 0, NULL, NULL, NULL, '2025-12-14 00:27:41', '2025-12-14 00:27:41'),
(1722, 6, 8, '2025-12-25', 560.00, 10, 0, NULL, NULL, NULL, '2025-12-14 00:27:41', '2025-12-14 00:27:41'),
(1723, 6, 8, '2025-12-26', 560.00, 10, 0, NULL, NULL, NULL, '2025-12-14 00:27:41', '2025-12-14 00:27:41'),
(1724, 6, 8, '2025-12-27', 560.00, 10, 0, NULL, NULL, NULL, '2025-12-14 00:27:41', '2025-12-14 00:27:41'),
(1725, 6, 8, '2025-12-28', 560.00, 10, 0, NULL, NULL, NULL, '2025-12-14 00:27:41', '2025-12-14 00:27:41'),
(1726, 6, 8, '2025-12-29', 560.00, 10, 0, NULL, NULL, NULL, '2025-12-14 00:27:41', '2025-12-14 00:27:41'),
(1727, 6, 8, '2025-12-30', 560.00, 10, 0, NULL, NULL, NULL, '2025-12-14 00:27:41', '2025-12-14 00:27:41'),
(1728, 6, 8, '2025-12-31', 560.00, 10, 0, NULL, NULL, NULL, '2025-12-14 00:27:41', '2025-12-14 00:27:41'),
(1729, 6, 8, '2026-01-01', 560.00, 10, 0, NULL, NULL, NULL, '2025-12-14 00:27:41', '2025-12-14 00:27:41'),
(1730, 6, 8, '2026-01-02', 560.00, 10, 0, NULL, NULL, NULL, '2025-12-14 00:27:41', '2025-12-14 00:27:41'),
(1731, 6, 8, '2026-01-03', 560.00, 10, 0, NULL, NULL, NULL, '2025-12-14 00:27:41', '2025-12-14 00:27:41'),
(1732, 6, 8, '2026-01-04', 560.00, 10, 0, NULL, NULL, NULL, '2025-12-14 00:27:41', '2025-12-14 00:27:41'),
(1733, 6, 8, '2026-01-05', 560.00, 10, 0, NULL, NULL, NULL, '2025-12-14 00:27:41', '2025-12-14 00:27:41'),
(1734, 6, 8, '2026-01-06', 560.00, 10, 0, NULL, NULL, NULL, '2025-12-14 00:27:41', '2025-12-14 00:27:41'),
(1735, 6, 8, '2026-01-07', 560.00, 10, 0, NULL, NULL, NULL, '2025-12-14 00:27:41', '2025-12-14 00:27:41'),
(1736, 6, 8, '2026-01-08', 560.00, 10, 0, NULL, NULL, NULL, '2025-12-14 00:27:41', '2025-12-14 00:27:41'),
(1737, 6, 8, '2026-01-09', 560.00, 10, 0, NULL, NULL, NULL, '2025-12-14 00:27:41', '2025-12-14 00:27:41'),
(1738, 6, 8, '2026-01-10', 560.00, 10, 0, NULL, NULL, NULL, '2025-12-14 00:27:41', '2025-12-14 00:27:41'),
(1739, 6, 8, '2026-01-11', 560.00, 10, 0, NULL, NULL, NULL, '2025-12-14 00:27:41', '2025-12-14 00:27:41'),
(1740, 6, 8, '2026-01-12', 560.00, 10, 0, NULL, NULL, NULL, '2025-12-14 00:27:41', '2025-12-14 00:27:41'),
(1741, 6, 9, '2025-12-14', 600.00, 10, 0, NULL, NULL, NULL, '2025-12-14 00:27:41', '2025-12-14 00:27:41'),
(1742, 6, 9, '2025-12-15', 600.00, 10, 0, NULL, NULL, NULL, '2025-12-14 00:27:41', '2025-12-14 00:27:41'),
(1743, 6, 9, '2025-12-16', 600.00, 10, 0, NULL, NULL, NULL, '2025-12-14 00:27:41', '2025-12-14 00:27:41'),
(1744, 6, 9, '2025-12-17', 600.00, 10, 0, NULL, NULL, NULL, '2025-12-14 00:27:41', '2025-12-14 00:27:41'),
(1745, 6, 9, '2025-12-18', 600.00, 10, 0, NULL, NULL, NULL, '2025-12-14 00:27:41', '2025-12-14 00:27:41'),
(1746, 6, 9, '2025-12-19', 600.00, 10, 0, NULL, NULL, NULL, '2025-12-14 00:27:41', '2025-12-14 00:27:41'),
(1747, 6, 9, '2025-12-20', 600.00, 10, 0, NULL, NULL, NULL, '2025-12-14 00:27:41', '2025-12-14 00:27:41'),
(1748, 6, 9, '2025-12-21', 600.00, 10, 0, NULL, NULL, NULL, '2025-12-14 00:27:41', '2025-12-14 00:27:41'),
(1749, 6, 9, '2025-12-22', 600.00, 10, 0, NULL, NULL, NULL, '2025-12-14 00:27:41', '2025-12-14 00:27:41'),
(1750, 6, 9, '2025-12-23', 600.00, 10, 0, NULL, NULL, NULL, '2025-12-14 00:27:41', '2025-12-14 00:27:41'),
(1751, 6, 9, '2025-12-24', 600.00, 10, 0, NULL, NULL, NULL, '2025-12-14 00:27:41', '2025-12-14 00:27:41'),
(1752, 6, 9, '2025-12-25', 600.00, 10, 0, NULL, NULL, NULL, '2025-12-14 00:27:41', '2025-12-14 00:27:41'),
(1753, 6, 9, '2025-12-26', 600.00, 10, 0, NULL, NULL, NULL, '2025-12-14 00:27:41', '2025-12-14 00:27:41'),
(1754, 6, 9, '2025-12-27', 600.00, 10, 0, NULL, NULL, NULL, '2025-12-14 00:27:41', '2025-12-14 00:27:41'),
(1755, 6, 9, '2025-12-28', 600.00, 10, 0, NULL, NULL, NULL, '2025-12-14 00:27:41', '2025-12-14 00:27:41'),
(1756, 6, 9, '2025-12-29', 600.00, 10, 0, NULL, NULL, NULL, '2025-12-14 00:27:41', '2025-12-14 00:27:41'),
(1757, 6, 9, '2025-12-30', 600.00, 10, 0, NULL, NULL, NULL, '2025-12-14 00:27:41', '2025-12-14 00:27:41'),
(1758, 6, 9, '2025-12-31', 600.00, 10, 0, NULL, NULL, NULL, '2025-12-14 00:27:41', '2025-12-14 00:27:41'),
(1759, 6, 9, '2026-01-01', 600.00, 10, 0, NULL, NULL, NULL, '2025-12-14 00:27:41', '2025-12-14 00:27:41'),
(1760, 6, 9, '2026-01-02', 600.00, 10, 0, NULL, NULL, NULL, '2025-12-14 00:27:41', '2025-12-14 00:27:41'),
(1761, 6, 9, '2026-01-03', 600.00, 10, 0, NULL, NULL, NULL, '2025-12-14 00:27:41', '2025-12-14 00:27:41'),
(1762, 6, 9, '2026-01-04', 600.00, 10, 0, NULL, NULL, NULL, '2025-12-14 00:27:41', '2025-12-14 00:27:41'),
(1763, 6, 9, '2026-01-05', 600.00, 10, 0, NULL, NULL, NULL, '2025-12-14 00:27:41', '2025-12-14 00:27:41'),
(1764, 6, 9, '2026-01-06', 600.00, 10, 0, NULL, NULL, NULL, '2025-12-14 00:27:41', '2025-12-14 00:27:41'),
(1765, 6, 9, '2026-01-07', 600.00, 10, 0, NULL, NULL, NULL, '2025-12-14 00:27:41', '2025-12-14 00:27:41'),
(1766, 6, 9, '2026-01-08', 600.00, 10, 0, NULL, NULL, NULL, '2025-12-14 00:27:41', '2025-12-14 00:27:41'),
(1767, 6, 9, '2026-01-09', 600.00, 10, 0, NULL, NULL, NULL, '2025-12-14 00:27:41', '2025-12-14 00:27:41'),
(1768, 6, 9, '2026-01-10', 600.00, 10, 0, NULL, NULL, NULL, '2025-12-14 00:27:41', '2025-12-14 00:27:41'),
(1769, 6, 9, '2026-01-11', 600.00, 10, 0, NULL, NULL, NULL, '2025-12-14 00:27:41', '2025-12-14 00:27:41'),
(1770, 6, 9, '2026-01-12', 600.00, 10, 0, NULL, NULL, NULL, '2025-12-14 00:27:41', '2025-12-14 00:27:41'),
(1771, 6, 10, '2025-12-14', 680.00, 10, 0, NULL, NULL, NULL, '2025-12-14 00:27:41', '2025-12-14 00:27:41'),
(1772, 6, 10, '2025-12-15', 680.00, 10, 0, NULL, NULL, NULL, '2025-12-14 00:27:41', '2025-12-14 00:27:41'),
(1773, 6, 10, '2025-12-16', 680.00, 10, 0, NULL, NULL, NULL, '2025-12-14 00:27:41', '2025-12-14 00:27:41'),
(1774, 6, 10, '2025-12-17', 680.00, 10, 0, NULL, NULL, NULL, '2025-12-14 00:27:41', '2025-12-14 00:27:41'),
(1775, 6, 10, '2025-12-18', 680.00, 10, 0, NULL, NULL, NULL, '2025-12-14 00:27:41', '2025-12-14 00:27:41'),
(1776, 6, 10, '2025-12-19', 680.00, 10, 0, NULL, NULL, NULL, '2025-12-14 00:27:41', '2025-12-14 00:27:41'),
(1777, 6, 10, '2025-12-20', 680.00, 10, 0, NULL, NULL, NULL, '2025-12-14 00:27:41', '2025-12-14 00:27:41'),
(1778, 6, 10, '2025-12-21', 680.00, 10, 0, NULL, NULL, NULL, '2025-12-14 00:27:41', '2025-12-14 00:27:41'),
(1779, 6, 10, '2025-12-22', 680.00, 10, 0, NULL, NULL, NULL, '2025-12-14 00:27:41', '2025-12-14 00:27:41'),
(1780, 6, 10, '2025-12-23', 680.00, 10, 0, NULL, NULL, NULL, '2025-12-14 00:27:41', '2025-12-14 00:27:41'),
(1781, 6, 10, '2025-12-24', 680.00, 10, 0, NULL, NULL, NULL, '2025-12-14 00:27:41', '2025-12-14 00:27:41'),
(1782, 6, 10, '2025-12-25', 680.00, 10, 0, NULL, NULL, NULL, '2025-12-14 00:27:41', '2025-12-14 00:27:41'),
(1783, 6, 10, '2025-12-26', 680.00, 10, 0, NULL, NULL, NULL, '2025-12-14 00:27:41', '2025-12-14 00:27:41'),
(1784, 6, 10, '2025-12-27', 680.00, 10, 0, NULL, NULL, NULL, '2025-12-14 00:27:41', '2025-12-14 00:27:41'),
(1785, 6, 10, '2025-12-28', 680.00, 10, 0, NULL, NULL, NULL, '2025-12-14 00:27:41', '2025-12-14 00:27:41'),
(1786, 6, 10, '2025-12-29', 680.00, 10, 0, NULL, NULL, NULL, '2025-12-14 00:27:41', '2025-12-14 00:27:41'),
(1787, 6, 10, '2025-12-30', 680.00, 10, 0, NULL, NULL, NULL, '2025-12-14 00:27:41', '2025-12-14 00:27:41'),
(1788, 6, 10, '2025-12-31', 680.00, 10, 0, NULL, NULL, NULL, '2025-12-14 00:27:41', '2025-12-14 00:27:41'),
(1789, 6, 10, '2026-01-01', 680.00, 10, 0, NULL, NULL, NULL, '2025-12-14 00:27:41', '2025-12-14 00:27:41'),
(1790, 6, 10, '2026-01-02', 680.00, 10, 0, NULL, NULL, NULL, '2025-12-14 00:27:41', '2025-12-14 00:27:41'),
(1791, 6, 10, '2026-01-03', 680.00, 10, 0, NULL, NULL, NULL, '2025-12-14 00:27:41', '2025-12-14 00:27:41'),
(1792, 6, 10, '2026-01-04', 680.00, 10, 0, NULL, NULL, NULL, '2025-12-14 00:27:41', '2025-12-14 00:27:41'),
(1793, 6, 10, '2026-01-05', 680.00, 10, 0, NULL, NULL, NULL, '2025-12-14 00:27:41', '2025-12-14 00:27:41'),
(1794, 6, 10, '2026-01-06', 680.00, 10, 0, NULL, NULL, NULL, '2025-12-14 00:27:41', '2025-12-14 00:27:41'),
(1795, 6, 10, '2026-01-07', 680.00, 10, 0, NULL, NULL, NULL, '2025-12-14 00:27:41', '2025-12-14 00:27:41'),
(1796, 6, 10, '2026-01-08', 680.00, 10, 0, NULL, NULL, NULL, '2025-12-14 00:27:41', '2025-12-14 00:27:41'),
(1797, 6, 10, '2026-01-09', 680.00, 10, 0, NULL, NULL, NULL, '2025-12-14 00:27:41', '2025-12-14 00:27:41'),
(1798, 6, 10, '2026-01-10', 680.00, 10, 0, NULL, NULL, NULL, '2025-12-14 00:27:41', '2025-12-14 00:27:41'),
(1799, 6, 10, '2026-01-11', 680.00, 10, 0, NULL, NULL, NULL, '2025-12-14 00:27:41', '2025-12-14 00:27:41'),
(1800, 6, 10, '2026-01-12', 680.00, 10, 0, NULL, NULL, NULL, '2025-12-14 00:27:41', '2025-12-14 00:27:41'),
(1801, 7, 1, '2025-12-14', 1500.00, 10, 0, NULL, NULL, NULL, '2025-12-14 00:27:41', '2025-12-14 00:27:41'),
(1802, 7, 1, '2025-12-15', 1500.00, 10, 0, NULL, NULL, NULL, '2025-12-14 00:27:41', '2025-12-14 00:27:41'),
(1803, 7, 1, '2025-12-16', 1500.00, 10, 0, NULL, NULL, NULL, '2025-12-14 00:27:41', '2025-12-14 00:27:41'),
(1804, 7, 1, '2025-12-17', 1500.00, 10, 0, NULL, NULL, NULL, '2025-12-14 00:27:41', '2025-12-14 00:27:41'),
(1805, 7, 1, '2025-12-18', 1500.00, 10, 0, NULL, NULL, NULL, '2025-12-14 00:27:41', '2025-12-14 00:27:41'),
(1806, 7, 1, '2025-12-19', 1500.00, 10, 0, NULL, NULL, NULL, '2025-12-14 00:27:41', '2025-12-14 00:27:41'),
(1807, 7, 1, '2025-12-20', 1500.00, 10, 0, NULL, NULL, NULL, '2025-12-14 00:27:41', '2025-12-14 00:27:41'),
(1808, 7, 1, '2025-12-21', 1500.00, 10, 0, NULL, NULL, NULL, '2025-12-14 00:27:41', '2025-12-14 00:27:41'),
(1809, 7, 1, '2025-12-22', 1500.00, 10, 0, NULL, NULL, NULL, '2025-12-14 00:27:41', '2025-12-14 00:27:41'),
(1810, 7, 1, '2025-12-23', 1500.00, 10, 0, NULL, NULL, NULL, '2025-12-14 00:27:41', '2025-12-14 00:27:41'),
(1811, 7, 1, '2025-12-24', 1500.00, 10, 0, NULL, NULL, NULL, '2025-12-14 00:27:41', '2025-12-14 00:27:41'),
(1812, 7, 1, '2025-12-25', 1500.00, 10, 0, NULL, NULL, NULL, '2025-12-14 00:27:41', '2025-12-14 00:27:41'),
(1813, 7, 1, '2025-12-26', 1500.00, 10, 0, NULL, NULL, NULL, '2025-12-14 00:27:41', '2025-12-14 00:27:41'),
(1814, 7, 1, '2025-12-27', 1500.00, 10, 0, NULL, NULL, NULL, '2025-12-14 00:27:41', '2025-12-14 00:27:41'),
(1815, 7, 1, '2025-12-28', 1500.00, 10, 0, NULL, NULL, NULL, '2025-12-14 00:27:41', '2025-12-14 00:27:41'),
(1816, 7, 1, '2025-12-29', 1500.00, 10, 0, NULL, NULL, NULL, '2025-12-14 00:27:41', '2025-12-14 00:27:41'),
(1817, 7, 1, '2025-12-30', 1500.00, 10, 0, NULL, NULL, NULL, '2025-12-14 00:27:41', '2025-12-14 00:27:41'),
(1818, 7, 1, '2025-12-31', 1500.00, 10, 0, NULL, NULL, NULL, '2025-12-14 00:27:41', '2025-12-14 00:27:41'),
(1819, 7, 1, '2026-01-01', 1500.00, 10, 0, NULL, NULL, NULL, '2025-12-14 00:27:41', '2025-12-14 00:27:41'),
(1820, 7, 1, '2026-01-02', 1500.00, 10, 0, NULL, NULL, NULL, '2025-12-14 00:27:41', '2025-12-14 00:27:41'),
(1821, 7, 1, '2026-01-03', 1500.00, 10, 0, NULL, NULL, NULL, '2025-12-14 00:27:41', '2025-12-14 00:27:41'),
(1822, 7, 1, '2026-01-04', 1500.00, 10, 0, NULL, NULL, NULL, '2025-12-14 00:27:41', '2025-12-14 00:27:41'),
(1823, 7, 1, '2026-01-05', 1500.00, 10, 0, NULL, NULL, NULL, '2025-12-14 00:27:41', '2025-12-14 00:27:41'),
(1824, 7, 1, '2026-01-06', 1500.00, 10, 0, NULL, NULL, NULL, '2025-12-14 00:27:41', '2025-12-14 00:27:41'),
(1825, 7, 1, '2026-01-07', 1500.00, 10, 0, NULL, NULL, NULL, '2025-12-14 00:27:41', '2025-12-14 00:27:41'),
(1826, 7, 1, '2026-01-08', 1500.00, 10, 0, NULL, NULL, NULL, '2025-12-14 00:27:41', '2025-12-14 00:27:41'),
(1827, 7, 1, '2026-01-09', 1500.00, 10, 0, NULL, NULL, NULL, '2025-12-14 00:27:41', '2025-12-14 00:27:41'),
(1828, 7, 1, '2026-01-10', 1500.00, 10, 0, NULL, NULL, NULL, '2025-12-14 00:27:41', '2025-12-14 00:27:41'),
(1829, 7, 1, '2026-01-11', 1500.00, 10, 0, NULL, NULL, NULL, '2025-12-14 00:27:41', '2025-12-14 00:27:41'),
(1830, 7, 1, '2026-01-12', 1500.00, 10, 0, NULL, NULL, NULL, '2025-12-14 00:27:41', '2025-12-14 00:27:41'),
(1831, 7, 2, '2025-12-14', 1500.00, 10, 0, NULL, NULL, NULL, '2025-12-14 00:27:41', '2025-12-14 00:27:41'),
(1832, 7, 2, '2025-12-15', 1500.00, 10, 0, NULL, NULL, NULL, '2025-12-14 00:27:41', '2025-12-14 00:27:41'),
(1833, 7, 2, '2025-12-16', 1500.00, 10, 0, NULL, NULL, NULL, '2025-12-14 00:27:41', '2025-12-14 00:27:41'),
(1834, 7, 2, '2025-12-17', 1500.00, 10, 0, NULL, NULL, NULL, '2025-12-14 00:27:41', '2025-12-14 00:27:41'),
(1835, 7, 2, '2025-12-18', 1500.00, 10, 0, NULL, NULL, NULL, '2025-12-14 00:27:41', '2025-12-14 00:27:41'),
(1836, 7, 2, '2025-12-19', 1500.00, 10, 0, NULL, NULL, NULL, '2025-12-14 00:27:41', '2025-12-14 00:27:41'),
(1837, 7, 2, '2025-12-20', 1500.00, 10, 0, NULL, NULL, NULL, '2025-12-14 00:27:41', '2025-12-14 00:27:41'),
(1838, 7, 2, '2025-12-21', 1500.00, 10, 0, NULL, NULL, NULL, '2025-12-14 00:27:41', '2025-12-14 00:27:41'),
(1839, 7, 2, '2025-12-22', 1500.00, 10, 0, NULL, NULL, NULL, '2025-12-14 00:27:41', '2025-12-14 00:27:41'),
(1840, 7, 2, '2025-12-23', 1500.00, 10, 0, NULL, NULL, NULL, '2025-12-14 00:27:41', '2025-12-14 00:27:41'),
(1841, 7, 2, '2025-12-24', 1500.00, 10, 0, NULL, NULL, NULL, '2025-12-14 00:27:41', '2025-12-14 00:27:41'),
(1842, 7, 2, '2025-12-25', 1500.00, 10, 0, NULL, NULL, NULL, '2025-12-14 00:27:41', '2025-12-14 00:27:41'),
(1843, 7, 2, '2025-12-26', 1500.00, 10, 0, NULL, NULL, NULL, '2025-12-14 00:27:41', '2025-12-14 00:27:41'),
(1844, 7, 2, '2025-12-27', 1500.00, 10, 0, NULL, NULL, NULL, '2025-12-14 00:27:41', '2025-12-14 00:27:41'),
(1845, 7, 2, '2025-12-28', 1500.00, 10, 0, NULL, NULL, NULL, '2025-12-14 00:27:41', '2025-12-14 00:27:41'),
(1846, 7, 2, '2025-12-29', 1500.00, 10, 0, NULL, NULL, NULL, '2025-12-14 00:27:41', '2025-12-14 00:27:41'),
(1847, 7, 2, '2025-12-30', 1500.00, 10, 0, NULL, NULL, NULL, '2025-12-14 00:27:41', '2025-12-14 00:27:41'),
(1848, 7, 2, '2025-12-31', 1500.00, 10, 0, NULL, NULL, NULL, '2025-12-14 00:27:41', '2025-12-14 00:27:41'),
(1849, 7, 2, '2026-01-01', 1500.00, 10, 0, NULL, NULL, NULL, '2025-12-14 00:27:41', '2025-12-14 00:27:41'),
(1850, 7, 2, '2026-01-02', 1500.00, 10, 0, NULL, NULL, NULL, '2025-12-14 00:27:41', '2025-12-14 00:27:41'),
(1851, 7, 2, '2026-01-03', 1500.00, 10, 0, NULL, NULL, NULL, '2025-12-14 00:27:41', '2025-12-14 00:27:41'),
(1852, 7, 2, '2026-01-04', 1500.00, 10, 0, NULL, NULL, NULL, '2025-12-14 00:27:41', '2025-12-14 00:27:41'),
(1853, 7, 2, '2026-01-05', 1500.00, 10, 0, NULL, NULL, NULL, '2025-12-14 00:27:41', '2025-12-14 00:27:41'),
(1854, 7, 2, '2026-01-06', 1500.00, 10, 0, NULL, NULL, NULL, '2025-12-14 00:27:41', '2025-12-14 00:27:41'),
(1855, 7, 2, '2026-01-07', 1500.00, 10, 0, NULL, NULL, NULL, '2025-12-14 00:27:41', '2025-12-14 00:27:41'),
(1856, 7, 2, '2026-01-08', 1500.00, 10, 0, NULL, NULL, NULL, '2025-12-14 00:27:41', '2025-12-14 00:27:41'),
(1857, 7, 2, '2026-01-09', 1500.00, 10, 0, NULL, NULL, NULL, '2025-12-14 00:27:41', '2025-12-14 00:27:41'),
(1858, 7, 2, '2026-01-10', 1500.00, 10, 0, NULL, NULL, NULL, '2025-12-14 00:27:41', '2025-12-14 00:27:41'),
(1859, 7, 2, '2026-01-11', 1500.00, 10, 0, NULL, NULL, NULL, '2025-12-14 00:27:41', '2025-12-14 00:27:41'),
(1860, 7, 2, '2026-01-12', 1500.00, 10, 0, NULL, NULL, NULL, '2025-12-14 00:27:41', '2025-12-14 00:27:41'),
(1861, 7, 3, '2025-12-14', 1200.00, 10, 0, NULL, NULL, NULL, '2025-12-14 00:27:41', '2025-12-14 00:27:41'),
(1862, 7, 3, '2025-12-15', 1200.00, 10, 0, NULL, NULL, NULL, '2025-12-14 00:27:41', '2025-12-14 00:27:41'),
(1863, 7, 3, '2025-12-16', 1200.00, 10, 0, NULL, NULL, NULL, '2025-12-14 00:27:41', '2025-12-14 00:27:41'),
(1864, 7, 3, '2025-12-17', 1200.00, 10, 0, NULL, NULL, NULL, '2025-12-14 00:27:41', '2025-12-14 00:27:41'),
(1865, 7, 3, '2025-12-18', 1200.00, 10, 0, NULL, NULL, NULL, '2025-12-14 00:27:41', '2025-12-14 00:27:41'),
(1866, 7, 3, '2025-12-19', 1200.00, 10, 0, NULL, NULL, NULL, '2025-12-14 00:27:41', '2025-12-14 00:27:41'),
(1867, 7, 3, '2025-12-20', 1200.00, 10, 0, NULL, NULL, NULL, '2025-12-14 00:27:41', '2025-12-14 00:27:41'),
(1868, 7, 3, '2025-12-21', 1200.00, 10, 0, NULL, NULL, NULL, '2025-12-14 00:27:41', '2025-12-14 00:27:41'),
(1869, 7, 3, '2025-12-22', 1200.00, 10, 0, NULL, NULL, NULL, '2025-12-14 00:27:41', '2025-12-14 00:27:41'),
(1870, 7, 3, '2025-12-23', 1200.00, 10, 0, NULL, NULL, NULL, '2025-12-14 00:27:41', '2025-12-14 00:27:41'),
(1871, 7, 3, '2025-12-24', 1200.00, 10, 0, NULL, NULL, NULL, '2025-12-14 00:27:41', '2025-12-14 00:27:41'),
(1872, 7, 3, '2025-12-25', 1200.00, 10, 0, NULL, NULL, NULL, '2025-12-14 00:27:41', '2025-12-14 00:27:41'),
(1873, 7, 3, '2025-12-26', 1200.00, 10, 0, NULL, NULL, NULL, '2025-12-14 00:27:41', '2025-12-14 00:27:41'),
(1874, 7, 3, '2025-12-27', 1200.00, 10, 0, NULL, NULL, NULL, '2025-12-14 00:27:41', '2025-12-14 00:27:41'),
(1875, 7, 3, '2025-12-28', 1200.00, 10, 0, NULL, NULL, NULL, '2025-12-14 00:27:41', '2025-12-14 00:27:41'),
(1876, 7, 3, '2025-12-29', 1200.00, 10, 0, NULL, NULL, NULL, '2025-12-14 00:27:41', '2025-12-14 00:27:41'),
(1877, 7, 3, '2025-12-30', 1200.00, 10, 0, NULL, NULL, NULL, '2025-12-14 00:27:41', '2025-12-14 00:27:41'),
(1878, 7, 3, '2025-12-31', 1200.00, 10, 0, NULL, NULL, NULL, '2025-12-14 00:27:41', '2025-12-14 00:27:41'),
(1879, 7, 3, '2026-01-01', 1200.00, 10, 0, NULL, NULL, NULL, '2025-12-14 00:27:41', '2025-12-14 00:27:41'),
(1880, 7, 3, '2026-01-02', 1200.00, 10, 0, NULL, NULL, NULL, '2025-12-14 00:27:41', '2025-12-14 00:27:41'),
(1881, 7, 3, '2026-01-03', 1200.00, 10, 0, NULL, NULL, NULL, '2025-12-14 00:27:41', '2025-12-14 00:27:41'),
(1882, 7, 3, '2026-01-04', 1200.00, 10, 0, NULL, NULL, NULL, '2025-12-14 00:27:41', '2025-12-14 00:27:41'),
(1883, 7, 3, '2026-01-05', 1200.00, 10, 0, NULL, NULL, NULL, '2025-12-14 00:27:41', '2025-12-14 00:27:41'),
(1884, 7, 3, '2026-01-06', 1200.00, 10, 0, NULL, NULL, NULL, '2025-12-14 00:27:41', '2025-12-14 00:27:41'),
(1885, 7, 3, '2026-01-07', 1200.00, 10, 0, NULL, NULL, NULL, '2025-12-14 00:27:41', '2025-12-14 00:27:41'),
(1886, 7, 3, '2026-01-08', 1200.00, 10, 0, NULL, NULL, NULL, '2025-12-14 00:27:41', '2025-12-14 00:27:41'),
(1887, 7, 3, '2026-01-09', 1200.00, 10, 0, NULL, NULL, NULL, '2025-12-14 00:27:41', '2025-12-14 00:27:41'),
(1888, 7, 3, '2026-01-10', 1200.00, 10, 0, NULL, NULL, NULL, '2025-12-14 00:27:41', '2025-12-14 00:27:41'),
(1889, 7, 3, '2026-01-11', 1200.00, 10, 0, NULL, NULL, NULL, '2025-12-14 00:27:41', '2025-12-14 00:27:41'),
(1890, 7, 3, '2026-01-12', 1200.00, 10, 0, NULL, NULL, NULL, '2025-12-14 00:27:41', '2025-12-14 00:27:41'),
(1891, 7, 4, '2025-12-14', 1200.00, 10, 0, NULL, NULL, NULL, '2025-12-14 00:27:41', '2025-12-14 00:27:41'),
(1892, 7, 4, '2025-12-15', 1200.00, 10, 0, NULL, NULL, NULL, '2025-12-14 00:27:41', '2025-12-14 00:27:41'),
(1893, 7, 4, '2025-12-16', 1200.00, 10, 0, NULL, NULL, NULL, '2025-12-14 00:27:41', '2025-12-14 00:27:41'),
(1894, 7, 4, '2025-12-17', 1200.00, 10, 0, NULL, NULL, NULL, '2025-12-14 00:27:41', '2025-12-14 00:27:41'),
(1895, 7, 4, '2025-12-18', 1200.00, 10, 0, NULL, NULL, NULL, '2025-12-14 00:27:41', '2025-12-14 00:27:41'),
(1896, 7, 4, '2025-12-19', 1200.00, 10, 0, NULL, NULL, NULL, '2025-12-14 00:27:41', '2025-12-14 00:27:41'),
(1897, 7, 4, '2025-12-20', 1200.00, 10, 0, NULL, NULL, NULL, '2025-12-14 00:27:41', '2025-12-14 00:27:41'),
(1898, 7, 4, '2025-12-21', 1200.00, 10, 0, NULL, NULL, NULL, '2025-12-14 00:27:41', '2025-12-14 00:27:41'),
(1899, 7, 4, '2025-12-22', 1200.00, 10, 0, NULL, NULL, NULL, '2025-12-14 00:27:41', '2025-12-14 00:27:41'),
(1900, 7, 4, '2025-12-23', 1200.00, 10, 0, NULL, NULL, NULL, '2025-12-14 00:27:41', '2025-12-14 00:27:41'),
(1901, 7, 4, '2025-12-24', 1200.00, 10, 0, NULL, NULL, NULL, '2025-12-14 00:27:41', '2025-12-14 00:27:41'),
(1902, 7, 4, '2025-12-25', 1200.00, 10, 0, NULL, NULL, NULL, '2025-12-14 00:27:41', '2025-12-14 00:27:41'),
(1903, 7, 4, '2025-12-26', 1200.00, 10, 0, NULL, NULL, NULL, '2025-12-14 00:27:41', '2025-12-14 00:27:41');
INSERT INTO `daily_rates` (`id`, `room_type_id`, `rate_plan_id`, `rate_date`, `price`, `available_rooms`, `stop_sell`, `min_stay`, `max_stay`, `cut_off`, `created_at`, `updated_at`) VALUES
(1904, 7, 4, '2025-12-27', 1200.00, 10, 0, NULL, NULL, NULL, '2025-12-14 00:27:41', '2025-12-14 00:27:41'),
(1905, 7, 4, '2025-12-28', 1200.00, 10, 0, NULL, NULL, NULL, '2025-12-14 00:27:41', '2025-12-14 00:27:41'),
(1906, 7, 4, '2025-12-29', 1200.00, 10, 0, NULL, NULL, NULL, '2025-12-14 00:27:41', '2025-12-14 00:27:41'),
(1907, 7, 4, '2025-12-30', 1200.00, 10, 0, NULL, NULL, NULL, '2025-12-14 00:27:41', '2025-12-14 00:27:41'),
(1908, 7, 4, '2025-12-31', 1200.00, 10, 0, NULL, NULL, NULL, '2025-12-14 00:27:41', '2025-12-14 00:27:41'),
(1909, 7, 4, '2026-01-01', 1200.00, 10, 0, NULL, NULL, NULL, '2025-12-14 00:27:41', '2025-12-14 00:27:41'),
(1910, 7, 4, '2026-01-02', 1200.00, 10, 0, NULL, NULL, NULL, '2025-12-14 00:27:41', '2025-12-14 00:27:41'),
(1911, 7, 4, '2026-01-03', 1200.00, 10, 0, NULL, NULL, NULL, '2025-12-14 00:27:41', '2025-12-14 00:27:41'),
(1912, 7, 4, '2026-01-04', 1200.00, 10, 0, NULL, NULL, NULL, '2025-12-14 00:27:41', '2025-12-14 00:27:41'),
(1913, 7, 4, '2026-01-05', 1200.00, 10, 0, NULL, NULL, NULL, '2025-12-14 00:27:41', '2025-12-14 00:27:41'),
(1914, 7, 4, '2026-01-06', 1200.00, 10, 0, NULL, NULL, NULL, '2025-12-14 00:27:41', '2025-12-14 00:27:41'),
(1915, 7, 4, '2026-01-07', 1200.00, 10, 0, NULL, NULL, NULL, '2025-12-14 00:27:41', '2025-12-14 00:27:41'),
(1916, 7, 4, '2026-01-08', 1200.00, 10, 0, NULL, NULL, NULL, '2025-12-14 00:27:41', '2025-12-14 00:27:41'),
(1917, 7, 4, '2026-01-09', 1200.00, 10, 0, NULL, NULL, NULL, '2025-12-14 00:27:41', '2025-12-14 00:27:41'),
(1918, 7, 4, '2026-01-10', 1200.00, 10, 0, NULL, NULL, NULL, '2025-12-14 00:27:41', '2025-12-14 00:27:41'),
(1919, 7, 4, '2026-01-11', 1200.00, 10, 0, NULL, NULL, NULL, '2025-12-14 00:27:41', '2025-12-14 00:27:41'),
(1920, 7, 4, '2026-01-12', 1200.00, 10, 0, NULL, NULL, NULL, '2025-12-14 00:27:41', '2025-12-14 00:27:41'),
(1921, 7, 5, '2025-12-14', 1500.00, 10, 0, NULL, NULL, NULL, '2025-12-14 00:27:41', '2025-12-14 00:27:41'),
(1922, 7, 5, '2025-12-15', 1500.00, 10, 0, NULL, NULL, NULL, '2025-12-14 00:27:41', '2025-12-14 00:27:41'),
(1923, 7, 5, '2025-12-16', 1500.00, 10, 0, NULL, NULL, NULL, '2025-12-14 00:27:41', '2025-12-14 00:27:41'),
(1924, 7, 5, '2025-12-17', 1500.00, 10, 0, NULL, NULL, NULL, '2025-12-14 00:27:41', '2025-12-14 00:27:41'),
(1925, 7, 5, '2025-12-18', 1500.00, 10, 0, NULL, NULL, NULL, '2025-12-14 00:27:41', '2025-12-14 00:27:41'),
(1926, 7, 5, '2025-12-19', 1500.00, 10, 0, NULL, NULL, NULL, '2025-12-14 00:27:41', '2025-12-14 00:27:41'),
(1927, 7, 5, '2025-12-20', 1500.00, 10, 0, NULL, NULL, NULL, '2025-12-14 00:27:41', '2025-12-14 00:27:41'),
(1928, 7, 5, '2025-12-21', 1500.00, 10, 0, NULL, NULL, NULL, '2025-12-14 00:27:41', '2025-12-14 00:27:41'),
(1929, 7, 5, '2025-12-22', 1500.00, 10, 0, NULL, NULL, NULL, '2025-12-14 00:27:41', '2025-12-14 00:27:41'),
(1930, 7, 5, '2025-12-23', 1500.00, 10, 0, NULL, NULL, NULL, '2025-12-14 00:27:41', '2025-12-14 00:27:41'),
(1931, 7, 5, '2025-12-24', 1500.00, 10, 0, NULL, NULL, NULL, '2025-12-14 00:27:41', '2025-12-14 00:27:41'),
(1932, 7, 5, '2025-12-25', 1500.00, 10, 0, NULL, NULL, NULL, '2025-12-14 00:27:41', '2025-12-14 00:27:41'),
(1933, 7, 5, '2025-12-26', 1500.00, 10, 0, NULL, NULL, NULL, '2025-12-14 00:27:41', '2025-12-14 00:27:41'),
(1934, 7, 5, '2025-12-27', 1500.00, 10, 0, NULL, NULL, NULL, '2025-12-14 00:27:41', '2025-12-14 00:27:41'),
(1935, 7, 5, '2025-12-28', 1500.00, 10, 0, NULL, NULL, NULL, '2025-12-14 00:27:41', '2025-12-14 00:27:41'),
(1936, 7, 5, '2025-12-29', 1500.00, 10, 0, NULL, NULL, NULL, '2025-12-14 00:27:41', '2025-12-14 00:27:41'),
(1937, 7, 5, '2025-12-30', 1500.00, 10, 0, NULL, NULL, NULL, '2025-12-14 00:27:41', '2025-12-14 00:27:41'),
(1938, 7, 5, '2025-12-31', 1500.00, 10, 0, NULL, NULL, NULL, '2025-12-14 00:27:41', '2025-12-14 00:27:41'),
(1939, 7, 5, '2026-01-01', 1500.00, 10, 0, NULL, NULL, NULL, '2025-12-14 00:27:41', '2025-12-14 00:27:41'),
(1940, 7, 5, '2026-01-02', 1500.00, 10, 0, NULL, NULL, NULL, '2025-12-14 00:27:41', '2025-12-14 00:27:41'),
(1941, 7, 5, '2026-01-03', 1500.00, 10, 0, NULL, NULL, NULL, '2025-12-14 00:27:41', '2025-12-14 00:27:41'),
(1942, 7, 5, '2026-01-04', 1500.00, 10, 0, NULL, NULL, NULL, '2025-12-14 00:27:41', '2025-12-14 00:27:41'),
(1943, 7, 5, '2026-01-05', 1500.00, 10, 0, NULL, NULL, NULL, '2025-12-14 00:27:41', '2025-12-14 00:27:41'),
(1944, 7, 5, '2026-01-06', 1500.00, 10, 0, NULL, NULL, NULL, '2025-12-14 00:27:41', '2025-12-14 00:27:41'),
(1945, 7, 5, '2026-01-07', 1500.00, 10, 0, NULL, NULL, NULL, '2025-12-14 00:27:41', '2025-12-14 00:27:41'),
(1946, 7, 5, '2026-01-08', 1500.00, 10, 0, NULL, NULL, NULL, '2025-12-14 00:27:41', '2025-12-14 00:27:41'),
(1947, 7, 5, '2026-01-09', 1500.00, 10, 0, NULL, NULL, NULL, '2025-12-14 00:27:41', '2025-12-14 00:27:41'),
(1948, 7, 5, '2026-01-10', 1500.00, 10, 0, NULL, NULL, NULL, '2025-12-14 00:27:41', '2025-12-14 00:27:41'),
(1949, 7, 5, '2026-01-11', 1500.00, 10, 0, NULL, NULL, NULL, '2025-12-14 00:27:41', '2025-12-14 00:27:41'),
(1950, 7, 5, '2026-01-12', 1500.00, 10, 0, NULL, NULL, NULL, '2025-12-14 00:27:41', '2025-12-14 00:27:41'),
(1951, 7, 6, '2025-12-14', 1500.00, 10, 0, NULL, NULL, NULL, '2025-12-14 00:27:41', '2025-12-14 00:27:41'),
(1952, 7, 6, '2025-12-15', 1500.00, 10, 0, NULL, NULL, NULL, '2025-12-14 00:27:41', '2025-12-14 00:27:41'),
(1953, 7, 6, '2025-12-16', 1500.00, 10, 0, NULL, NULL, NULL, '2025-12-14 00:27:41', '2025-12-14 00:27:41'),
(1954, 7, 6, '2025-12-17', 1500.00, 10, 0, NULL, NULL, NULL, '2025-12-14 00:27:41', '2025-12-14 00:27:41'),
(1955, 7, 6, '2025-12-18', 1500.00, 10, 0, NULL, NULL, NULL, '2025-12-14 00:27:41', '2025-12-14 00:27:41'),
(1956, 7, 6, '2025-12-19', 1500.00, 10, 0, NULL, NULL, NULL, '2025-12-14 00:27:41', '2025-12-14 00:27:41'),
(1957, 7, 6, '2025-12-20', 1500.00, 10, 0, NULL, NULL, NULL, '2025-12-14 00:27:41', '2025-12-14 00:27:41'),
(1958, 7, 6, '2025-12-21', 1500.00, 10, 0, NULL, NULL, NULL, '2025-12-14 00:27:41', '2025-12-14 00:27:41'),
(1959, 7, 6, '2025-12-22', 1500.00, 10, 0, NULL, NULL, NULL, '2025-12-14 00:27:41', '2025-12-14 00:27:41'),
(1960, 7, 6, '2025-12-23', 1500.00, 10, 0, NULL, NULL, NULL, '2025-12-14 00:27:41', '2025-12-14 00:27:41'),
(1961, 7, 6, '2025-12-24', 1500.00, 10, 0, NULL, NULL, NULL, '2025-12-14 00:27:41', '2025-12-14 00:27:41'),
(1962, 7, 6, '2025-12-25', 1500.00, 10, 0, NULL, NULL, NULL, '2025-12-14 00:27:41', '2025-12-14 00:27:41'),
(1963, 7, 6, '2025-12-26', 1500.00, 10, 0, NULL, NULL, NULL, '2025-12-14 00:27:41', '2025-12-14 00:27:41'),
(1964, 7, 6, '2025-12-27', 1500.00, 10, 0, NULL, NULL, NULL, '2025-12-14 00:27:41', '2025-12-14 00:27:41'),
(1965, 7, 6, '2025-12-28', 1500.00, 10, 0, NULL, NULL, NULL, '2025-12-14 00:27:41', '2025-12-14 00:27:41'),
(1966, 7, 6, '2025-12-29', 1500.00, 10, 0, NULL, NULL, NULL, '2025-12-14 00:27:41', '2025-12-14 00:27:41'),
(1967, 7, 6, '2025-12-30', 1500.00, 10, 0, NULL, NULL, NULL, '2025-12-14 00:27:41', '2025-12-14 00:27:41'),
(1968, 7, 6, '2025-12-31', 1500.00, 10, 0, NULL, NULL, NULL, '2025-12-14 00:27:41', '2025-12-14 00:27:41'),
(1969, 7, 6, '2026-01-01', 1500.00, 10, 0, NULL, NULL, NULL, '2025-12-14 00:27:41', '2025-12-14 00:27:41'),
(1970, 7, 6, '2026-01-02', 1500.00, 10, 0, NULL, NULL, NULL, '2025-12-14 00:27:41', '2025-12-14 00:27:41'),
(1971, 7, 6, '2026-01-03', 1500.00, 10, 0, NULL, NULL, NULL, '2025-12-14 00:27:41', '2025-12-14 00:27:41'),
(1972, 7, 6, '2026-01-04', 1500.00, 10, 0, NULL, NULL, NULL, '2025-12-14 00:27:41', '2025-12-14 00:27:41'),
(1973, 7, 6, '2026-01-05', 1500.00, 10, 0, NULL, NULL, NULL, '2025-12-14 00:27:41', '2025-12-14 00:27:41'),
(1974, 7, 6, '2026-01-06', 1500.00, 10, 0, NULL, NULL, NULL, '2025-12-14 00:27:41', '2025-12-14 00:27:41'),
(1975, 7, 6, '2026-01-07', 1500.00, 10, 0, NULL, NULL, NULL, '2025-12-14 00:27:41', '2025-12-14 00:27:41'),
(1976, 7, 6, '2026-01-08', 1500.00, 10, 0, NULL, NULL, NULL, '2025-12-14 00:27:41', '2025-12-14 00:27:41'),
(1977, 7, 6, '2026-01-09', 1500.00, 10, 0, NULL, NULL, NULL, '2025-12-14 00:27:41', '2025-12-14 00:27:41'),
(1978, 7, 6, '2026-01-10', 1500.00, 10, 0, NULL, NULL, NULL, '2025-12-14 00:27:41', '2025-12-14 00:27:41'),
(1979, 7, 6, '2026-01-11', 1500.00, 10, 0, NULL, NULL, NULL, '2025-12-14 00:27:41', '2025-12-14 00:27:41'),
(1980, 7, 6, '2026-01-12', 1500.00, 10, 0, NULL, NULL, NULL, '2025-12-14 00:27:41', '2025-12-14 00:27:41'),
(1981, 7, 7, '2025-12-14', 1050.00, 10, 0, NULL, NULL, NULL, '2025-12-14 00:27:41', '2025-12-14 00:27:41'),
(1982, 7, 7, '2025-12-15', 1050.00, 10, 0, NULL, NULL, NULL, '2025-12-14 00:27:41', '2025-12-14 00:27:41'),
(1983, 7, 7, '2025-12-16', 1050.00, 10, 0, NULL, NULL, NULL, '2025-12-14 00:27:41', '2025-12-14 00:27:41'),
(1984, 7, 7, '2025-12-17', 1050.00, 10, 0, NULL, NULL, NULL, '2025-12-14 00:27:41', '2025-12-14 00:27:41'),
(1985, 7, 7, '2025-12-18', 1050.00, 10, 0, NULL, NULL, NULL, '2025-12-14 00:27:41', '2025-12-14 00:27:41'),
(1986, 7, 7, '2025-12-19', 1050.00, 10, 0, NULL, NULL, NULL, '2025-12-14 00:27:41', '2025-12-14 00:27:41'),
(1987, 7, 7, '2025-12-20', 1050.00, 10, 0, NULL, NULL, NULL, '2025-12-14 00:27:41', '2025-12-14 00:27:41'),
(1988, 7, 7, '2025-12-21', 1050.00, 10, 0, NULL, NULL, NULL, '2025-12-14 00:27:41', '2025-12-14 00:27:41'),
(1989, 7, 7, '2025-12-22', 1050.00, 10, 0, NULL, NULL, NULL, '2025-12-14 00:27:41', '2025-12-14 00:27:41'),
(1990, 7, 7, '2025-12-23', 1050.00, 10, 0, NULL, NULL, NULL, '2025-12-14 00:27:41', '2025-12-14 00:27:41'),
(1991, 7, 7, '2025-12-24', 1050.00, 10, 0, NULL, NULL, NULL, '2025-12-14 00:27:41', '2025-12-14 00:27:41'),
(1992, 7, 7, '2025-12-25', 1050.00, 10, 0, NULL, NULL, NULL, '2025-12-14 00:27:41', '2025-12-14 00:27:41'),
(1993, 7, 7, '2025-12-26', 1050.00, 10, 0, NULL, NULL, NULL, '2025-12-14 00:27:41', '2025-12-14 00:27:41'),
(1994, 7, 7, '2025-12-27', 1050.00, 10, 0, NULL, NULL, NULL, '2025-12-14 00:27:41', '2025-12-14 00:27:41'),
(1995, 7, 7, '2025-12-28', 1050.00, 10, 0, NULL, NULL, NULL, '2025-12-14 00:27:41', '2025-12-14 00:27:41'),
(1996, 7, 7, '2025-12-29', 1050.00, 10, 0, NULL, NULL, NULL, '2025-12-14 00:27:41', '2025-12-14 00:27:41'),
(1997, 7, 7, '2025-12-30', 1050.00, 10, 0, NULL, NULL, NULL, '2025-12-14 00:27:41', '2025-12-14 00:27:41'),
(1998, 7, 7, '2025-12-31', 1050.00, 10, 0, NULL, NULL, NULL, '2025-12-14 00:27:41', '2025-12-14 00:27:41'),
(1999, 7, 7, '2026-01-01', 1050.00, 10, 0, NULL, NULL, NULL, '2025-12-14 00:27:41', '2025-12-14 00:27:41'),
(2000, 7, 7, '2026-01-02', 1050.00, 10, 0, NULL, NULL, NULL, '2025-12-14 00:27:41', '2025-12-14 00:27:41'),
(2001, 7, 7, '2026-01-03', 1050.00, 10, 0, NULL, NULL, NULL, '2025-12-14 00:27:41', '2025-12-14 00:27:41'),
(2002, 7, 7, '2026-01-04', 1050.00, 10, 0, NULL, NULL, NULL, '2025-12-14 00:27:41', '2025-12-14 00:27:41'),
(2003, 7, 7, '2026-01-05', 1050.00, 10, 0, NULL, NULL, NULL, '2025-12-14 00:27:41', '2025-12-14 00:27:41'),
(2004, 7, 7, '2026-01-06', 1050.00, 10, 0, NULL, NULL, NULL, '2025-12-14 00:27:41', '2025-12-14 00:27:41'),
(2005, 7, 7, '2026-01-07', 1050.00, 10, 0, NULL, NULL, NULL, '2025-12-14 00:27:41', '2025-12-14 00:27:41'),
(2006, 7, 7, '2026-01-08', 1050.00, 10, 0, NULL, NULL, NULL, '2025-12-14 00:27:41', '2025-12-14 00:27:41'),
(2007, 7, 7, '2026-01-09', 1050.00, 10, 0, NULL, NULL, NULL, '2025-12-14 00:27:41', '2025-12-14 00:27:41'),
(2008, 7, 7, '2026-01-10', 1050.00, 10, 0, NULL, NULL, NULL, '2025-12-14 00:27:41', '2025-12-14 00:27:41'),
(2009, 7, 7, '2026-01-11', 1050.00, 10, 0, NULL, NULL, NULL, '2025-12-14 00:27:41', '2025-12-14 00:27:41'),
(2010, 7, 7, '2026-01-12', 1050.00, 10, 0, NULL, NULL, NULL, '2025-12-14 00:27:41', '2025-12-14 00:27:41'),
(2011, 7, 8, '2025-12-14', 1050.00, 10, 0, NULL, NULL, NULL, '2025-12-14 00:27:41', '2025-12-14 00:27:41'),
(2012, 7, 8, '2025-12-15', 1050.00, 10, 0, NULL, NULL, NULL, '2025-12-14 00:27:41', '2025-12-14 00:27:41'),
(2013, 7, 8, '2025-12-16', 1050.00, 10, 0, NULL, NULL, NULL, '2025-12-14 00:27:41', '2025-12-14 00:27:41'),
(2014, 7, 8, '2025-12-17', 1050.00, 10, 0, NULL, NULL, NULL, '2025-12-14 00:27:41', '2025-12-14 00:27:41'),
(2015, 7, 8, '2025-12-18', 1050.00, 10, 0, NULL, NULL, NULL, '2025-12-14 00:27:41', '2025-12-14 00:27:41'),
(2016, 7, 8, '2025-12-19', 1050.00, 10, 0, NULL, NULL, NULL, '2025-12-14 00:27:41', '2025-12-14 00:27:41'),
(2017, 7, 8, '2025-12-20', 1050.00, 10, 0, NULL, NULL, NULL, '2025-12-14 00:27:41', '2025-12-14 00:27:41'),
(2018, 7, 8, '2025-12-21', 1050.00, 10, 0, NULL, NULL, NULL, '2025-12-14 00:27:41', '2025-12-14 00:27:41'),
(2019, 7, 8, '2025-12-22', 1050.00, 10, 0, NULL, NULL, NULL, '2025-12-14 00:27:41', '2025-12-14 00:27:41'),
(2020, 7, 8, '2025-12-23', 1050.00, 10, 0, NULL, NULL, NULL, '2025-12-14 00:27:41', '2025-12-14 00:27:41'),
(2021, 7, 8, '2025-12-24', 1050.00, 10, 0, NULL, NULL, NULL, '2025-12-14 00:27:41', '2025-12-14 00:27:41'),
(2022, 7, 8, '2025-12-25', 1050.00, 10, 0, NULL, NULL, NULL, '2025-12-14 00:27:41', '2025-12-14 00:27:41'),
(2023, 7, 8, '2025-12-26', 1050.00, 10, 0, NULL, NULL, NULL, '2025-12-14 00:27:41', '2025-12-14 00:27:41'),
(2024, 7, 8, '2025-12-27', 1050.00, 10, 0, NULL, NULL, NULL, '2025-12-14 00:27:41', '2025-12-14 00:27:41'),
(2025, 7, 8, '2025-12-28', 1050.00, 10, 0, NULL, NULL, NULL, '2025-12-14 00:27:41', '2025-12-14 00:27:41'),
(2026, 7, 8, '2025-12-29', 1050.00, 10, 0, NULL, NULL, NULL, '2025-12-14 00:27:41', '2025-12-14 00:27:41'),
(2027, 7, 8, '2025-12-30', 1050.00, 10, 0, NULL, NULL, NULL, '2025-12-14 00:27:41', '2025-12-14 00:27:41'),
(2028, 7, 8, '2025-12-31', 1050.00, 10, 0, NULL, NULL, NULL, '2025-12-14 00:27:41', '2025-12-14 00:27:41'),
(2029, 7, 8, '2026-01-01', 1050.00, 10, 0, NULL, NULL, NULL, '2025-12-14 00:27:41', '2025-12-14 00:27:41'),
(2030, 7, 8, '2026-01-02', 1050.00, 10, 0, NULL, NULL, NULL, '2025-12-14 00:27:41', '2025-12-14 00:27:41'),
(2031, 7, 8, '2026-01-03', 1050.00, 10, 0, NULL, NULL, NULL, '2025-12-14 00:27:41', '2025-12-14 00:27:41'),
(2032, 7, 8, '2026-01-04', 1050.00, 10, 0, NULL, NULL, NULL, '2025-12-14 00:27:41', '2025-12-14 00:27:41'),
(2033, 7, 8, '2026-01-05', 1050.00, 10, 0, NULL, NULL, NULL, '2025-12-14 00:27:41', '2025-12-14 00:27:41'),
(2034, 7, 8, '2026-01-06', 1050.00, 10, 0, NULL, NULL, NULL, '2025-12-14 00:27:41', '2025-12-14 00:27:41'),
(2035, 7, 8, '2026-01-07', 1050.00, 10, 0, NULL, NULL, NULL, '2025-12-14 00:27:41', '2025-12-14 00:27:41'),
(2036, 7, 8, '2026-01-08', 1050.00, 10, 0, NULL, NULL, NULL, '2025-12-14 00:27:41', '2025-12-14 00:27:41'),
(2037, 7, 8, '2026-01-09', 1050.00, 10, 0, NULL, NULL, NULL, '2025-12-14 00:27:41', '2025-12-14 00:27:41'),
(2038, 7, 8, '2026-01-10', 1050.00, 10, 0, NULL, NULL, NULL, '2025-12-14 00:27:41', '2025-12-14 00:27:41'),
(2039, 7, 8, '2026-01-11', 1050.00, 10, 0, NULL, NULL, NULL, '2025-12-14 00:27:41', '2025-12-14 00:27:41'),
(2040, 7, 8, '2026-01-12', 1050.00, 10, 0, NULL, NULL, NULL, '2025-12-14 00:27:41', '2025-12-14 00:27:41'),
(2041, 7, 9, '2025-12-14', 1125.00, 10, 0, NULL, NULL, NULL, '2025-12-14 00:27:41', '2025-12-14 00:27:41'),
(2042, 7, 9, '2025-12-15', 1125.00, 10, 0, NULL, NULL, NULL, '2025-12-14 00:27:41', '2025-12-14 00:27:41'),
(2043, 7, 9, '2025-12-16', 1125.00, 10, 0, NULL, NULL, NULL, '2025-12-14 00:27:41', '2025-12-14 00:27:41'),
(2044, 7, 9, '2025-12-17', 1125.00, 10, 0, NULL, NULL, NULL, '2025-12-14 00:27:41', '2025-12-14 00:27:41'),
(2045, 7, 9, '2025-12-18', 1125.00, 10, 0, NULL, NULL, NULL, '2025-12-14 00:27:41', '2025-12-14 00:27:41'),
(2046, 7, 9, '2025-12-19', 1125.00, 10, 0, NULL, NULL, NULL, '2025-12-14 00:27:41', '2025-12-14 00:27:41'),
(2047, 7, 9, '2025-12-20', 1125.00, 10, 0, NULL, NULL, NULL, '2025-12-14 00:27:41', '2025-12-14 00:27:41'),
(2048, 7, 9, '2025-12-21', 1125.00, 10, 0, NULL, NULL, NULL, '2025-12-14 00:27:41', '2025-12-14 00:27:41'),
(2049, 7, 9, '2025-12-22', 1125.00, 10, 0, NULL, NULL, NULL, '2025-12-14 00:27:41', '2025-12-14 00:27:41'),
(2050, 7, 9, '2025-12-23', 1125.00, 10, 0, NULL, NULL, NULL, '2025-12-14 00:27:41', '2025-12-14 00:27:41'),
(2051, 7, 9, '2025-12-24', 1125.00, 10, 0, NULL, NULL, NULL, '2025-12-14 00:27:41', '2025-12-14 00:27:41'),
(2052, 7, 9, '2025-12-25', 1125.00, 10, 0, NULL, NULL, NULL, '2025-12-14 00:27:41', '2025-12-14 00:27:41'),
(2053, 7, 9, '2025-12-26', 1125.00, 10, 0, NULL, NULL, NULL, '2025-12-14 00:27:41', '2025-12-14 00:27:41'),
(2054, 7, 9, '2025-12-27', 1125.00, 10, 0, NULL, NULL, NULL, '2025-12-14 00:27:41', '2025-12-14 00:27:41'),
(2055, 7, 9, '2025-12-28', 1125.00, 10, 0, NULL, NULL, NULL, '2025-12-14 00:27:41', '2025-12-14 00:27:41'),
(2056, 7, 9, '2025-12-29', 1125.00, 10, 0, NULL, NULL, NULL, '2025-12-14 00:27:41', '2025-12-14 00:27:41'),
(2057, 7, 9, '2025-12-30', 1125.00, 10, 0, NULL, NULL, NULL, '2025-12-14 00:27:41', '2025-12-14 00:27:41'),
(2058, 7, 9, '2025-12-31', 1125.00, 10, 0, NULL, NULL, NULL, '2025-12-14 00:27:41', '2025-12-14 00:27:41'),
(2059, 7, 9, '2026-01-01', 1125.00, 10, 0, NULL, NULL, NULL, '2025-12-14 00:27:41', '2025-12-14 00:27:41'),
(2060, 7, 9, '2026-01-02', 1125.00, 10, 0, NULL, NULL, NULL, '2025-12-14 00:27:41', '2025-12-14 00:27:41'),
(2061, 7, 9, '2026-01-03', 1125.00, 10, 0, NULL, NULL, NULL, '2025-12-14 00:27:41', '2025-12-14 00:27:41'),
(2062, 7, 9, '2026-01-04', 1125.00, 10, 0, NULL, NULL, NULL, '2025-12-14 00:27:41', '2025-12-14 00:27:41'),
(2063, 7, 9, '2026-01-05', 1125.00, 10, 0, NULL, NULL, NULL, '2025-12-14 00:27:41', '2025-12-14 00:27:41'),
(2064, 7, 9, '2026-01-06', 1125.00, 10, 0, NULL, NULL, NULL, '2025-12-14 00:27:41', '2025-12-14 00:27:41'),
(2065, 7, 9, '2026-01-07', 1125.00, 10, 0, NULL, NULL, NULL, '2025-12-14 00:27:41', '2025-12-14 00:27:41'),
(2066, 7, 9, '2026-01-08', 1125.00, 10, 0, NULL, NULL, NULL, '2025-12-14 00:27:41', '2025-12-14 00:27:41'),
(2067, 7, 9, '2026-01-09', 1125.00, 10, 0, NULL, NULL, NULL, '2025-12-14 00:27:41', '2025-12-14 00:27:41'),
(2068, 7, 9, '2026-01-10', 1125.00, 10, 0, NULL, NULL, NULL, '2025-12-14 00:27:41', '2025-12-14 00:27:41'),
(2069, 7, 9, '2026-01-11', 1125.00, 10, 0, NULL, NULL, NULL, '2025-12-14 00:27:41', '2025-12-14 00:27:41'),
(2070, 7, 9, '2026-01-12', 1125.00, 10, 0, NULL, NULL, NULL, '2025-12-14 00:27:41', '2025-12-14 00:27:41'),
(2071, 7, 10, '2025-12-14', 1275.00, 10, 0, NULL, NULL, NULL, '2025-12-14 00:27:41', '2025-12-14 00:27:41'),
(2072, 7, 10, '2025-12-15', 1275.00, 10, 0, NULL, NULL, NULL, '2025-12-14 00:27:41', '2025-12-14 00:27:41'),
(2073, 7, 10, '2025-12-16', 1275.00, 10, 0, NULL, NULL, NULL, '2025-12-14 00:27:41', '2025-12-14 00:27:41'),
(2074, 7, 10, '2025-12-17', 1275.00, 10, 0, NULL, NULL, NULL, '2025-12-14 00:27:41', '2025-12-14 00:27:41'),
(2075, 7, 10, '2025-12-18', 1275.00, 10, 0, NULL, NULL, NULL, '2025-12-14 00:27:41', '2025-12-14 00:27:41'),
(2076, 7, 10, '2025-12-19', 1275.00, 10, 0, NULL, NULL, NULL, '2025-12-14 00:27:41', '2025-12-14 00:27:41'),
(2077, 7, 10, '2025-12-20', 1275.00, 10, 0, NULL, NULL, NULL, '2025-12-14 00:27:41', '2025-12-14 00:27:41'),
(2078, 7, 10, '2025-12-21', 1275.00, 10, 0, NULL, NULL, NULL, '2025-12-14 00:27:41', '2025-12-14 00:27:41'),
(2079, 7, 10, '2025-12-22', 1275.00, 10, 0, NULL, NULL, NULL, '2025-12-14 00:27:41', '2025-12-14 00:27:41'),
(2080, 7, 10, '2025-12-23', 1275.00, 10, 0, NULL, NULL, NULL, '2025-12-14 00:27:41', '2025-12-14 00:27:41'),
(2081, 7, 10, '2025-12-24', 1275.00, 10, 0, NULL, NULL, NULL, '2025-12-14 00:27:41', '2025-12-14 00:27:41'),
(2082, 7, 10, '2025-12-25', 1275.00, 10, 0, NULL, NULL, NULL, '2025-12-14 00:27:41', '2025-12-14 00:27:41'),
(2083, 7, 10, '2025-12-26', 1275.00, 10, 0, NULL, NULL, NULL, '2025-12-14 00:27:41', '2025-12-14 00:27:41'),
(2084, 7, 10, '2025-12-27', 1275.00, 10, 0, NULL, NULL, NULL, '2025-12-14 00:27:41', '2025-12-14 00:27:41'),
(2085, 7, 10, '2025-12-28', 1275.00, 10, 0, NULL, NULL, NULL, '2025-12-14 00:27:41', '2025-12-14 00:27:41'),
(2086, 7, 10, '2025-12-29', 1275.00, 10, 0, NULL, NULL, NULL, '2025-12-14 00:27:41', '2025-12-14 00:27:41'),
(2087, 7, 10, '2025-12-30', 1275.00, 10, 0, NULL, NULL, NULL, '2025-12-14 00:27:41', '2025-12-14 00:27:41'),
(2088, 7, 10, '2025-12-31', 1275.00, 10, 0, NULL, NULL, NULL, '2025-12-14 00:27:41', '2025-12-14 00:27:41'),
(2089, 7, 10, '2026-01-01', 1275.00, 10, 0, NULL, NULL, NULL, '2025-12-14 00:27:41', '2025-12-14 00:27:41'),
(2090, 7, 10, '2026-01-02', 1275.00, 10, 0, NULL, NULL, NULL, '2025-12-14 00:27:41', '2025-12-14 00:27:41'),
(2091, 7, 10, '2026-01-03', 1275.00, 10, 0, NULL, NULL, NULL, '2025-12-14 00:27:41', '2025-12-14 00:27:41'),
(2092, 7, 10, '2026-01-04', 1275.00, 10, 0, NULL, NULL, NULL, '2025-12-14 00:27:41', '2025-12-14 00:27:41'),
(2093, 7, 10, '2026-01-05', 1275.00, 10, 0, NULL, NULL, NULL, '2025-12-14 00:27:41', '2025-12-14 00:27:41'),
(2094, 7, 10, '2026-01-06', 1275.00, 10, 0, NULL, NULL, NULL, '2025-12-14 00:27:41', '2025-12-14 00:27:41'),
(2095, 7, 10, '2026-01-07', 1275.00, 10, 0, NULL, NULL, NULL, '2025-12-14 00:27:41', '2025-12-14 00:27:41'),
(2096, 7, 10, '2026-01-08', 1275.00, 10, 0, NULL, NULL, NULL, '2025-12-14 00:27:41', '2025-12-14 00:27:41'),
(2097, 7, 10, '2026-01-09', 1275.00, 10, 0, NULL, NULL, NULL, '2025-12-14 00:27:41', '2025-12-14 00:27:41'),
(2098, 7, 10, '2026-01-10', 1275.00, 10, 0, NULL, NULL, NULL, '2025-12-14 00:27:41', '2025-12-14 00:27:41'),
(2099, 7, 10, '2026-01-11', 1275.00, 10, 0, NULL, NULL, NULL, '2025-12-14 00:27:41', '2025-12-14 00:27:41'),
(2100, 7, 10, '2026-01-12', 1275.00, 10, 0, NULL, NULL, NULL, '2025-12-14 00:27:41', '2025-12-14 00:27:41');

-- --------------------------------------------------------

--
-- Table structure for table `daily_reports`
--

CREATE TABLE `daily_reports` (
  `id` int(11) NOT NULL,
  `report_date` date NOT NULL,
  `report_type` enum('revenue','occupancy','housekeeping','pos','maintenance') NOT NULL,
  `generated_by` int(11) DEFAULT NULL,
  `data` longtext CHARACTER SET utf8mb4 COLLATE utf8mb4_bin NOT NULL CHECK (json_valid(`data`)),
  `notes` text DEFAULT NULL,
  `created_at` timestamp NOT NULL DEFAULT current_timestamp()
) ENGINE=InnoDB DEFAULT CHARSET=utf8mb4 COLLATE=utf8mb4_unicode_ci;

-- --------------------------------------------------------

--
-- Table structure for table `folios`
--

CREATE TABLE `folios` (
  `id` int(11) NOT NULL,
  `folio_number` varchar(20) NOT NULL,
  `reservation_id` int(11) DEFAULT NULL,
  `guest_id` int(11) DEFAULT NULL,
  `company_id` int(11) DEFAULT NULL,
  `folio_type` enum('guest','company','group','other') DEFAULT 'guest',
  `status` enum('open','closed','settled','transferred') DEFAULT 'open',
  `total_charges` decimal(12,2) DEFAULT 0.00,
  `total_tax` decimal(12,2) DEFAULT 0.00,
  `total_service_charge` decimal(12,2) DEFAULT 0.00,
  `total_discount` decimal(12,2) DEFAULT 0.00,
  `total_payments` decimal(12,2) DEFAULT 0.00,
  `balance` decimal(12,2) DEFAULT 0.00,
  `due_date` date DEFAULT NULL,
  `created_at` timestamp NOT NULL DEFAULT current_timestamp(),
  `updated_at` timestamp NOT NULL DEFAULT current_timestamp() ON UPDATE current_timestamp(),
  `closed_at` timestamp NULL DEFAULT NULL
) ENGINE=InnoDB DEFAULT CHARSET=utf8mb4 COLLATE=utf8mb4_unicode_ci;

-- --------------------------------------------------------

--
-- Table structure for table `folio_items`
--

CREATE TABLE `folio_items` (
  `id` int(11) NOT NULL,
  `folio_id` int(11) NOT NULL,
  `charge_category_id` int(11) DEFAULT NULL,
  `transaction_date` date NOT NULL,
  `transaction_time` time NOT NULL,
  `item_type` varchar(50) NOT NULL,
  `description` varchar(255) NOT NULL,
  `quantity` int(11) DEFAULT 1,
  `unit_price` decimal(10,2) NOT NULL,
  `discount_percent` decimal(5,2) DEFAULT 0.00,
  `discount_amount` decimal(10,2) DEFAULT 0.00,
  `taxable_amount` decimal(10,2) DEFAULT 0.00,
  `tax_amount` decimal(10,2) DEFAULT 0.00,
  `service_charge_amount` decimal(10,2) DEFAULT 0.00,
  `total_amount` decimal(10,2) NOT NULL,
  `posted_by` int(11) DEFAULT NULL,
  `outlet_id` int(11) DEFAULT NULL,
  `pos_order_id` int(11) DEFAULT NULL,
  `reference_id` varchar(50) DEFAULT NULL,
  `is_void` tinyint(1) DEFAULT 0,
  `void_reason` text DEFAULT NULL,
  `voided_by` int(11) DEFAULT NULL,
  `voided_at` timestamp NULL DEFAULT NULL,
  `created_at` timestamp NOT NULL DEFAULT current_timestamp()
) ENGINE=InnoDB DEFAULT CHARSET=utf8mb4 COLLATE=utf8mb4_unicode_ci;

-- --------------------------------------------------------

--
-- Table structure for table `guests`
--

CREATE TABLE `guests` (
  `id` int(11) NOT NULL,
  `guest_code` varchar(20) NOT NULL,
  `title_id` int(11) DEFAULT NULL,
  `first_name` varchar(50) NOT NULL,
  `middle_name` varchar(50) DEFAULT NULL,
  `last_name` varchar(50) NOT NULL,
  `date_of_birth` date DEFAULT NULL,
  `gender` enum('male','female','other') DEFAULT 'other',
  `email` varchar(100) DEFAULT NULL,
  `phone` varchar(20) DEFAULT NULL,
  `mobile` varchar(20) DEFAULT NULL,
  `country_id` int(11) DEFAULT NULL,
  `address` text DEFAULT NULL,
  `city` varchar(50) DEFAULT NULL,
  `state` varchar(50) DEFAULT NULL,
  `postal_code` varchar(20) DEFAULT NULL,
  `passport_number` varchar(50) DEFAULT NULL,
  `passport_issue_country` int(11) DEFAULT NULL,
  `passport_issue_date` date DEFAULT NULL,
  `passport_expiry_date` date DEFAULT NULL,
  `id_type` enum('passport','driving_license','national_id','other') DEFAULT 'passport',
  `id_number` varchar(50) DEFAULT NULL,
  `id_issue_date` date DEFAULT NULL,
  `id_expiry_date` date DEFAULT NULL,
  `company_name` varchar(100) DEFAULT NULL,
  `company_position` varchar(100) DEFAULT NULL,
  `vip_tier` enum('standard','silver','gold','platinum','diamond') DEFAULT 'standard',
  `vip_since` date DEFAULT NULL,
  `preferences` longtext CHARACTER SET utf8mb4 COLLATE utf8mb4_bin DEFAULT NULL CHECK (json_valid(`preferences`)),
  `restrictions` longtext CHARACTER SET utf8mb4 COLLATE utf8mb4_bin DEFAULT NULL CHECK (json_valid(`restrictions`)),
  `total_stays` int(11) DEFAULT 0,
  `total_nights` int(11) DEFAULT 0,
  `total_spent` decimal(12,2) DEFAULT 0.00,
  `average_rate` decimal(10,2) DEFAULT 0.00,
  `last_stay_date` date DEFAULT NULL,
  `next_expected_stay` date DEFAULT NULL,
  `is_blacklisted` tinyint(1) DEFAULT 0,
  `blacklist_reason` text DEFAULT NULL,
  `marketing_consent` tinyint(1) DEFAULT 0,
  `newsletter_subscribed` tinyint(1) DEFAULT 0,
  `created_by` int(11) DEFAULT NULL,
  `created_at` timestamp NOT NULL DEFAULT current_timestamp(),
  `updated_at` timestamp NOT NULL DEFAULT current_timestamp() ON UPDATE current_timestamp()
) ENGINE=InnoDB DEFAULT CHARSET=utf8mb4 COLLATE=utf8mb4_unicode_ci;

-- --------------------------------------------------------

--
-- Table structure for table `guest_companies`
--

CREATE TABLE `guest_companies` (
  `id` int(11) NOT NULL,
  `company_code` varchar(20) NOT NULL,
  `company_name` varchar(100) NOT NULL,
  `legal_name` varchar(100) DEFAULT NULL,
  `tax_id` varchar(50) DEFAULT NULL,
  `industry` varchar(50) DEFAULT NULL,
  `address` text DEFAULT NULL,
  `city` varchar(50) DEFAULT NULL,
  `state` varchar(50) DEFAULT NULL,
  `country_id` int(11) DEFAULT NULL,
  `postal_code` varchar(20) DEFAULT NULL,
  `phone` varchar(20) DEFAULT NULL,
  `fax` varchar(20) DEFAULT NULL,
  `email` varchar(100) DEFAULT NULL,
  `website` varchar(100) DEFAULT NULL,
  `contact_person` varchar(100) DEFAULT NULL,
  `contact_position` varchar(50) DEFAULT NULL,
  `contact_email` varchar(100) DEFAULT NULL,
  `contact_phone` varchar(20) DEFAULT NULL,
  `credit_limit` decimal(12,2) DEFAULT 5000.00,
  `payment_terms` int(11) DEFAULT 30,
  `discount_percent` decimal(5,2) DEFAULT 0.00,
  `commission_percent` decimal(5,2) DEFAULT 0.00,
  `is_active` tinyint(1) DEFAULT 1,
  `notes` text DEFAULT NULL,
  `created_at` timestamp NOT NULL DEFAULT current_timestamp(),
  `updated_at` timestamp NOT NULL DEFAULT current_timestamp() ON UPDATE current_timestamp()
) ENGINE=InnoDB DEFAULT CHARSET=utf8mb4 COLLATE=utf8mb4_unicode_ci;

-- --------------------------------------------------------

--
-- Table structure for table `guest_company_contacts`
--

CREATE TABLE `guest_company_contacts` (
  `id` int(11) NOT NULL,
  `company_id` int(11) NOT NULL,
  `contact_name` varchar(100) NOT NULL,
  `position` varchar(50) DEFAULT NULL,
  `department` varchar(50) DEFAULT NULL,
  `email` varchar(100) DEFAULT NULL,
  `phone` varchar(20) DEFAULT NULL,
  `mobile` varchar(20) DEFAULT NULL,
  `is_primary` tinyint(1) DEFAULT 0,
  `is_active` tinyint(1) DEFAULT 1,
  `notes` text DEFAULT NULL,
  `created_at` timestamp NOT NULL DEFAULT current_timestamp()
) ENGINE=InnoDB DEFAULT CHARSET=utf8mb4 COLLATE=utf8mb4_unicode_ci;

-- --------------------------------------------------------

--
-- Table structure for table `guest_titles`
--

CREATE TABLE `guest_titles` (
  `id` int(11) NOT NULL,
  `code` varchar(10) NOT NULL,
  `name` varchar(20) NOT NULL,
  `is_active` tinyint(1) DEFAULT 1,
  `created_at` timestamp NOT NULL DEFAULT current_timestamp()
) ENGINE=InnoDB DEFAULT CHARSET=utf8mb4 COLLATE=utf8mb4_unicode_ci;

--
-- Dumping data for table `guest_titles`
--

INSERT INTO `guest_titles` (`id`, `code`, `name`, `is_active`, `created_at`) VALUES
(1, 'MR', 'Mr.', 1, '2025-12-14 00:27:41'),
(2, 'MRS', 'Mrs.', 1, '2025-12-14 00:27:41'),
(3, 'MS', 'Ms.', 1, '2025-12-14 00:27:41'),
(4, 'MISS', 'Miss', 1, '2025-12-14 00:27:41'),
(5, 'DR', 'Dr.', 1, '2025-12-14 00:27:41'),
(6, 'PROF', 'Prof.', 1, '2025-12-14 00:27:41'),
(7, 'SIR', 'Sir', 1, '2025-12-14 00:27:41'),
(8, 'MADAM', 'Madam', 1, '2025-12-14 00:27:41');

-- --------------------------------------------------------

--
-- Table structure for table `hotel_config`
--

CREATE TABLE `hotel_config` (
  `id` int(11) NOT NULL,
  `hotel_name` varchar(100) NOT NULL,
  `legal_name` varchar(100) DEFAULT NULL,
  `address` text DEFAULT NULL,
  `city` varchar(50) DEFAULT NULL,
  `state` varchar(50) DEFAULT NULL,
  `country` varchar(50) DEFAULT NULL,
  `postal_code` varchar(20) DEFAULT NULL,
  `phone` varchar(20) DEFAULT NULL,
  `fax` varchar(20) DEFAULT NULL,
  `email` varchar(100) DEFAULT NULL,
  `website` varchar(100) DEFAULT NULL,
  `currency` varchar(10) DEFAULT 'USD',
  `currency_symbol` varchar(5) DEFAULT '$',
  `tax_rate` decimal(5,2) DEFAULT 10.00,
  `service_charge_rate` decimal(5,2) DEFAULT 5.00,
  `city_tax_rate` decimal(5,2) DEFAULT 2.00,
  `check_in_time` time DEFAULT '14:00:00',
  `check_out_time` time DEFAULT '12:00:00',
  `business_date` date DEFAULT NULL,
  `fiscal_year_start` date DEFAULT '2024-01-01',
  `min_night_rate` decimal(10,2) DEFAULT 100.00,
  `max_night_rate` decimal(10,2) DEFAULT 5000.00,
  `grace_period_minutes` int(11) DEFAULT 30,
  `max_early_checkin_hours` int(11) DEFAULT 3,
  `max_late_checkout_hours` int(11) DEFAULT 3,
  `auto_post_room_charge` tinyint(1) DEFAULT 1,
  `require_id_verification` tinyint(1) DEFAULT 1,
  `require_credit_card_authorization` tinyint(1) DEFAULT 1,
  `auto_create_housekeeping_tasks` tinyint(1) DEFAULT 1,
  `night_audit_time` time DEFAULT '02:00:00',
  `logo_path` varchar(255) DEFAULT NULL,
  `created_at` timestamp NOT NULL DEFAULT current_timestamp(),
  `updated_at` timestamp NOT NULL DEFAULT current_timestamp() ON UPDATE current_timestamp()
) ENGINE=InnoDB DEFAULT CHARSET=utf8mb4 COLLATE=utf8mb4_unicode_ci;

--
-- Dumping data for table `hotel_config`
--

INSERT INTO `hotel_config` (`id`, `hotel_name`, `legal_name`, `address`, `city`, `state`, `country`, `postal_code`, `phone`, `fax`, `email`, `website`, `currency`, `currency_symbol`, `tax_rate`, `service_charge_rate`, `city_tax_rate`, `check_in_time`, `check_out_time`, `business_date`, `fiscal_year_start`, `min_night_rate`, `max_night_rate`, `grace_period_minutes`, `max_early_checkin_hours`, `max_late_checkout_hours`, `auto_post_room_charge`, `require_id_verification`, `require_credit_card_authorization`, `auto_create_housekeeping_tasks`, `night_audit_time`, `logo_path`, `created_at`, `updated_at`) VALUES
(1, 'Grand Hotel Paradise', 'Grand Hotel Paradise LLC', '123 Luxury Avenue', 'Miami', NULL, 'USA', NULL, '+1-305-123-4567', NULL, 'info@grandhotel.com', NULL, 'USD', '$', 10.00, 5.00, 2.00, '14:00:00', '12:00:00', '2025-12-14', '2024-01-01', 100.00, 5000.00, 30, 3, 3, 1, 1, 1, 1, '02:00:00', NULL, '2025-12-14 00:27:41', '2025-12-14 00:27:41');

-- --------------------------------------------------------

--
-- Table structure for table `hotel_floors`
--

CREATE TABLE `hotel_floors` (
  `id` int(11) NOT NULL,
  `floor_number` int(11) NOT NULL,
  `floor_name` varchar(50) DEFAULT NULL,
  `description` text DEFAULT NULL,
  `total_rooms` int(11) DEFAULT 0,
  `is_active` tinyint(1) DEFAULT 1,
  `created_at` timestamp NOT NULL DEFAULT current_timestamp()
) ENGINE=InnoDB DEFAULT CHARSET=utf8mb4 COLLATE=utf8mb4_unicode_ci;

--
-- Dumping data for table `hotel_floors`
--

INSERT INTO `hotel_floors` (`id`, `floor_number`, `floor_name`, `description`, `total_rooms`, `is_active`, `created_at`) VALUES
(1, 1, 'Ground Floor', 'Lobby, restaurants, reception', 0, 1, '2025-12-14 00:27:41'),
(2, 2, 'Standard Floor', 'Standard rooms', 0, 1, '2025-12-14 00:27:41'),
(3, 3, 'Superior Floor', 'Superior and deluxe rooms', 0, 1, '2025-12-14 00:27:41'),
(4, 4, 'Suite Floor', 'All suites', 0, 1, '2025-12-14 00:27:41'),
(5, 5, 'Penthouse Floor', 'Exclusive penthouse', 0, 1, '2025-12-14 00:27:41');

-- --------------------------------------------------------

--
-- Table structure for table `housekeeping_status`
--

CREATE TABLE `housekeeping_status` (
  `id` int(11) NOT NULL,
  `code` varchar(20) NOT NULL,
  `name` varchar(50) NOT NULL,
  `description` text DEFAULT NULL,
  `color_code` varchar(7) DEFAULT '#6c757d',
  `is_active` tinyint(1) DEFAULT 1,
  `created_at` timestamp NOT NULL DEFAULT current_timestamp()
) ENGINE=InnoDB DEFAULT CHARSET=utf8mb4 COLLATE=utf8mb4_unicode_ci;

--
-- Dumping data for table `housekeeping_status`
--

INSERT INTO `housekeeping_status` (`id`, `code`, `name`, `description`, `color_code`, `is_active`, `created_at`) VALUES
(1, 'DIRTY', 'Dirty', 'Room needs cleaning', '#dc3545', 1, '2025-12-14 00:27:41'),
(2, 'CLEAN', 'Clean', 'Room has been cleaned', '#28a745', 1, '2025-12-14 00:27:41'),
(3, 'INSPECTED', 'Inspected', 'Room inspected and ready', '#007bff', 1, '2025-12-14 00:27:41'),
(4, 'OCCUPIED', 'Occupied', 'Guest currently in room', '#6c757d', 1, '2025-12-14 00:27:41'),
(5, 'OUT-OF-ORDER', 'Out of Order', 'Room not available', '#343a40', 1, '2025-12-14 00:27:41'),
(6, 'MAINTENANCE', 'Maintenance', 'Under maintenance', '#ffc107', 1, '2025-12-14 00:27:41'),
(7, 'PICKUP', 'Pickup', 'Light cleaning needed', '#fd7e14', 1, '2025-12-14 00:27:41');

-- --------------------------------------------------------

--
-- Table structure for table `housekeeping_tasks`
--

CREATE TABLE `housekeeping_tasks` (
  `id` int(11) NOT NULL,
  `task_number` varchar(20) NOT NULL,
  `room_id` int(11) NOT NULL,
  `task_type` enum('clean','turndown','deep_clean','inspect','maintenance','out_of_order') DEFAULT 'clean',
  `assigned_to` int(11) DEFAULT NULL,
  `status` enum('pending','in_progress','completed','inspected','cancelled','failed') DEFAULT 'pending',
  `priority` enum('low','normal','high','urgent') DEFAULT 'normal',
  `scheduled_date` date NOT NULL,
  `scheduled_time` time DEFAULT NULL,
  `started_at` timestamp NULL DEFAULT NULL,
  `completed_at` timestamp NULL DEFAULT NULL,
  `inspected_at` timestamp NULL DEFAULT NULL,
  `inspected_by` int(11) DEFAULT NULL,
  `estimated_minutes` int(11) DEFAULT 30,
  `actual_minutes` int(11) DEFAULT NULL,
  `notes` text DEFAULT NULL,
  `created_by` int(11) DEFAULT NULL,
  `created_at` timestamp NOT NULL DEFAULT current_timestamp(),
  `updated_at` timestamp NOT NULL DEFAULT current_timestamp() ON UPDATE current_timestamp()
) ENGINE=InnoDB DEFAULT CHARSET=utf8mb4 COLLATE=utf8mb4_unicode_ci;

-- --------------------------------------------------------

--
-- Table structure for table `inventory_categories`
--

CREATE TABLE `inventory_categories` (
  `id` int(11) NOT NULL,
  `code` varchar(20) NOT NULL,
  `name` varchar(50) NOT NULL,
  `description` text DEFAULT NULL,
  `is_active` tinyint(1) DEFAULT 1,
  `created_at` timestamp NOT NULL DEFAULT current_timestamp()
) ENGINE=InnoDB DEFAULT CHARSET=utf8mb4 COLLATE=utf8mb4_unicode_ci;

-- --------------------------------------------------------

--
-- Table structure for table `inventory_items`
--

CREATE TABLE `inventory_items` (
  `id` int(11) NOT NULL,
  `category_id` int(11) DEFAULT NULL,
  `sku` varchar(50) NOT NULL,
  `name` varchar(100) NOT NULL,
  `description` text DEFAULT NULL,
  `unit` enum('piece','kg','liter','meter','box','bottle') DEFAULT 'piece',
  `reorder_level` int(11) DEFAULT 10,
  `reorder_quantity` int(11) DEFAULT 50,
  `current_stock` int(11) DEFAULT 0,
  `cost_price` decimal(10,2) DEFAULT NULL,
  `selling_price` decimal(10,2) DEFAULT NULL,
  `supplier_id` int(11) DEFAULT NULL,
  `location` varchar(100) DEFAULT NULL,
  `is_active` tinyint(1) DEFAULT 1,
  `created_at` timestamp NOT NULL DEFAULT current_timestamp(),
  `updated_at` timestamp NOT NULL DEFAULT current_timestamp() ON UPDATE current_timestamp()
) ENGINE=InnoDB DEFAULT CHARSET=utf8mb4 COLLATE=utf8mb4_unicode_ci;

-- --------------------------------------------------------

--
-- Table structure for table `invoices`
--

CREATE TABLE `invoices` (
  `id` int(11) NOT NULL,
  `invoice_number` varchar(20) NOT NULL,
  `folio_id` int(11) NOT NULL,
  `invoice_date` date NOT NULL,
  `due_date` date DEFAULT NULL,
  `guest_name` varchar(100) DEFAULT NULL,
  `guest_address` text DEFAULT NULL,
  `company_name` varchar(100) DEFAULT NULL,
  `company_address` text DEFAULT NULL,
  `subtotal` decimal(12,2) DEFAULT 0.00,
  `tax_amount` decimal(12,2) DEFAULT 0.00,
  `service_charge_amount` decimal(12,2) DEFAULT 0.00,
  `total_amount` decimal(12,2) DEFAULT 0.00,
  `amount_paid` decimal(12,2) DEFAULT 0.00,
  `balance_due` decimal(12,2) DEFAULT 0.00,
  `payment_terms` varchar(100) DEFAULT NULL,
  `notes` text DEFAULT NULL,
  `footer_text` text DEFAULT NULL,
  `is_final` tinyint(1) DEFAULT 1,
  `is_cancelled` tinyint(1) DEFAULT 0,
  `cancelled_reason` text DEFAULT NULL,
  `generated_by` int(11) DEFAULT NULL,
  `created_at` timestamp NOT NULL DEFAULT current_timestamp()
) ENGINE=InnoDB DEFAULT CHARSET=utf8mb4 COLLATE=utf8mb4_unicode_ci;

-- --------------------------------------------------------

--
-- Table structure for table `invoice_items`
--

CREATE TABLE `invoice_items` (
  `id` int(11) NOT NULL,
  `invoice_id` int(11) NOT NULL,
  `description` varchar(255) NOT NULL,
  `quantity` int(11) DEFAULT 1,
  `unit_price` decimal(10,2) NOT NULL,
  `tax_amount` decimal(10,2) DEFAULT 0.00,
  `service_charge_amount` decimal(10,2) DEFAULT 0.00,
  `total_amount` decimal(10,2) NOT NULL,
  `created_at` timestamp NOT NULL DEFAULT current_timestamp()
) ENGINE=InnoDB DEFAULT CHARSET=utf8mb4 COLLATE=utf8mb4_unicode_ci;

-- --------------------------------------------------------

--
-- Table structure for table `lost_found_items`
--

CREATE TABLE `lost_found_items` (
  `id` int(11) NOT NULL,
  `item_number` varchar(20) NOT NULL,
  `room_id` int(11) DEFAULT NULL,
  `found_location` varchar(100) DEFAULT NULL,
  `item_description` text DEFAULT NULL,
  `found_date` date NOT NULL,
  `found_time` time DEFAULT NULL,
  `found_by` int(11) DEFAULT NULL,
  `category` enum('valuables','clothing','documents','electronics','other') DEFAULT 'other',
  `storage_location` varchar(100) DEFAULT NULL,
  `status` enum('stored','claimed','disposed') DEFAULT 'stored',
  `claimed_by_guest_id` int(11) DEFAULT NULL,
  `claimed_date` date DEFAULT NULL,
  `claimed_notes` text DEFAULT NULL,
  `disposal_date` date DEFAULT NULL,
  `disposal_method` varchar(50) DEFAULT NULL,
  `disposal_notes` text DEFAULT NULL,
  `created_at` timestamp NOT NULL DEFAULT current_timestamp(),
  `updated_at` timestamp NOT NULL DEFAULT current_timestamp() ON UPDATE current_timestamp()
) ENGINE=InnoDB DEFAULT CHARSET=utf8mb4 COLLATE=utf8mb4_unicode_ci;

-- --------------------------------------------------------

--
-- Table structure for table `maintenance_requests`
--

CREATE TABLE `maintenance_requests` (
  `id` int(11) NOT NULL,
  `request_number` varchar(20) NOT NULL,
  `room_id` int(11) DEFAULT NULL,
  `public_area_id` int(11) DEFAULT NULL,
  `reported_by` int(11) DEFAULT NULL,
  `issue_type` enum('electrical','plumbing','hvac','furniture','appliance','other') DEFAULT 'other',
  `issue_description` text DEFAULT NULL,
  `priority` enum('low','normal','high','urgent') DEFAULT 'normal',
  `status` enum('pending','assigned','in_progress','completed','cancelled') DEFAULT 'pending',
  `assigned_to` int(11) DEFAULT NULL,
  `estimated_completion_date` date DEFAULT NULL,
  `actual_completion_date` date DEFAULT NULL,
  `cost_estimate` decimal(10,2) DEFAULT NULL,
  `actual_cost` decimal(10,2) DEFAULT NULL,
  `notes` text DEFAULT NULL,
  `created_at` timestamp NOT NULL DEFAULT current_timestamp(),
  `updated_at` timestamp NOT NULL DEFAULT current_timestamp() ON UPDATE current_timestamp()
) ENGINE=InnoDB DEFAULT CHARSET=utf8mb4 COLLATE=utf8mb4_unicode_ci;

-- --------------------------------------------------------

--
-- Table structure for table `market_segments`
--

CREATE TABLE `market_segments` (
  `id` int(11) NOT NULL,
  `code` varchar(20) NOT NULL,
  `name` varchar(50) NOT NULL,
  `description` text DEFAULT NULL,
  `is_active` tinyint(1) DEFAULT 1,
  `created_at` timestamp NOT NULL DEFAULT current_timestamp()
) ENGINE=InnoDB DEFAULT CHARSET=utf8mb4 COLLATE=utf8mb4_unicode_ci;

--
-- Dumping data for table `market_segments`
--

INSERT INTO `market_segments` (`id`, `code`, `name`, `description`, `is_active`, `created_at`) VALUES
(1, 'LEISURE', 'Leisure', 'Individual leisure travelers', 1, '2025-12-14 00:27:41'),
(2, 'CORPORATE', 'Corporate', 'Business travelers', 1, '2025-12-14 00:27:41'),
(3, 'GROUP', 'Group', 'Group bookings', 1, '2025-12-14 00:27:41'),
(4, 'CONFERENCE', 'Conference', 'Conference attendees', 1, '2025-12-14 00:27:41'),
(5, 'GOVERNMENT', 'Government', 'Government rates', 1, '2025-12-14 00:27:41'),
(6, 'AIRLINE', 'Airline', 'Airline crew', 1, '2025-12-14 00:27:41'),
(7, 'LONG-STAY', 'Long Stay', 'Extended stay guests', 1, '2025-12-14 00:27:41'),
(8, 'HONEYMOON', 'Honeymoon', 'Honeymooners', 1, '2025-12-14 00:27:41');

-- --------------------------------------------------------

--
-- Table structure for table `menu_categories`
--

CREATE TABLE `menu_categories` (
  `id` int(11) NOT NULL,
  `outlet_id` int(11) DEFAULT NULL,
  `code` varchar(20) NOT NULL,
  `name` varchar(50) NOT NULL,
  `description` text DEFAULT NULL,
  `display_order` int(11) DEFAULT 0,
  `is_active` tinyint(1) DEFAULT 1,
  `created_at` timestamp NOT NULL DEFAULT current_timestamp()
) ENGINE=InnoDB DEFAULT CHARSET=utf8mb4 COLLATE=utf8mb4_unicode_ci;

-- --------------------------------------------------------

--
-- Table structure for table `menu_items`
--

CREATE TABLE `menu_items` (
  `id` int(11) NOT NULL,
  `category_id` int(11) DEFAULT NULL,
  `code` varchar(20) NOT NULL,
  `name` varchar(100) NOT NULL,
  `description` text DEFAULT NULL,
  `unit_price` decimal(10,2) NOT NULL,
  `cost_price` decimal(10,2) DEFAULT NULL,
  `tax_percent` decimal(5,2) DEFAULT 10.00,
  `service_charge_percent` decimal(5,2) DEFAULT 5.00,
  `is_taxable` tinyint(1) DEFAULT 1,
  `is_service_chargeable` tinyint(1) DEFAULT 1,
  `preparation_time` int(11) DEFAULT NULL,
  `ingredients` text DEFAULT NULL,
  `allergens` text DEFAULT NULL,
  `calories` int(11) DEFAULT NULL,
  `is_available` tinyint(1) DEFAULT 1,
  `is_active` tinyint(1) DEFAULT 1,
  `display_order` int(11) DEFAULT 0,
  `image_path` varchar(255) DEFAULT NULL,
  `created_at` timestamp NOT NULL DEFAULT current_timestamp(),
  `updated_at` timestamp NOT NULL DEFAULT current_timestamp() ON UPDATE current_timestamp()
) ENGINE=InnoDB DEFAULT CHARSET=utf8mb4 COLLATE=utf8mb4_unicode_ci;

-- --------------------------------------------------------

--
-- Table structure for table `night_audit_log`
--

CREATE TABLE `night_audit_log` (
  `id` int(11) NOT NULL,
  `audit_number` varchar(20) NOT NULL,
  `audit_date` date NOT NULL,
  `performed_by` int(11) DEFAULT NULL,
  `start_time` timestamp NULL DEFAULT NULL,
  `end_time` timestamp NULL DEFAULT NULL,
  `status` enum('pending','in_progress','completed','failed','cancelled') DEFAULT 'pending',
  `total_rooms` int(11) DEFAULT 0,
  `occupied_rooms` int(11) DEFAULT 0,
  `complimentary_rooms` int(11) DEFAULT 0,
  `out_of_order_rooms` int(11) DEFAULT 0,
  `room_revenue` decimal(12,2) DEFAULT 0.00,
  `f_b_revenue` decimal(12,2) DEFAULT 0.00,
  `other_revenue` decimal(12,2) DEFAULT 0.00,
  `total_revenue` decimal(12,2) DEFAULT 0.00,
  `total_tax` decimal(12,2) DEFAULT 0.00,
  `total_service_charge` decimal(12,2) DEFAULT 0.00,
  `occupancy_percent` decimal(5,2) DEFAULT 0.00,
  `adr` decimal(10,2) DEFAULT 0.00,
  `revpar` decimal(10,2) DEFAULT 0.00,
  `audit_report` longtext CHARACTER SET utf8mb4 COLLATE utf8mb4_bin DEFAULT NULL CHECK (json_valid(`audit_report`)),
  `errors` text DEFAULT NULL,
  `created_at` timestamp NOT NULL DEFAULT current_timestamp()
) ENGINE=InnoDB DEFAULT CHARSET=utf8mb4 COLLATE=utf8mb4_unicode_ci;

-- --------------------------------------------------------

--
-- Table structure for table `outlets`
--

CREATE TABLE `outlets` (
  `id` int(11) NOT NULL,
  `code` varchar(10) NOT NULL,
  `name` varchar(50) NOT NULL,
  `type` enum('restaurant','bar','room_service','spa','pool','business_center','gift_shop','other') DEFAULT 'restaurant',
  `location` varchar(100) DEFAULT NULL,
  `phone_extension` varchar(10) DEFAULT NULL,
  `manager_id` int(11) DEFAULT NULL,
  `opening_time` time DEFAULT NULL,
  `closing_time` time DEFAULT NULL,
  `service_charge_percent` decimal(5,2) DEFAULT 10.00,
  `is_active` tinyint(1) DEFAULT 1,
  `created_at` timestamp NOT NULL DEFAULT current_timestamp()
) ENGINE=InnoDB DEFAULT CHARSET=utf8mb4 COLLATE=utf8mb4_unicode_ci;

--
-- Dumping data for table `outlets`
--

INSERT INTO `outlets` (`id`, `code`, `name`, `type`, `location`, `phone_extension`, `manager_id`, `opening_time`, `closing_time`, `service_charge_percent`, `is_active`, `created_at`) VALUES
(1, 'REST-MAIN', 'Main Restaurant', 'restaurant', 'Ground Floor', NULL, NULL, '06:00:00', '23:00:00', 10.00, 1, '2025-12-14 00:27:41'),
(2, 'REST-POOL', 'Pool Restaurant', 'restaurant', 'Poolside', NULL, NULL, '10:00:00', '20:00:00', 10.00, 1, '2025-12-14 00:27:41'),
(3, 'BAR-LOBBY', 'Lobby Bar', 'bar', 'Lobby', NULL, NULL, '12:00:00', '01:00:00', 10.00, 1, '2025-12-14 00:27:41'),
(4, 'BAR-POOL', 'Pool Bar', 'bar', 'Poolside', NULL, NULL, '10:00:00', '20:00:00', 10.00, 1, '2025-12-14 00:27:41'),
(5, 'ROOM-SVC', 'Room Service', 'room_service', 'Kitchen', NULL, NULL, '00:00:00', '23:59:59', 10.00, 1, '2025-12-14 00:27:41'),
(6, 'SPA-MAIN', 'Wellness Spa', 'spa', 'Lower Ground', NULL, NULL, '09:00:00', '21:00:00', 10.00, 1, '2025-12-14 00:27:41'),
(7, 'BUS-CTR', 'Business Center', 'business_center', 'First Floor', NULL, NULL, '00:00:00', '23:59:59', 10.00, 1, '2025-12-14 00:27:41'),
(8, 'GIFT-SHP', 'Gift Shop', 'gift_shop', 'Lobby', NULL, NULL, '08:00:00', '22:00:00', 10.00, 1, '2025-12-14 00:27:41');

-- --------------------------------------------------------

--
-- Table structure for table `payments`
--

CREATE TABLE `payments` (
  `id` int(11) NOT NULL,
  `payment_number` varchar(20) NOT NULL,
  `folio_id` int(11) NOT NULL,
  `payment_type` enum('cash','credit_card','debit_card','bank_transfer','company','voucher','refund','advance') DEFAULT 'cash',
  `amount` decimal(12,2) NOT NULL,
  `currency` varchar(10) DEFAULT 'USD',
  `exchange_rate` decimal(10,4) DEFAULT 1.0000,
  `reference_number` varchar(100) DEFAULT NULL,
  `card_last_four` varchar(4) DEFAULT NULL,
  `card_type` varchar(20) DEFAULT NULL,
  `card_holder_name` varchar(100) DEFAULT NULL,
  `card_expiry` varchar(7) DEFAULT NULL,
  `authorization_code` varchar(50) DEFAULT NULL,
  `bank_name` varchar(100) DEFAULT NULL,
  `account_number` varchar(50) DEFAULT NULL,
  `check_number` varchar(50) DEFAULT NULL,
  `payment_status` enum('pending','completed','failed','refunded','reversed') DEFAULT 'completed',
  `notes` text DEFAULT NULL,
  `received_by` int(11) DEFAULT NULL,
  `created_at` timestamp NOT NULL DEFAULT current_timestamp()
) ENGINE=InnoDB DEFAULT CHARSET=utf8mb4 COLLATE=utf8mb4_unicode_ci;

-- --------------------------------------------------------

--
-- Table structure for table `permissions`
--

CREATE TABLE `permissions` (
  `id` int(11) NOT NULL,
  `module` varchar(50) NOT NULL,
  `code` varchar(50) NOT NULL,
  `name` varchar(100) NOT NULL,
  `description` text DEFAULT NULL,
  `created_at` timestamp NOT NULL DEFAULT current_timestamp()
) ENGINE=InnoDB DEFAULT CHARSET=utf8mb4 COLLATE=utf8mb4_unicode_ci;

--
-- Dumping data for table `permissions`
--

INSERT INTO `permissions` (`id`, `module`, `code`, `name`, `description`, `created_at`) VALUES
(1, 'system', 'access_dashboard', 'Access Dashboard', 'View the main dashboard', '2025-12-14 00:27:41'),
(2, 'system', 'manage_settings', 'Manage Settings', 'Access system settings', '2025-12-14 00:27:41'),
(3, 'system', 'manage_users', 'Manage Users', 'Create/edit/delete users', '2025-12-14 00:27:41'),
(4, 'system', 'manage_roles', 'Manage Roles', 'Create/edit-delete roles', '2025-12-14 00:27:41'),
(5, 'system', 'view_audit_logs', 'View Audit Logs', 'View system audit logs', '2025-12-14 00:27:41'),
(6, 'system', 'view_reports', 'View Reports', 'Access all reports', '2025-12-14 00:27:41'),
(7, 'reservations', 'create_reservation', 'Create Reservation', 'Create new reservations', '2025-12-14 00:27:41'),
(8, 'reservations', 'edit_reservation', 'Edit Reservation', 'Modify existing reservations', '2025-12-14 00:27:41'),
(9, 'reservations', 'cancel_reservation', 'Cancel Reservation', 'Cancel reservations', '2025-12-14 00:27:41'),
(10, 'reservations', 'view_reservation', 'View Reservation', 'View reservation details', '2025-12-14 00:27:41'),
(11, 'reservations', 'override_rates', 'Override Rates', 'Override standard rates', '2025-12-14 00:27:41'),
(12, 'reservations', 'manage_rate_plans', 'Manage Rate Plans', 'Create/edit rate plans', '2025-12-14 00:27:41'),
(13, 'reservations', 'manage_room_types', 'Manage Room Types', 'Create/edit room types', '2025-12-14 00:27:41'),
(14, 'reservations', 'manage_rooms', 'Manage Rooms', 'Create/edit rooms', '2025-12-14 00:27:41'),
(15, 'front_office', 'check_in', 'Check In', 'Check-in guests', '2025-12-14 00:27:41'),
(16, 'front_office', 'check_out', 'Check Out', 'Check-out guests', '2025-12-14 00:27:41'),
(17, 'front_office', 'early_check_in', 'Early Check-in', 'Allow early check-in', '2025-12-14 00:27:41'),
(18, 'front_office', 'late_check_out', 'Late Check-out', 'Allow late check-out', '2025-12-14 00:27:41'),
(19, 'front_office', 'room_move', 'Room Move', 'Move guests to different rooms', '2025-12-14 00:27:41'),
(20, 'front_office', 'post_charges', 'Post Charges', 'Post charges to folios', '2025-12-14 00:27:41'),
(21, 'front_office', 'post_complimentary', 'Post Complimentary', 'Post complimentary items', '2025-12-14 00:27:41'),
(22, 'front_office', 'manage_folios', 'Manage Folios', 'Create/edit folios', '2025-12-14 00:27:41'),
(23, 'housekeeping', 'update_room_status', 'Update Room Status', 'Change room status', '2025-12-14 00:27:41'),
(24, 'housekeeping', 'create_tasks', 'Create Tasks', 'Create housekeeping tasks', '2025-12-14 00:27:41'),
(25, 'housekeeping', 'assign_tasks', 'Assign Tasks', 'Assign tasks to staff', '2025-12-14 00:27:41'),
(26, 'housekeeping', 'update_task_status', 'Update Task Status', 'Update task progress', '2025-12-14 00:27:41'),
(27, 'housekeeping', 'room_inspection', 'Room Inspection', 'Inspect cleaned rooms', '2025-12-14 00:27:41'),
(28, 'housekeeping', 'maintenance_requests', 'Maintenance Requests', 'Create maintenance requests', '2025-12-14 00:27:41'),
(29, 'housekeeping', 'lost_found', 'Lost & Found', 'Manage lost and found items', '2025-12-14 00:27:41'),
(30, 'finance', 'process_payments', 'Process Payments', 'Process guest payments', '2025-12-14 00:27:41'),
(31, 'finance', 'void_charges', 'Void Charges', 'Void posted charges', '2025-12-14 00:27:41'),
(32, 'finance', 'give_discounts', 'Give Discounts', 'Apply discounts', '2025-12-14 00:27:41'),
(33, 'finance', 'generate_invoices', 'Generate Invoices', 'Create guest invoices', '2025-12-14 00:27:41'),
(34, 'finance', 'refund_payments', 'Refund Payments', 'Process refunds', '2025-12-14 00:27:41'),
(35, 'finance', 'night_audit', 'Night Audit', 'Perform night audit', '2025-12-14 00:27:41'),
(36, 'finance', 'view_financial_reports', 'View Financial Reports', 'Access financial reports', '2025-12-14 00:27:41'),
(37, 'finance', 'manage_city_ledger', 'Manage City Ledger', 'Manage company accounts', '2025-12-14 00:27:41'),
(38, 'pos', 'create_order', 'Create Order', 'Create new POS orders', '2025-12-14 00:27:41'),
(39, 'pos', 'modify_order', 'Modify Order', 'Modify existing orders', '2025-12-14 00:27:41'),
(40, 'pos', 'close_order', 'Close Order', 'Close/settle POS orders', '2025-12-14 00:27:41'),
(41, 'pos', 'post_to_room', 'Post to Room', 'Post charges to room folios', '2025-12-14 00:27:41'),
(42, 'pos', 'manage_menu', 'Manage Menu', 'Manage menu items', '2025-12-14 00:27:41'),
(43, 'pos', 'view_pos_reports', 'View POS Reports', 'View POS sales reports', '2025-12-14 00:27:41');

-- --------------------------------------------------------

--
-- Table structure for table `pos_orders`
--

CREATE TABLE `pos_orders` (
  `id` int(11) NOT NULL,
  `order_number` varchar(20) NOT NULL,
  `outlet_id` int(11) NOT NULL,
  `table_id` int(11) DEFAULT NULL,
  `guest_name` varchar(100) DEFAULT NULL,
  `room_number` varchar(10) DEFAULT NULL,
  `reservation_id` int(11) DEFAULT NULL,
  `waiter_id` int(11) NOT NULL,
  `order_type` enum('dine_in','takeaway','delivery','room_service') DEFAULT 'dine_in',
  `status` enum('open','pending','preparing','ready','served','closed','cancelled','posted_to_room') DEFAULT 'open',
  `persons` int(11) DEFAULT 1,
  `subtotal` decimal(10,2) DEFAULT 0.00,
  `tax_amount` decimal(10,2) DEFAULT 0.00,
  `service_charge_amount` decimal(10,2) DEFAULT 0.00,
  `discount_amount` decimal(10,2) DEFAULT 0.00,
  `total_amount` decimal(10,2) DEFAULT 0.00,
  `payment_method` enum('cash','card','room_charge','company','complimentary') DEFAULT NULL,
  `payment_reference` varchar(100) DEFAULT NULL,
  `notes` text DEFAULT NULL,
  `created_at` timestamp NOT NULL DEFAULT current_timestamp(),
  `updated_at` timestamp NOT NULL DEFAULT current_timestamp() ON UPDATE current_timestamp(),
  `closed_at` timestamp NULL DEFAULT NULL
) ENGINE=InnoDB DEFAULT CHARSET=utf8mb4 COLLATE=utf8mb4_unicode_ci;

-- --------------------------------------------------------

--
-- Table structure for table `pos_order_items`
--

CREATE TABLE `pos_order_items` (
  `id` int(11) NOT NULL,
  `order_id` int(11) NOT NULL,
  `menu_item_id` int(11) DEFAULT NULL,
  `item_name` varchar(100) NOT NULL,
  `quantity` int(11) NOT NULL,
  `unit_price` decimal(10,2) NOT NULL,
  `discount_percent` decimal(5,2) DEFAULT 0.00,
  `discount_amount` decimal(10,2) DEFAULT 0.00,
  `total_price` decimal(10,2) NOT NULL,
  `special_instructions` text DEFAULT NULL,
  `status` enum('pending','preparing','ready','served','cancelled') DEFAULT 'pending',
  `prepared_by` int(11) DEFAULT NULL,
  `prepared_at` timestamp NULL DEFAULT NULL,
  `created_at` timestamp NOT NULL DEFAULT current_timestamp()
) ENGINE=InnoDB DEFAULT CHARSET=utf8mb4 COLLATE=utf8mb4_unicode_ci;

-- --------------------------------------------------------

--
-- Table structure for table `pos_tables`
--

CREATE TABLE `pos_tables` (
  `id` int(11) NOT NULL,
  `outlet_id` int(11) NOT NULL,
  `table_number` varchar(10) NOT NULL,
  `table_name` varchar(50) DEFAULT NULL,
  `capacity` int(11) DEFAULT 4,
  `location` varchar(50) DEFAULT NULL,
  `status` enum('available','occupied','reserved','out_of_service') DEFAULT 'available',
  `current_order_id` int(11) DEFAULT NULL,
  `created_at` timestamp NOT NULL DEFAULT current_timestamp()
) ENGINE=InnoDB DEFAULT CHARSET=utf8mb4 COLLATE=utf8mb4_unicode_ci;

-- --------------------------------------------------------

--
-- Table structure for table `rate_categories`
--

CREATE TABLE `rate_categories` (
  `id` int(11) NOT NULL,
  `code` varchar(20) NOT NULL,
  `name` varchar(50) NOT NULL,
  `description` text DEFAULT NULL,
  `is_active` tinyint(1) DEFAULT 1,
  `created_at` timestamp NOT NULL DEFAULT current_timestamp()
) ENGINE=InnoDB DEFAULT CHARSET=utf8mb4 COLLATE=utf8mb4_unicode_ci;

--
-- Dumping data for table `rate_categories`
--

INSERT INTO `rate_categories` (`id`, `code`, `name`, `description`, `is_active`, `created_at`) VALUES
(1, 'BAR', 'Best Available Rate', 'Flexible rates with no restrictions', 1, '2025-12-14 00:27:41'),
(2, 'CORP', 'Corporate', 'Rates for corporate clients', 1, '2025-12-14 00:27:41'),
(3, 'PKG', 'Package', 'Special packages and promotions', 1, '2025-12-14 00:27:41'),
(4, 'ADV', 'Advance Purchase', 'Non-refundable discounted rates', 1, '2025-12-14 00:27:41'),
(5, 'GRP', 'Group', 'Rates for group bookings', 1, '2025-12-14 00:27:41'),
(6, 'LNG', 'Long Stay', 'Extended stay discounts', 1, '2025-12-14 00:27:41');

-- --------------------------------------------------------

--
-- Table structure for table `rate_plans`
--

CREATE TABLE `rate_plans` (
  `id` int(11) NOT NULL,
  `category_id` int(11) DEFAULT NULL,
  `code` varchar(20) NOT NULL,
  `name` varchar(50) NOT NULL,
  `description` text DEFAULT NULL,
  `is_refundable` tinyint(1) DEFAULT 1,
  `cancellation_hours` int(11) DEFAULT 24,
  `cancellation_penalty_percent` decimal(5,2) DEFAULT 0.00,
  `meal_plan` enum('none','breakfast','half_board','full_board','all_inclusive') DEFAULT 'none',
  `min_stay` int(11) DEFAULT 1,
  `max_stay` int(11) DEFAULT 30,
  `advance_booking_days` int(11) DEFAULT 0,
  `cut_off_days` int(11) DEFAULT 0,
  `requires_deposit` tinyint(1) DEFAULT 0,
  `deposit_percent` decimal(5,2) DEFAULT 0.00,
  `commission_percent` decimal(5,2) DEFAULT 0.00,
  `is_public` tinyint(1) DEFAULT 1,
  `is_active` tinyint(1) DEFAULT 1,
  `created_at` timestamp NOT NULL DEFAULT current_timestamp(),
  `updated_at` timestamp NOT NULL DEFAULT current_timestamp() ON UPDATE current_timestamp()
) ENGINE=InnoDB DEFAULT CHARSET=utf8mb4 COLLATE=utf8mb4_unicode_ci;

--
-- Dumping data for table `rate_plans`
--

INSERT INTO `rate_plans` (`id`, `category_id`, `code`, `name`, `description`, `is_refundable`, `cancellation_hours`, `cancellation_penalty_percent`, `meal_plan`, `min_stay`, `max_stay`, `advance_booking_days`, `cut_off_days`, `requires_deposit`, `deposit_percent`, `commission_percent`, `is_public`, `is_active`, `created_at`, `updated_at`) VALUES
(1, 1, 'BAR-FLEX', 'Flexible Rate', 'Fully flexible with free cancellation', 1, 24, 0.00, 'none', 1, 30, 0, 0, 0, 0.00, 0.00, 1, 1, '2025-12-14 00:27:41', '2025-12-14 00:27:41'),
(2, 1, 'BAR-BF', 'Bed & Breakfast', 'Including breakfast', 1, 24, 0.00, 'breakfast', 1, 30, 0, 0, 0, 0.00, 0.00, 1, 1, '2025-12-14 00:27:41', '2025-12-14 00:27:41'),
(3, 2, 'CORP-STD', 'Corporate Standard', 'Corporate rate for standard rooms', 1, 24, 0.00, 'breakfast', 1, 30, 0, 0, 0, 0.00, 0.00, 1, 1, '2025-12-14 00:27:41', '2025-12-14 00:27:41'),
(4, 2, 'CORP-DLX', 'Corporate Deluxe', 'Corporate rate for deluxe rooms', 1, 24, 0.00, 'breakfast', 1, 30, 0, 0, 0, 0.00, 0.00, 1, 1, '2025-12-14 00:27:41', '2025-12-14 00:27:41'),
(5, 3, 'PKG-HONEY', 'Honeymoon Package', 'Romantic package for couples', 1, 24, 0.00, 'full_board', 3, 30, 0, 0, 0, 0.00, 0.00, 1, 1, '2025-12-14 00:27:41', '2025-12-14 00:27:41'),
(6, 3, 'PKG-SPA', 'Spa Package', 'Wellness and spa package', 1, 24, 0.00, 'half_board', 2, 30, 0, 0, 0, 0.00, 0.00, 1, 1, '2025-12-14 00:27:41', '2025-12-14 00:27:41'),
(7, 4, 'ADV-21', '21 Day Advance', 'Book 21 days in advance for discount', 0, 24, 0.00, 'none', 2, 30, 0, 0, 0, 0.00, 0.00, 1, 1, '2025-12-14 00:27:41', '2025-12-14 00:27:41'),
(8, 4, 'ADV-14', '14 Day Advance', 'Book 14 days in advance for discount', 0, 24, 0.00, 'none', 2, 30, 0, 0, 0, 0.00, 0.00, 1, 1, '2025-12-14 00:27:41', '2025-12-14 00:27:41'),
(9, 5, 'GRP-10', 'Group 10+', 'Group rate for 10+ rooms', 1, 24, 0.00, 'breakfast', 2, 30, 0, 0, 0, 0.00, 0.00, 1, 1, '2025-12-14 00:27:41', '2025-12-14 00:27:41'),
(10, 6, 'LNG-7', '7+ Nights', 'Discount for stays of 7+ nights', 1, 24, 0.00, 'none', 7, 30, 0, 0, 0, 0.00, 0.00, 1, 1, '2025-12-14 00:27:41', '2025-12-14 00:27:41');

-- --------------------------------------------------------

--
-- Table structure for table `rate_restrictions`
--

CREATE TABLE `rate_restrictions` (
  `id` int(11) NOT NULL,
  `room_type_id` int(11) DEFAULT NULL,
  `rate_plan_id` int(11) DEFAULT NULL,
  `restriction_date` date NOT NULL,
  `min_stay` int(11) DEFAULT NULL,
  `max_stay` int(11) DEFAULT NULL,
  `closed_to_arrival` tinyint(1) DEFAULT 0,
  `closed_to_departure` tinyint(1) DEFAULT 0,
  `stop_sell` tinyint(1) DEFAULT 0,
  `cut_off` int(11) DEFAULT NULL,
  `created_at` timestamp NOT NULL DEFAULT current_timestamp()
) ENGINE=InnoDB DEFAULT CHARSET=utf8mb4 COLLATE=utf8mb4_unicode_ci;

-- --------------------------------------------------------

--
-- Table structure for table `reservations`
--

CREATE TABLE `reservations` (
  `id` int(11) NOT NULL,
  `reservation_number` varchar(20) NOT NULL,
  `guest_id` int(11) NOT NULL,
  `company_id` int(11) DEFAULT NULL,
  `source_id` int(11) DEFAULT NULL,
  `market_segment_id` int(11) DEFAULT NULL,
  `status_id` int(11) DEFAULT NULL,
  `booking_date` date NOT NULL,
  `check_in` date NOT NULL,
  `check_out` date NOT NULL,
  `actual_check_in` timestamp NULL DEFAULT NULL,
  `actual_check_out` timestamp NULL DEFAULT NULL,
  `nights` int(11) GENERATED ALWAYS AS (to_days(`check_out`) - to_days(`check_in`)) STORED,
  `adults` int(11) DEFAULT 2,
  `children` int(11) DEFAULT 0,
  `infants` int(11) DEFAULT 0,
  `special_requests` text DEFAULT NULL,
  `vip_notes` text DEFAULT NULL,
  `arrival_time` time DEFAULT NULL,
  `flight_number` varchar(20) DEFAULT NULL,
  `pickup_required` tinyint(1) DEFAULT 0,
  `pickup_details` text DEFAULT NULL,
  `room_preferences` longtext CHARACTER SET utf8mb4 COLLATE utf8mb4_bin DEFAULT NULL CHECK (json_valid(`room_preferences`)),
  `deposit_required` decimal(10,2) DEFAULT 0.00,
  `deposit_paid` decimal(10,2) DEFAULT 0.00,
  `deposit_due_date` date DEFAULT NULL,
  `cancellation_date` date DEFAULT NULL,
  `cancellation_reason` text DEFAULT NULL,
  `cancellation_penalty` decimal(10,2) DEFAULT 0.00,
  `no_show` tinyint(1) DEFAULT 0,
  `guaranteed` tinyint(1) DEFAULT 0,
  `guaranteed_by` enum('credit_card','company','deposit','other') DEFAULT 'credit_card',
  `total_amount` decimal(12,2) DEFAULT NULL,
  `total_tax` decimal(12,2) DEFAULT 0.00,
  `total_service_charge` decimal(12,2) DEFAULT 0.00,
  `total_discount` decimal(12,2) DEFAULT 0.00,
  `net_amount` decimal(12,2) DEFAULT NULL,
  `balance` decimal(12,2) DEFAULT NULL,
  `booked_by` int(11) DEFAULT NULL,
  `checked_in_by` int(11) DEFAULT NULL,
  `checked_out_by` int(11) DEFAULT NULL,
  `updated_by` int(11) DEFAULT NULL,
  `created_at` timestamp NOT NULL DEFAULT current_timestamp(),
  `updated_at` timestamp NOT NULL DEFAULT current_timestamp() ON UPDATE current_timestamp()
) ENGINE=InnoDB DEFAULT CHARSET=utf8mb4 COLLATE=utf8mb4_unicode_ci;

--
-- Triggers `reservations`
--
DELIMITER $$
CREATE TRIGGER `tr_reservation_audit` AFTER UPDATE ON `reservations` FOR EACH ROW BEGIN
    IF OLD.status_id <> NEW.status_id THEN
        INSERT INTO audit_logs (user_id, action, entity_type, entity_id, old_values, new_values)
        VALUES (
            COALESCE(NEW.updated_by, NEW.checked_out_by, NEW.checked_in_by, NEW.booked_by),
            'RESERVATION_STATUS_CHANGE',
            'reservation',
            NEW.id,
            JSON_OBJECT('status_id', OLD.status_id),
            JSON_OBJECT('status_id', NEW.status_id)
        );
    END IF;
END
$$
DELIMITER ;
DELIMITER $$
CREATE TRIGGER `tr_reservation_created` AFTER INSERT ON `reservations` FOR EACH ROW BEGIN
    DECLARE v_folio_number VARCHAR(30);

    SET v_folio_number = CONCAT(
        'FOL-',
        DATE_FORMAT(NOW(), '%Y%m'),
        '-',
        LPAD(
            (SELECT COUNT(*) FROM folios
             WHERE YEAR(created_at) = YEAR(NOW())
               AND MONTH(created_at) = MONTH(NOW())
            ) + 1,
            4, '0'
        )
    );

    INSERT INTO folios (folio_number, reservation_id, guest_id, folio_type, status)
    VALUES (v_folio_number, NEW.id, NEW.guest_id, 'guest', 'open');
END
$$
DELIMITER ;

-- --------------------------------------------------------

--
-- Table structure for table `reservation_payments`
--

CREATE TABLE `reservation_payments` (
  `id` int(11) NOT NULL,
  `reservation_id` int(11) NOT NULL,
  `payment_type` enum('deposit','partial','final','refund','cancellation') DEFAULT 'deposit',
  `amount` decimal(10,2) NOT NULL,
  `payment_method` enum('cash','credit_card','debit_card','bank_transfer','company','voucher','online') DEFAULT 'cash',
  `currency` varchar(10) DEFAULT 'USD',
  `exchange_rate` decimal(10,4) DEFAULT 1.0000,
  `reference_number` varchar(100) DEFAULT NULL,
  `card_last_four` varchar(4) DEFAULT NULL,
  `card_type` varchar(20) DEFAULT NULL,
  `authorization_code` varchar(50) DEFAULT NULL,
  `payment_status` enum('pending','completed','failed','refunded') DEFAULT 'completed',
  `notes` text DEFAULT NULL,
  `received_by` int(11) DEFAULT NULL,
  `created_at` timestamp NOT NULL DEFAULT current_timestamp()
) ENGINE=InnoDB DEFAULT CHARSET=utf8mb4 COLLATE=utf8mb4_unicode_ci;

-- --------------------------------------------------------

--
-- Table structure for table `reservation_rooms`
--

CREATE TABLE `reservation_rooms` (
  `id` int(11) NOT NULL,
  `reservation_id` int(11) NOT NULL,
  `room_type_id` int(11) NOT NULL,
  `room_id` int(11) DEFAULT NULL,
  `rate_plan_id` int(11) NOT NULL,
  `adults` int(11) DEFAULT 2,
  `children` int(11) DEFAULT 0,
  `extra_beds` int(11) DEFAULT 0,
  `extra_bed_charge` decimal(10,2) DEFAULT 0.00,
  `nightly_rates` longtext CHARACTER SET utf8mb4 COLLATE utf8mb4_bin NOT NULL CHECK (json_valid(`nightly_rates`)),
  `room_rate` decimal(10,2) DEFAULT NULL,
  `total_amount` decimal(12,2) DEFAULT NULL,
  `status` enum('reserved','assigned','checked_in','checked_out','cancelled') DEFAULT 'reserved',
  `check_in_time` timestamp NULL DEFAULT NULL,
  `check_out_time` timestamp NULL DEFAULT NULL,
  `updated_by` int(11) DEFAULT NULL,
  `created_at` timestamp NOT NULL DEFAULT current_timestamp(),
  `updated_at` timestamp NOT NULL DEFAULT current_timestamp() ON UPDATE current_timestamp()
) ENGINE=InnoDB DEFAULT CHARSET=utf8mb4 COLLATE=utf8mb4_unicode_ci;

--
-- Triggers `reservation_rooms`
--
DELIMITER $$
CREATE TRIGGER `tr_reservation_room_assigned` AFTER UPDATE ON `reservation_rooms` FOR EACH ROW BEGIN
    DECLARE v_old_status VARCHAR(50);

    IF OLD.room_id IS NULL AND NEW.room_id IS NOT NULL THEN

        SELECT status INTO v_old_status
        FROM rooms
        WHERE id = NEW.room_id
        LIMIT 1;

        -- Better logic: assigned = reserved (not occupied)
        UPDATE rooms
        SET status = 'reserved'
        WHERE id = NEW.room_id;

        INSERT INTO room_status_log (room_id, old_status, new_status, changed_by, reason)
        VALUES (NEW.room_id, v_old_status, 'reserved', NEW.updated_by, 'Room assigned to reservation');

    END IF;
END
$$
DELIMITER ;

-- --------------------------------------------------------

--
-- Table structure for table `reservation_sources`
--

CREATE TABLE `reservation_sources` (
  `id` int(11) NOT NULL,
  `code` varchar(20) NOT NULL,
  `name` varchar(50) NOT NULL,
  `type` enum('direct','ota','corporate','travel_agent','group','other') DEFAULT 'direct',
  `commission_percent` decimal(5,2) DEFAULT 0.00,
  `payment_terms` int(11) DEFAULT 0,
  `is_active` tinyint(1) DEFAULT 1,
  `created_at` timestamp NOT NULL DEFAULT current_timestamp()
) ENGINE=InnoDB DEFAULT CHARSET=utf8mb4 COLLATE=utf8mb4_unicode_ci;

--
-- Dumping data for table `reservation_sources`
--

INSERT INTO `reservation_sources` (`id`, `code`, `name`, `type`, `commission_percent`, `payment_terms`, `is_active`, `created_at`) VALUES
(1, 'DIRECT', 'Direct', 'direct', 0.00, 0, 1, '2025-12-14 00:27:41'),
(2, 'WALKIN', 'Walk-in', 'direct', 0.00, 0, 1, '2025-12-14 00:27:41'),
(3, 'PHONE', 'Phone', 'direct', 0.00, 0, 1, '2025-12-14 00:27:41'),
(4, 'EMAIL', 'Email', 'direct', 0.00, 0, 1, '2025-12-14 00:27:41'),
(5, 'BOOKING', 'Booking.com', 'ota', 15.00, 0, 1, '2025-12-14 00:27:41'),
(6, 'EXPEDIA', 'Expedia', 'ota', 15.00, 0, 1, '2025-12-14 00:27:41'),
(7, 'AGODA', 'Agoda', 'ota', 15.00, 0, 1, '2025-12-14 00:27:41'),
(8, 'CORP-DIR', 'Corporate Direct', 'corporate', 0.00, 0, 1, '2025-12-14 00:27:41'),
(9, 'TRAVEL-AG', 'Travel Agent', 'travel_agent', 10.00, 0, 1, '2025-12-14 00:27:41'),
(10, 'GROUP', 'Group', 'group', 5.00, 0, 1, '2025-12-14 00:27:41');

-- --------------------------------------------------------

--
-- Table structure for table `reservation_status`
--

CREATE TABLE `reservation_status` (
  `id` int(11) NOT NULL,
  `code` varchar(20) NOT NULL,
  `name` varchar(50) NOT NULL,
  `description` text DEFAULT NULL,
  `is_active` tinyint(1) DEFAULT 1,
  `created_at` timestamp NOT NULL DEFAULT current_timestamp()
) ENGINE=InnoDB DEFAULT CHARSET=utf8mb4 COLLATE=utf8mb4_unicode_ci;

--
-- Dumping data for table `reservation_status`
--

INSERT INTO `reservation_status` (`id`, `code`, `name`, `description`, `is_active`, `created_at`) VALUES
(1, 'TENTATIVE', 'Tentative', 'Tentative booking', 1, '2025-12-14 00:27:41'),
(2, 'CONFIRMED', 'Confirmed', 'Confirmed reservation', 1, '2025-12-14 00:27:41'),
(3, 'WAITLIST', 'Waitlist', 'On waiting list', 1, '2025-12-14 00:27:41'),
(4, 'CHECKED-IN', 'Checked In', 'Guest has checked in', 1, '2025-12-14 00:27:41'),
(5, 'CHECKED-OUT', 'Checked Out', 'Guest has checked out', 1, '2025-12-14 00:27:41'),
(6, 'NO-SHOW', 'No Show', 'Guest did not arrive', 1, '2025-12-14 00:27:41'),
(7, 'CANCELLED', 'Cancelled', 'Reservation cancelled', 1, '2025-12-14 00:27:41'),
(8, 'GUARANTEED', 'Guaranteed', 'Guaranteed reservation', 1, '2025-12-14 00:27:41');

-- --------------------------------------------------------

--
-- Table structure for table `roles`
--

CREATE TABLE `roles` (
  `id` int(11) NOT NULL,
  `name` varchar(50) NOT NULL,
  `description` text DEFAULT NULL,
  `level` int(11) DEFAULT 10,
  `created_at` timestamp NOT NULL DEFAULT current_timestamp(),
  `updated_at` timestamp NOT NULL DEFAULT current_timestamp() ON UPDATE current_timestamp()
) ENGINE=InnoDB DEFAULT CHARSET=utf8mb4 COLLATE=utf8mb4_unicode_ci;

--
-- Dumping data for table `roles`
--

INSERT INTO `roles` (`id`, `name`, `description`, `level`, `created_at`, `updated_at`) VALUES
(1, 'super_admin', 'Full system access with all permissions', 100, '2025-12-14 00:27:41', '2025-12-14 00:27:41'),
(2, 'general_manager', 'Hotel general manager with full operational access', 90, '2025-12-14 00:27:41', '2025-12-14 00:27:41'),
(3, 'front_office_manager', 'Manages front office operations', 80, '2025-12-14 00:27:41', '2025-12-14 00:27:41'),
(4, 'receptionist', 'Front desk operations - check-in/out, reservations', 70, '2025-12-14 00:27:41', '2025-12-14 00:27:41'),
(5, 'reservation_agent', 'Reservations only', 60, '2025-12-14 00:27:41', '2025-12-14 00:27:41'),
(6, 'housekeeping_manager', 'Manages housekeeping department', 80, '2025-12-14 00:27:41', '2025-12-14 00:27:41'),
(7, 'housekeeping_supervisor', 'Supervises housekeeping staff', 70, '2025-12-14 00:27:41', '2025-12-14 00:27:41'),
(8, 'housekeeper', 'Room cleaning staff', 50, '2025-12-14 00:27:41', '2025-12-14 00:27:41'),
(9, 'finance_manager', 'Manages finance and billing', 80, '2025-12-14 00:27:41', '2025-12-14 00:27:41'),
(10, 'cashier', 'Processes payments and billing', 60, '2025-12-14 00:27:41', '2025-12-14 00:27:41'),
(11, 'f_b_manager', 'Food and beverage manager', 80, '2025-12-14 00:27:41', '2025-12-14 00:27:41'),
(12, 'restaurant_manager', 'Manages restaurant operations', 70, '2025-12-14 00:27:41', '2025-12-14 00:27:41'),
(13, 'waiter', 'Restaurant service staff', 50, '2025-12-14 00:27:41', '2025-12-14 00:27:41'),
(14, 'sales_manager', 'Sales and marketing', 70, '2025-12-14 00:27:41', '2025-12-14 00:27:41'),
(15, 'it_support', 'IT support and system maintenance', 60, '2025-12-14 00:27:41', '2025-12-14 00:27:41');

-- --------------------------------------------------------

--
-- Table structure for table `role_permissions`
--

CREATE TABLE `role_permissions` (
  `role_id` int(11) NOT NULL,
  `permission_id` int(11) NOT NULL,
  `can_view` tinyint(1) DEFAULT 1,
  `can_create` tinyint(1) DEFAULT 0,
  `can_edit` tinyint(1) DEFAULT 0,
  `can_delete` tinyint(1) DEFAULT 0,
  `can_approve` tinyint(1) DEFAULT 0,
  `can_override` tinyint(1) DEFAULT 0,
  `created_at` timestamp NOT NULL DEFAULT current_timestamp()
) ENGINE=InnoDB DEFAULT CHARSET=utf8mb4 COLLATE=utf8mb4_unicode_ci;

--
-- Dumping data for table `role_permissions`
--

INSERT INTO `role_permissions` (`role_id`, `permission_id`, `can_view`, `can_create`, `can_edit`, `can_delete`, `can_approve`, `can_override`, `created_at`) VALUES
(1, 1, 1, 1, 1, 1, 1, 1, '2025-12-14 00:27:41'),
(1, 2, 1, 1, 1, 1, 1, 1, '2025-12-14 00:27:41'),
(1, 3, 1, 1, 1, 1, 1, 1, '2025-12-14 00:27:41'),
(1, 4, 1, 1, 1, 1, 1, 1, '2025-12-14 00:27:41'),
(1, 5, 1, 1, 1, 1, 1, 1, '2025-12-14 00:27:41'),
(1, 6, 1, 1, 1, 1, 1, 1, '2025-12-14 00:27:41'),
(1, 7, 1, 1, 1, 1, 1, 1, '2025-12-14 00:27:41'),
(1, 8, 1, 1, 1, 1, 1, 1, '2025-12-14 00:27:41'),
(1, 9, 1, 1, 1, 1, 1, 1, '2025-12-14 00:27:41'),
(1, 10, 1, 1, 1, 1, 1, 1, '2025-12-14 00:27:41'),
(1, 11, 1, 1, 1, 1, 1, 1, '2025-12-14 00:27:41'),
(1, 12, 1, 1, 1, 1, 1, 1, '2025-12-14 00:27:41'),
(1, 13, 1, 1, 1, 1, 1, 1, '2025-12-14 00:27:41'),
(1, 14, 1, 1, 1, 1, 1, 1, '2025-12-14 00:27:41'),
(1, 15, 1, 1, 1, 1, 1, 1, '2025-12-14 00:27:41'),
(1, 16, 1, 1, 1, 1, 1, 1, '2025-12-14 00:27:41'),
(1, 17, 1, 1, 1, 1, 1, 1, '2025-12-14 00:27:41'),
(1, 18, 1, 1, 1, 1, 1, 1, '2025-12-14 00:27:41'),
(1, 19, 1, 1, 1, 1, 1, 1, '2025-12-14 00:27:41'),
(1, 20, 1, 1, 1, 1, 1, 1, '2025-12-14 00:27:41'),
(1, 21, 1, 1, 1, 1, 1, 1, '2025-12-14 00:27:41'),
(1, 22, 1, 1, 1, 1, 1, 1, '2025-12-14 00:27:41'),
(1, 23, 1, 1, 1, 1, 1, 1, '2025-12-14 00:27:41'),
(1, 24, 1, 1, 1, 1, 1, 1, '2025-12-14 00:27:41'),
(1, 25, 1, 1, 1, 1, 1, 1, '2025-12-14 00:27:41'),
(1, 26, 1, 1, 1, 1, 1, 1, '2025-12-14 00:27:41'),
(1, 27, 1, 1, 1, 1, 1, 1, '2025-12-14 00:27:41'),
(1, 28, 1, 1, 1, 1, 1, 1, '2025-12-14 00:27:41'),
(1, 29, 1, 1, 1, 1, 1, 1, '2025-12-14 00:27:41'),
(1, 30, 1, 1, 1, 1, 1, 1, '2025-12-14 00:27:41'),
(1, 31, 1, 1, 1, 1, 1, 1, '2025-12-14 00:27:41'),
(1, 32, 1, 1, 1, 1, 1, 1, '2025-12-14 00:27:41'),
(1, 33, 1, 1, 1, 1, 1, 1, '2025-12-14 00:27:41'),
(1, 34, 1, 1, 1, 1, 1, 1, '2025-12-14 00:27:41'),
(1, 35, 1, 1, 1, 1, 1, 1, '2025-12-14 00:27:41'),
(1, 36, 1, 1, 1, 1, 1, 1, '2025-12-14 00:27:41'),
(1, 37, 1, 1, 1, 1, 1, 1, '2025-12-14 00:27:41'),
(1, 38, 1, 1, 1, 1, 1, 1, '2025-12-14 00:27:41'),
(1, 39, 1, 1, 1, 1, 1, 1, '2025-12-14 00:27:41'),
(1, 40, 1, 1, 1, 1, 1, 1, '2025-12-14 00:27:41'),
(1, 41, 1, 1, 1, 1, 1, 1, '2025-12-14 00:27:41'),
(1, 42, 1, 1, 1, 1, 1, 1, '2025-12-14 00:27:41'),
(1, 43, 1, 1, 1, 1, 1, 1, '2025-12-14 00:27:41');

-- --------------------------------------------------------

--
-- Table structure for table `rooms`
--

CREATE TABLE `rooms` (
  `id` int(11) NOT NULL,
  `room_number` varchar(10) NOT NULL,
  `room_type_id` int(11) NOT NULL,
  `floor_id` int(11) DEFAULT NULL,
  `view_type` enum('sea','garden','city','pool','mountain','river','lake') DEFAULT 'city',
  `room_position` varchar(50) DEFAULT NULL,
  `phone_extension` varchar(10) DEFAULT NULL,
  `keycard_system_id` varchar(50) DEFAULT NULL,
  `tv_system_id` varchar(50) DEFAULT NULL,
  `minibar_system_id` varchar(50) DEFAULT NULL,
  `safe_number` varchar(50) DEFAULT NULL,
  `status` enum('available','occupied','dirty','clean','inspected','maintenance','out_of_order','reserved') DEFAULT 'available',
  `is_active` tinyint(1) DEFAULT 1,
  `is_smoking` tinyint(1) DEFAULT 0,
  `is_accessible` tinyint(1) DEFAULT 0,
  `is_connecting` tinyint(1) DEFAULT 0,
  `connecting_to_room_id` int(11) DEFAULT NULL,
  `last_cleaned` date DEFAULT NULL,
  `last_maintenance` date DEFAULT NULL,
  `next_maintenance` date DEFAULT NULL,
  `notes` text DEFAULT NULL,
  `created_at` timestamp NOT NULL DEFAULT current_timestamp(),
  `updated_at` timestamp NOT NULL DEFAULT current_timestamp() ON UPDATE current_timestamp()
) ENGINE=InnoDB DEFAULT CHARSET=utf8mb4 COLLATE=utf8mb4_unicode_ci;

--
-- Dumping data for table `rooms`
--

INSERT INTO `rooms` (`id`, `room_number`, `room_type_id`, `floor_id`, `view_type`, `room_position`, `phone_extension`, `keycard_system_id`, `tv_system_id`, `minibar_system_id`, `safe_number`, `status`, `is_active`, `is_smoking`, `is_accessible`, `is_connecting`, `connecting_to_room_id`, `last_cleaned`, `last_maintenance`, `next_maintenance`, `notes`, `created_at`, `updated_at`) VALUES
(1, '201', 1, 2, 'city', NULL, NULL, NULL, NULL, NULL, NULL, 'available', 1, 0, 0, 0, NULL, NULL, NULL, NULL, NULL, '2025-12-14 00:27:41', '2025-12-14 00:27:41'),
(2, '202', 1, 2, 'city', NULL, NULL, NULL, NULL, NULL, NULL, 'available', 1, 0, 0, 0, NULL, NULL, NULL, NULL, NULL, '2025-12-14 00:27:41', '2025-12-14 00:27:41'),
(3, '203', 2, 2, 'city', NULL, NULL, NULL, NULL, NULL, NULL, 'available', 1, 0, 0, 0, NULL, NULL, NULL, NULL, NULL, '2025-12-14 00:27:41', '2025-12-14 00:27:41'),
(4, '204', 2, 2, 'city', NULL, NULL, NULL, NULL, NULL, NULL, 'available', 1, 0, 0, 0, NULL, NULL, NULL, NULL, NULL, '2025-12-14 00:27:41', '2025-12-14 00:27:41'),
(5, '205', 1, 2, 'garden', NULL, NULL, NULL, NULL, NULL, NULL, 'available', 1, 0, 0, 0, NULL, NULL, NULL, NULL, NULL, '2025-12-14 00:27:41', '2025-12-14 00:27:41'),
(6, '206', 1, 2, 'garden', NULL, NULL, NULL, NULL, NULL, NULL, 'available', 1, 0, 0, 0, NULL, NULL, NULL, NULL, NULL, '2025-12-14 00:27:41', '2025-12-14 00:27:41'),
(7, '207', 2, 2, 'garden', NULL, NULL, NULL, NULL, NULL, NULL, 'available', 1, 0, 0, 0, NULL, NULL, NULL, NULL, NULL, '2025-12-14 00:27:41', '2025-12-14 00:27:41'),
(8, '208', 2, 2, 'garden', NULL, NULL, NULL, NULL, NULL, NULL, 'available', 1, 0, 0, 0, NULL, NULL, NULL, NULL, NULL, '2025-12-14 00:27:41', '2025-12-14 00:27:41'),
(9, '301', 3, 3, 'sea', NULL, NULL, NULL, NULL, NULL, NULL, 'available', 1, 0, 0, 0, NULL, NULL, NULL, NULL, NULL, '2025-12-14 00:27:41', '2025-12-14 00:27:41'),
(10, '302', 3, 3, 'sea', NULL, NULL, NULL, NULL, NULL, NULL, 'available', 1, 0, 0, 0, NULL, NULL, NULL, NULL, NULL, '2025-12-14 00:27:41', '2025-12-14 00:27:41'),
(11, '303', 4, 3, 'sea', NULL, NULL, NULL, NULL, NULL, NULL, 'available', 1, 0, 0, 0, NULL, NULL, NULL, NULL, NULL, '2025-12-14 00:27:41', '2025-12-14 00:27:41'),
(12, '304', 4, 3, 'sea', NULL, NULL, NULL, NULL, NULL, NULL, 'available', 1, 0, 0, 0, NULL, NULL, NULL, NULL, NULL, '2025-12-14 00:27:41', '2025-12-14 00:27:41'),
(13, '305', 3, 3, 'garden', NULL, NULL, NULL, NULL, NULL, NULL, 'available', 1, 0, 0, 0, NULL, NULL, NULL, NULL, NULL, '2025-12-14 00:27:41', '2025-12-14 00:27:41'),
(14, '306', 3, 3, 'garden', NULL, NULL, NULL, NULL, NULL, NULL, 'available', 1, 0, 0, 0, NULL, NULL, NULL, NULL, NULL, '2025-12-14 00:27:41', '2025-12-14 00:27:41'),
(15, '401', 5, 4, 'sea', NULL, NULL, NULL, NULL, NULL, NULL, 'available', 1, 0, 0, 0, NULL, NULL, NULL, NULL, NULL, '2025-12-14 00:27:41', '2025-12-14 00:27:41'),
(16, '402', 5, 4, 'sea', NULL, NULL, NULL, NULL, NULL, NULL, 'available', 1, 0, 0, 0, NULL, NULL, NULL, NULL, NULL, '2025-12-14 00:27:41', '2025-12-14 00:27:41'),
(17, '403', 6, 4, 'sea', NULL, NULL, NULL, NULL, NULL, NULL, 'available', 1, 0, 0, 0, NULL, NULL, NULL, NULL, NULL, '2025-12-14 00:27:41', '2025-12-14 00:27:41'),
(18, '501', 7, 5, 'sea', NULL, NULL, NULL, NULL, NULL, NULL, 'available', 1, 0, 0, 0, NULL, NULL, NULL, NULL, NULL, '2025-12-14 00:27:41', '2025-12-14 00:27:41');

-- --------------------------------------------------------

--
-- Table structure for table `room_categories`
--

CREATE TABLE `room_categories` (
  `id` int(11) NOT NULL,
  `code` varchar(10) NOT NULL,
  `name` varchar(50) NOT NULL,
  `description` text DEFAULT NULL,
  `display_order` int(11) DEFAULT 0,
  `is_active` tinyint(1) DEFAULT 1,
  `created_at` timestamp NOT NULL DEFAULT current_timestamp()
) ENGINE=InnoDB DEFAULT CHARSET=utf8mb4 COLLATE=utf8mb4_unicode_ci;

--
-- Dumping data for table `room_categories`
--

INSERT INTO `room_categories` (`id`, `code`, `name`, `description`, `display_order`, `is_active`, `created_at`) VALUES
(1, 'STD', 'Standard', 'Standard accommodation', 1, 1, '2025-12-14 00:27:41'),
(2, 'SUP', 'Superior', 'Superior rooms with better views', 2, 1, '2025-12-14 00:27:41'),
(3, 'DLX', 'Deluxe', 'Deluxe rooms with premium amenities', 3, 1, '2025-12-14 00:27:41'),
(4, 'STE', 'Suite', 'Luxury suites with separate living area', 4, 1, '2025-12-14 00:27:41'),
(5, 'PEN', 'Penthouse', 'Premium penthouse accommodations', 5, 1, '2025-12-14 00:27:41');

-- --------------------------------------------------------

--
-- Table structure for table `room_status_log`
--

CREATE TABLE `room_status_log` (
  `id` int(11) NOT NULL,
  `room_id` int(11) NOT NULL,
  `old_status` varchar(50) DEFAULT NULL,
  `new_status` varchar(50) DEFAULT NULL,
  `changed_by` int(11) DEFAULT NULL,
  `reason` text DEFAULT NULL,
  `created_at` timestamp NOT NULL DEFAULT current_timestamp()
) ENGINE=InnoDB DEFAULT CHARSET=utf8mb4 COLLATE=utf8mb4_unicode_ci;

-- --------------------------------------------------------

--
-- Table structure for table `room_types`
--

CREATE TABLE `room_types` (
  `id` int(11) NOT NULL,
  `category_id` int(11) DEFAULT NULL,
  `code` varchar(10) NOT NULL,
  `name` varchar(50) NOT NULL,
  `short_name` varchar(20) DEFAULT NULL,
  `description` text DEFAULT NULL,
  `base_occupancy` int(11) DEFAULT 2,
  `max_occupancy` int(11) DEFAULT 4,
  `extra_bed_allowed` tinyint(1) DEFAULT 1,
  `max_extra_beds` int(11) DEFAULT 1,
  `extra_bed_charge` decimal(10,2) DEFAULT 50.00,
  `base_price` decimal(10,2) NOT NULL,
  `min_price` decimal(10,2) DEFAULT NULL,
  `max_price` decimal(10,2) DEFAULT NULL,
  `size_sqm` decimal(6,2) DEFAULT NULL,
  `size_sqft` decimal(6,2) DEFAULT NULL,
  `amenities` longtext CHARACTER SET utf8mb4 COLLATE utf8mb4_bin DEFAULT NULL CHECK (json_valid(`amenities`)),
  `features` longtext CHARACTER SET utf8mb4 COLLATE utf8mb4_bin DEFAULT NULL CHECK (json_valid(`features`)),
  `housekeeping_standard_time` int(11) DEFAULT 30,
  `display_order` int(11) DEFAULT 0,
  `is_active` tinyint(1) DEFAULT 1,
  `created_at` timestamp NOT NULL DEFAULT current_timestamp(),
  `updated_at` timestamp NOT NULL DEFAULT current_timestamp() ON UPDATE current_timestamp()
) ENGINE=InnoDB DEFAULT CHARSET=utf8mb4 COLLATE=utf8mb4_unicode_ci;

--
-- Dumping data for table `room_types`
--

INSERT INTO `room_types` (`id`, `category_id`, `code`, `name`, `short_name`, `description`, `base_occupancy`, `max_occupancy`, `extra_bed_allowed`, `max_extra_beds`, `extra_bed_charge`, `base_price`, `min_price`, `max_price`, `size_sqm`, `size_sqft`, `amenities`, `features`, `housekeeping_standard_time`, `display_order`, `is_active`, `created_at`, `updated_at`) VALUES
(1, 1, 'STD-TWN', 'Standard Twin', NULL, NULL, 2, 2, 1, 1, 50.00, 200.00, NULL, NULL, NULL, NULL, '[\"WiFi\", \"TV\", \"Mini-fridge\", \"Coffee maker\", \"Safe\"]', NULL, 30, 0, 1, '2025-12-14 00:27:41', '2025-12-14 00:27:41'),
(2, 1, 'STD-DBL', 'Standard Double', NULL, NULL, 2, 2, 1, 1, 50.00, 220.00, NULL, NULL, NULL, NULL, '[\"WiFi\", \"TV\", \"Mini-fridge\", \"Coffee maker\", \"Safe\", \"King bed\"]', NULL, 30, 0, 1, '2025-12-14 00:27:41', '2025-12-14 00:27:41'),
(3, 2, 'SUP-SEA', 'Superior Sea View', NULL, NULL, 2, 3, 1, 1, 50.00, 300.00, NULL, NULL, NULL, NULL, '[\"WiFi\", \"TV\", \"Mini-bar\", \"Coffee maker\", \"Safe\", \"Sea view\", \"Balcony\"]', NULL, 30, 0, 1, '2025-12-14 00:27:41', '2025-12-14 00:27:41'),
(4, 3, 'DLX-KNG', 'Deluxe King', NULL, NULL, 2, 4, 1, 1, 50.00, 400.00, NULL, NULL, NULL, NULL, '[\"WiFi\", \"TV\", \"Mini-bar\", \"Espresso machine\", \"Safe\", \"Bathtub\", \"Sitting area\"]', NULL, 30, 0, 1, '2025-12-14 00:27:41', '2025-12-14 00:27:41'),
(5, 4, 'STE-JR', 'Junior Suite', NULL, NULL, 2, 4, 1, 1, 50.00, 600.00, NULL, NULL, NULL, NULL, '[\"WiFi\", \"TV\", \"Mini-bar\", \"Espresso machine\", \"Safe\", \"Jacuzzi\", \"Separate living area\"]', NULL, 30, 0, 1, '2025-12-14 00:27:41', '2025-12-14 00:27:41'),
(6, 4, 'STE-EX', 'Executive Suite', NULL, NULL, 2, 4, 1, 1, 50.00, 800.00, NULL, NULL, NULL, NULL, '[\"WiFi\", \"TV\", \"Full bar\", \"Espresso machine\", \"Safe\", \"Jacuzzi\", \"Living room\", \"Dining area\"]', NULL, 30, 0, 1, '2025-12-14 00:27:41', '2025-12-14 00:27:41'),
(7, 5, 'PEN-PRM', 'Presidential Penthouse', NULL, NULL, 2, 6, 1, 1, 50.00, 1500.00, NULL, NULL, NULL, NULL, '[\"WiFi\", \"TV\", \"Full bar\", \"Private chef available\", \"Safe\", \"Private pool\", \"Butler service\", \"3 bedrooms\"]', NULL, 30, 0, 1, '2025-12-14 00:27:41', '2025-12-14 00:27:41');

-- --------------------------------------------------------

--
-- Table structure for table `system_logs`
--

CREATE TABLE `system_logs` (
  `id` int(11) NOT NULL,
  `log_level` enum('DEBUG','INFO','WARNING','ERROR','CRITICAL') DEFAULT 'INFO',
  `module` varchar(50) DEFAULT NULL,
  `message` text NOT NULL,
  `context` longtext CHARACTER SET utf8mb4 COLLATE utf8mb4_bin DEFAULT NULL CHECK (json_valid(`context`)),
  `ip_address` varchar(45) DEFAULT NULL,
  `user_agent` text DEFAULT NULL,
  `created_at` timestamp NOT NULL DEFAULT current_timestamp()
) ENGINE=InnoDB DEFAULT CHARSET=utf8mb4 COLLATE=utf8mb4_unicode_ci;

-- --------------------------------------------------------

--
-- Table structure for table `users`
--

CREATE TABLE `users` (
  `id` int(11) NOT NULL,
  `username` varchar(50) NOT NULL,
  `password_hash` varchar(255) NOT NULL,
  `email` varchar(100) DEFAULT NULL,
  `full_name` varchar(100) NOT NULL,
  `role_id` int(11) NOT NULL,
  `department` enum('front_office','housekeeping','f_b','finance','sales','management','it') DEFAULT 'front_office',
  `employee_id` varchar(20) DEFAULT NULL,
  `phone` varchar(20) DEFAULT NULL,
  `address` text DEFAULT NULL,
  `is_active` tinyint(1) DEFAULT 1,
  `last_login` timestamp NULL DEFAULT NULL,
  `login_attempts` int(11) DEFAULT 0,
  `locked_until` timestamp NULL DEFAULT NULL,
  `must_change_password` tinyint(1) DEFAULT 0,
  `created_by` int(11) DEFAULT NULL,
  `created_at` timestamp NOT NULL DEFAULT current_timestamp(),
  `updated_at` timestamp NOT NULL DEFAULT current_timestamp() ON UPDATE current_timestamp()
) ENGINE=InnoDB DEFAULT CHARSET=utf8mb4 COLLATE=utf8mb4_unicode_ci;

--
-- Dumping data for table `users`
--

INSERT INTO `users` (`id`, `username`, `password_hash`, `email`, `full_name`, `role_id`, `department`, `employee_id`, `phone`, `address`, `is_active`, `last_login`, `login_attempts`, `locked_until`, `must_change_password`, `created_by`, `created_at`, `updated_at`) VALUES
(1, 'admin', '$2y$10$92IXUNpkjO0rOQ5byMi.Ye4oKoEa3Ro9llC/.og/at2.uheWG/igi', 'admin@hotel.com', 'System Administrator', 1, 'it', 'EMP001', NULL, NULL, 1, NULL, 0, NULL, 0, NULL, '2025-12-14 00:27:41', '2025-12-14 00:27:41'),
(2, 'gm', '$2y$10$92IXUNpkjO0rOQ5byMi.Ye4oKoEa3Ro9llC/.og/at2.uheWG/igi', 'gm@hotel.com', 'General Manager', 2, 'management', 'EMP002', NULL, NULL, 1, NULL, 0, NULL, 0, NULL, '2025-12-14 00:27:41', '2025-12-14 00:27:41'),
(3, 'fom', '$2y$10$92IXUNpkjO0rOQ5byMi.Ye4oKoEa3Ro9llC/.og/at2.uheWG/igi', 'fom@hotel.com', 'Front Office Manager', 3, 'front_office', 'EMP003', NULL, NULL, 1, NULL, 0, NULL, 0, NULL, '2025-12-14 00:27:41', '2025-12-14 00:27:41'),
(4, 'reception', '$2y$10$92IXUNpkjO0rOQ5byMi.Ye4oKoEa3Ro9llC/.og/at2.uheWG/igi', 'reception@hotel.com', 'Reception Staff', 4, 'front_office', 'EMP004', NULL, NULL, 1, NULL, 0, NULL, 0, NULL, '2025-12-14 00:27:41', '2025-12-14 00:27:41'),
(5, 'housekeeping', '$2y$10$92IXUNpkjO0rOQ5byMi.Ye4oKoEa3Ro9llC/.og/at2.uheWG/igi', 'hk@hotel.com', 'Housekeeping Supervisor', 7, 'housekeeping', 'EMP005', NULL, NULL, 1, NULL, 0, NULL, 0, NULL, '2025-12-14 00:27:41', '2025-12-14 00:27:41'),
(6, 'cashier', '$2y$10$92IXUNpkjO0rOQ5byMi.Ye4oKoEa3Ro9llC/.og/at2.uheWG/igi', 'cashier@hotel.com', 'Cashier', 10, 'finance', 'EMP006', NULL, NULL, 1, NULL, 0, NULL, 0, NULL, '2025-12-14 00:27:41', '2025-12-14 00:27:41'),
(7, 'waiter', '$2y$10$92IXUNpkjO0rOQ5byMi.Ye4oKoEa3Ro9llC/.og/at2.uheWG/igi', 'waiter@hotel.com', 'Restaurant Waiter', 13, 'f_b', 'EMP007', NULL, NULL, 1, NULL, 0, NULL, 0, NULL, '2025-12-14 00:27:41', '2025-12-14 00:27:41');

-- --------------------------------------------------------

--
-- Stand-in structure for view `v_daily_occupancy`
-- (See below for the actual view)
--
CREATE TABLE `v_daily_occupancy` (
`date` date
,`total_reservations` bigint(21)
,`occupied_rooms` bigint(21)
,`average_rate` decimal(14,6)
,`room_revenue` decimal(32,2)
);

-- --------------------------------------------------------

--
-- Stand-in structure for view `v_housekeeping_productivity`
-- (See below for the actual view)
--
CREATE TABLE `v_housekeeping_productivity` (
`full_name` varchar(100)
,`work_date` date
,`total_tasks` bigint(21)
,`completed_tasks` decimal(22,0)
,`inspected_tasks` decimal(22,0)
,`avg_minutes_per_room` decimal(14,4)
);

-- --------------------------------------------------------

--
-- Stand-in structure for view `v_monthly_revenue`
-- (See below for the actual view)
--
CREATE TABLE `v_monthly_revenue` (
`year` int(5)
,`month` int(3)
,`room_revenue` decimal(32,2)
,`f_b_revenue` decimal(32,2)
,`telephone_revenue` decimal(32,2)
,`health_club_revenue` decimal(32,2)
,`other_revenue` decimal(32,2)
,`total_revenue` decimal(32,2)
);

--
-- Indexes for dumped tables
--

--
-- Indexes for table `audit_logs`
--
ALTER TABLE `audit_logs`
  ADD PRIMARY KEY (`id`),
  ADD KEY `idx_user` (`user_id`),
  ADD KEY `idx_action` (`action`),
  ADD KEY `idx_entity` (`entity_type`,`entity_id`),
  ADD KEY `idx_created_at` (`created_at`);

--
-- Indexes for table `charge_categories`
--
ALTER TABLE `charge_categories`
  ADD PRIMARY KEY (`id`),
  ADD UNIQUE KEY `code` (`code`);

--
-- Indexes for table `countries`
--
ALTER TABLE `countries`
  ADD PRIMARY KEY (`id`),
  ADD UNIQUE KEY `code` (`code`);

--
-- Indexes for table `daily_rates`
--
ALTER TABLE `daily_rates`
  ADD PRIMARY KEY (`id`),
  ADD UNIQUE KEY `unique_rate` (`room_type_id`,`rate_plan_id`,`rate_date`),
  ADD KEY `fk_daily_rates_rateplan` (`rate_plan_id`),
  ADD KEY `idx_date` (`rate_date`),
  ADD KEY `idx_room_type` (`room_type_id`),
  ADD KEY `idx_daily_rates_date_type` (`rate_date`,`room_type_id`,`rate_plan_id`);

--
-- Indexes for table `daily_reports`
--
ALTER TABLE `daily_reports`
  ADD PRIMARY KEY (`id`),
  ADD UNIQUE KEY `unique_report` (`report_date`,`report_type`),
  ADD KEY `fk_dr_generated_by` (`generated_by`);

--
-- Indexes for table `folios`
--
ALTER TABLE `folios`
  ADD PRIMARY KEY (`id`),
  ADD UNIQUE KEY `folio_number` (`folio_number`),
  ADD KEY `fk_folio_guest` (`guest_id`),
  ADD KEY `fk_folio_company` (`company_id`),
  ADD KEY `idx_folio_number` (`folio_number`),
  ADD KEY `idx_reservation` (`reservation_id`),
  ADD KEY `idx_status` (`status`);

--
-- Indexes for table `folio_items`
--
ALTER TABLE `folio_items`
  ADD PRIMARY KEY (`id`),
  ADD KEY `fk_fi_cc` (`charge_category_id`),
  ADD KEY `fk_fi_posted_by` (`posted_by`),
  ADD KEY `fk_fi_voided_by` (`voided_by`),
  ADD KEY `idx_folio` (`folio_id`),
  ADD KEY `idx_transaction_date` (`transaction_date`),
  ADD KEY `idx_item_type` (`item_type`),
  ADD KEY `idx_void` (`is_void`),
  ADD KEY `idx_folio_items_folio_date` (`folio_id`,`transaction_date`);

--
-- Indexes for table `guests`
--
ALTER TABLE `guests`
  ADD PRIMARY KEY (`id`),
  ADD UNIQUE KEY `guest_code` (`guest_code`),
  ADD UNIQUE KEY `email` (`email`),
  ADD KEY `fk_guests_title` (`title_id`),
  ADD KEY `fk_guests_country` (`country_id`),
  ADD KEY `fk_guests_pass_country` (`passport_issue_country`),
  ADD KEY `fk_guests_created_by` (`created_by`),
  ADD KEY `idx_email` (`email`),
  ADD KEY `idx_phone` (`phone`),
  ADD KEY `idx_vip` (`vip_tier`),
  ADD KEY `idx_last_name` (`last_name`),
  ADD KEY `idx_guests_name_email` (`last_name`,`first_name`,`email`);

--
-- Indexes for table `guest_companies`
--
ALTER TABLE `guest_companies`
  ADD PRIMARY KEY (`id`),
  ADD UNIQUE KEY `company_code` (`company_code`),
  ADD KEY `fk_companies_country` (`country_id`);

--
-- Indexes for table `guest_company_contacts`
--
ALTER TABLE `guest_company_contacts`
  ADD PRIMARY KEY (`id`),
  ADD KEY `fk_company_contacts_company` (`company_id`);

--
-- Indexes for table `guest_titles`
--
ALTER TABLE `guest_titles`
  ADD PRIMARY KEY (`id`),
  ADD UNIQUE KEY `code` (`code`);

--
-- Indexes for table `hotel_config`
--
ALTER TABLE `hotel_config`
  ADD PRIMARY KEY (`id`);

--
-- Indexes for table `hotel_floors`
--
ALTER TABLE `hotel_floors`
  ADD PRIMARY KEY (`id`),
  ADD UNIQUE KEY `unique_floor` (`floor_number`);

--
-- Indexes for table `housekeeping_status`
--
ALTER TABLE `housekeeping_status`
  ADD PRIMARY KEY (`id`),
  ADD UNIQUE KEY `code` (`code`);

--
-- Indexes for table `housekeeping_tasks`
--
ALTER TABLE `housekeeping_tasks`
  ADD PRIMARY KEY (`id`),
  ADD UNIQUE KEY `task_number` (`task_number`),
  ADD KEY `fk_ht_inspected_by` (`inspected_by`),
  ADD KEY `fk_ht_created_by` (`created_by`),
  ADD KEY `idx_room` (`room_id`),
  ADD KEY `idx_assigned_to` (`assigned_to`),
  ADD KEY `idx_status` (`status`),
  ADD KEY `idx_scheduled_date` (`scheduled_date`);

--
-- Indexes for table `inventory_categories`
--
ALTER TABLE `inventory_categories`
  ADD PRIMARY KEY (`id`),
  ADD UNIQUE KEY `code` (`code`);

--
-- Indexes for table `inventory_items`
--
ALTER TABLE `inventory_items`
  ADD PRIMARY KEY (`id`),
  ADD UNIQUE KEY `sku` (`sku`),
  ADD KEY `fk_inv_item_cat` (`category_id`);

--
-- Indexes for table `invoices`
--
ALTER TABLE `invoices`
  ADD PRIMARY KEY (`id`),
  ADD UNIQUE KEY `invoice_number` (`invoice_number`),
  ADD KEY `fk_inv_generated_by` (`generated_by`),
  ADD KEY `idx_invoice_number` (`invoice_number`),
  ADD KEY `idx_folio` (`folio_id`),
  ADD KEY `idx_invoice_date` (`invoice_date`);

--
-- Indexes for table `invoice_items`
--
ALTER TABLE `invoice_items`
  ADD PRIMARY KEY (`id`),
  ADD KEY `fk_inv_items` (`invoice_id`);

--
-- Indexes for table `lost_found_items`
--
ALTER TABLE `lost_found_items`
  ADD PRIMARY KEY (`id`),
  ADD UNIQUE KEY `item_number` (`item_number`),
  ADD KEY `fk_lf_room` (`room_id`),
  ADD KEY `fk_lf_found_by` (`found_by`),
  ADD KEY `fk_lf_claimed_by` (`claimed_by_guest_id`);

--
-- Indexes for table `maintenance_requests`
--
ALTER TABLE `maintenance_requests`
  ADD PRIMARY KEY (`id`),
  ADD UNIQUE KEY `request_number` (`request_number`),
  ADD KEY `fk_mr_room` (`room_id`),
  ADD KEY `fk_mr_reported_by` (`reported_by`),
  ADD KEY `fk_mr_assigned_to` (`assigned_to`);

--
-- Indexes for table `market_segments`
--
ALTER TABLE `market_segments`
  ADD PRIMARY KEY (`id`),
  ADD UNIQUE KEY `code` (`code`);

--
-- Indexes for table `menu_categories`
--
ALTER TABLE `menu_categories`
  ADD PRIMARY KEY (`id`),
  ADD UNIQUE KEY `code` (`code`),
  ADD KEY `fk_menu_cat_outlet` (`outlet_id`);

--
-- Indexes for table `menu_items`
--
ALTER TABLE `menu_items`
  ADD PRIMARY KEY (`id`),
  ADD UNIQUE KEY `code` (`code`),
  ADD KEY `idx_category` (`category_id`),
  ADD KEY `idx_available` (`is_available`);

--
-- Indexes for table `night_audit_log`
--
ALTER TABLE `night_audit_log`
  ADD PRIMARY KEY (`id`),
  ADD UNIQUE KEY `audit_number` (`audit_number`),
  ADD UNIQUE KEY `audit_date` (`audit_date`),
  ADD KEY `fk_na_performed_by` (`performed_by`),
  ADD KEY `idx_audit_date` (`audit_date`),
  ADD KEY `idx_status` (`status`);

--
-- Indexes for table `outlets`
--
ALTER TABLE `outlets`
  ADD PRIMARY KEY (`id`),
  ADD UNIQUE KEY `code` (`code`),
  ADD KEY `fk_outlet_manager` (`manager_id`);

--
-- Indexes for table `payments`
--
ALTER TABLE `payments`
  ADD PRIMARY KEY (`id`),
  ADD UNIQUE KEY `payment_number` (`payment_number`),
  ADD KEY `fk_pay_received_by` (`received_by`),
  ADD KEY `idx_folio` (`folio_id`),
  ADD KEY `idx_payment_number` (`payment_number`),
  ADD KEY `idx_created_at` (`created_at`),
  ADD KEY `idx_payments_folio_date` (`folio_id`,`created_at`);

--
-- Indexes for table `permissions`
--
ALTER TABLE `permissions`
  ADD PRIMARY KEY (`id`),
  ADD UNIQUE KEY `code` (`code`);

--
-- Indexes for table `pos_orders`
--
ALTER TABLE `pos_orders`
  ADD PRIMARY KEY (`id`),
  ADD UNIQUE KEY `order_number` (`order_number`),
  ADD KEY `fk_pos_order_table` (`table_id`),
  ADD KEY `fk_pos_order_res` (`reservation_id`),
  ADD KEY `fk_pos_order_waiter` (`waiter_id`),
  ADD KEY `idx_order_number` (`order_number`),
  ADD KEY `idx_outlet` (`outlet_id`),
  ADD KEY `idx_status` (`status`),
  ADD KEY `idx_created_at` (`created_at`);

--
-- Indexes for table `pos_order_items`
--
ALTER TABLE `pos_order_items`
  ADD PRIMARY KEY (`id`),
  ADD KEY `fk_poi_menu_item` (`menu_item_id`),
  ADD KEY `fk_poi_prepared_by` (`prepared_by`),
  ADD KEY `idx_order` (`order_id`),
  ADD KEY `idx_status` (`status`);

--
-- Indexes for table `pos_tables`
--
ALTER TABLE `pos_tables`
  ADD PRIMARY KEY (`id`),
  ADD UNIQUE KEY `unique_table` (`outlet_id`,`table_number`);

--
-- Indexes for table `rate_categories`
--
ALTER TABLE `rate_categories`
  ADD PRIMARY KEY (`id`),
  ADD UNIQUE KEY `code` (`code`);

--
-- Indexes for table `rate_plans`
--
ALTER TABLE `rate_plans`
  ADD PRIMARY KEY (`id`),
  ADD UNIQUE KEY `code` (`code`),
  ADD KEY `idx_category` (`category_id`),
  ADD KEY `idx_active` (`is_active`);

--
-- Indexes for table `rate_restrictions`
--
ALTER TABLE `rate_restrictions`
  ADD PRIMARY KEY (`id`),
  ADD UNIQUE KEY `unique_restriction` (`room_type_id`,`rate_plan_id`,`restriction_date`),
  ADD KEY `fk_rate_res_rateplan` (`rate_plan_id`);

--
-- Indexes for table `reservations`
--
ALTER TABLE `reservations`
  ADD PRIMARY KEY (`id`),
  ADD UNIQUE KEY `reservation_number` (`reservation_number`),
  ADD KEY `fk_res_company` (`company_id`),
  ADD KEY `fk_res_source` (`source_id`),
  ADD KEY `fk_res_segment` (`market_segment_id`),
  ADD KEY `fk_res_booked_by` (`booked_by`),
  ADD KEY `fk_res_checked_in_by` (`checked_in_by`),
  ADD KEY `fk_res_checked_out_by` (`checked_out_by`),
  ADD KEY `fk_res_updated_by` (`updated_by`),
  ADD KEY `idx_reservation_number` (`reservation_number`),
  ADD KEY `idx_guest` (`guest_id`),
  ADD KEY `idx_check_in` (`check_in`),
  ADD KEY `idx_check_out` (`check_out`),
  ADD KEY `idx_status` (`status_id`),
  ADD KEY `idx_booking_date` (`booking_date`),
  ADD KEY `idx_reservations_check_in_out` (`check_in`,`check_out`);

--
-- Indexes for table `reservation_payments`
--
ALTER TABLE `reservation_payments`
  ADD PRIMARY KEY (`id`),
  ADD KEY `fk_rp_received_by` (`received_by`),
  ADD KEY `idx_reservation` (`reservation_id`),
  ADD KEY `idx_created_at` (`created_at`);

--
-- Indexes for table `reservation_rooms`
--
ALTER TABLE `reservation_rooms`
  ADD PRIMARY KEY (`id`),
  ADD KEY `fk_rr_roomtype` (`room_type_id`),
  ADD KEY `fk_rr_rateplan` (`rate_plan_id`),
  ADD KEY `fk_rr_updated_by` (`updated_by`),
  ADD KEY `idx_reservation` (`reservation_id`),
  ADD KEY `idx_room` (`room_id`),
  ADD KEY `idx_status` (`status`),
  ADD KEY `idx_reservation_rooms_dates` (`reservation_id`,`room_id`);

--
-- Indexes for table `reservation_sources`
--
ALTER TABLE `reservation_sources`
  ADD PRIMARY KEY (`id`),
  ADD UNIQUE KEY `code` (`code`);

--
-- Indexes for table `reservation_status`
--
ALTER TABLE `reservation_status`
  ADD PRIMARY KEY (`id`),
  ADD UNIQUE KEY `code` (`code`);

--
-- Indexes for table `roles`
--
ALTER TABLE `roles`
  ADD PRIMARY KEY (`id`),
  ADD UNIQUE KEY `name` (`name`);

--
-- Indexes for table `role_permissions`
--
ALTER TABLE `role_permissions`
  ADD PRIMARY KEY (`role_id`,`permission_id`),
  ADD KEY `fk_rp_perm` (`permission_id`);

--
-- Indexes for table `rooms`
--
ALTER TABLE `rooms`
  ADD PRIMARY KEY (`id`),
  ADD UNIQUE KEY `room_number` (`room_number`),
  ADD KEY `fk_rooms_connect` (`connecting_to_room_id`),
  ADD KEY `idx_room_type` (`room_type_id`),
  ADD KEY `idx_status` (`status`),
  ADD KEY `idx_floor` (`floor_id`),
  ADD KEY `idx_active` (`is_active`),
  ADD KEY `idx_rooms_status_type` (`status`,`room_type_id`);

--
-- Indexes for table `room_categories`
--
ALTER TABLE `room_categories`
  ADD PRIMARY KEY (`id`),
  ADD UNIQUE KEY `code` (`code`);

--
-- Indexes for table `room_status_log`
--
ALTER TABLE `room_status_log`
  ADD PRIMARY KEY (`id`),
  ADD KEY `fk_rsl_changed_by` (`changed_by`),
  ADD KEY `idx_room` (`room_id`),
  ADD KEY `idx_created_at` (`created_at`);

--
-- Indexes for table `room_types`
--
ALTER TABLE `room_types`
  ADD PRIMARY KEY (`id`),
  ADD UNIQUE KEY `code` (`code`),
  ADD KEY `idx_category` (`category_id`),
  ADD KEY `idx_active` (`is_active`);

--
-- Indexes for table `system_logs`
--
ALTER TABLE `system_logs`
  ADD PRIMARY KEY (`id`),
  ADD KEY `idx_level` (`log_level`),
  ADD KEY `idx_module` (`module`),
  ADD KEY `idx_created_at` (`created_at`);

--
-- Indexes for table `users`
--
ALTER TABLE `users`
  ADD PRIMARY KEY (`id`),
  ADD UNIQUE KEY `username` (`username`),
  ADD UNIQUE KEY `email` (`email`),
  ADD UNIQUE KEY `employee_id` (`employee_id`),
  ADD KEY `fk_users_role` (`role_id`),
  ADD KEY `fk_users_created_by` (`created_by`),
  ADD KEY `idx_username` (`username`),
  ADD KEY `idx_email` (`email`),
  ADD KEY `idx_department` (`department`);

--
-- AUTO_INCREMENT for dumped tables
--

--
-- AUTO_INCREMENT for table `audit_logs`
--
ALTER TABLE `audit_logs`
  MODIFY `id` int(11) NOT NULL AUTO_INCREMENT;

--
-- AUTO_INCREMENT for table `charge_categories`
--
ALTER TABLE `charge_categories`
  MODIFY `id` int(11) NOT NULL AUTO_INCREMENT, AUTO_INCREMENT=14;

--
-- AUTO_INCREMENT for table `countries`
--
ALTER TABLE `countries`
  MODIFY `id` int(11) NOT NULL AUTO_INCREMENT, AUTO_INCREMENT=9;

--
-- AUTO_INCREMENT for table `daily_rates`
--
ALTER TABLE `daily_rates`
  MODIFY `id` int(11) NOT NULL AUTO_INCREMENT, AUTO_INCREMENT=4096;

--
-- AUTO_INCREMENT for table `daily_reports`
--
ALTER TABLE `daily_reports`
  MODIFY `id` int(11) NOT NULL AUTO_INCREMENT;

--
-- AUTO_INCREMENT for table `folios`
--
ALTER TABLE `folios`
  MODIFY `id` int(11) NOT NULL AUTO_INCREMENT;

--
-- AUTO_INCREMENT for table `folio_items`
--
ALTER TABLE `folio_items`
  MODIFY `id` int(11) NOT NULL AUTO_INCREMENT;

--
-- AUTO_INCREMENT for table `guests`
--
ALTER TABLE `guests`
  MODIFY `id` int(11) NOT NULL AUTO_INCREMENT;

--
-- AUTO_INCREMENT for table `guest_companies`
--
ALTER TABLE `guest_companies`
  MODIFY `id` int(11) NOT NULL AUTO_INCREMENT;

--
-- AUTO_INCREMENT for table `guest_company_contacts`
--
ALTER TABLE `guest_company_contacts`
  MODIFY `id` int(11) NOT NULL AUTO_INCREMENT;

--
-- AUTO_INCREMENT for table `guest_titles`
--
ALTER TABLE `guest_titles`
  MODIFY `id` int(11) NOT NULL AUTO_INCREMENT, AUTO_INCREMENT=9;

--
-- AUTO_INCREMENT for table `hotel_config`
--
ALTER TABLE `hotel_config`
  MODIFY `id` int(11) NOT NULL AUTO_INCREMENT, AUTO_INCREMENT=2;

--
-- AUTO_INCREMENT for table `hotel_floors`
--
ALTER TABLE `hotel_floors`
  MODIFY `id` int(11) NOT NULL AUTO_INCREMENT, AUTO_INCREMENT=6;

--
-- AUTO_INCREMENT for table `housekeeping_status`
--
ALTER TABLE `housekeeping_status`
  MODIFY `id` int(11) NOT NULL AUTO_INCREMENT, AUTO_INCREMENT=8;

--
-- AUTO_INCREMENT for table `housekeeping_tasks`
--
ALTER TABLE `housekeeping_tasks`
  MODIFY `id` int(11) NOT NULL AUTO_INCREMENT;

--
-- AUTO_INCREMENT for table `inventory_categories`
--
ALTER TABLE `inventory_categories`
  MODIFY `id` int(11) NOT NULL AUTO_INCREMENT;

--
-- AUTO_INCREMENT for table `inventory_items`
--
ALTER TABLE `inventory_items`
  MODIFY `id` int(11) NOT NULL AUTO_INCREMENT;

--
-- AUTO_INCREMENT for table `invoices`
--
ALTER TABLE `invoices`
  MODIFY `id` int(11) NOT NULL AUTO_INCREMENT;

--
-- AUTO_INCREMENT for table `invoice_items`
--
ALTER TABLE `invoice_items`
  MODIFY `id` int(11) NOT NULL AUTO_INCREMENT;

--
-- AUTO_INCREMENT for table `lost_found_items`
--
ALTER TABLE `lost_found_items`
  MODIFY `id` int(11) NOT NULL AUTO_INCREMENT;

--
-- AUTO_INCREMENT for table `maintenance_requests`
--
ALTER TABLE `maintenance_requests`
  MODIFY `id` int(11) NOT NULL AUTO_INCREMENT;

--
-- AUTO_INCREMENT for table `market_segments`
--
ALTER TABLE `market_segments`
  MODIFY `id` int(11) NOT NULL AUTO_INCREMENT, AUTO_INCREMENT=9;

--
-- AUTO_INCREMENT for table `menu_categories`
--
ALTER TABLE `menu_categories`
  MODIFY `id` int(11) NOT NULL AUTO_INCREMENT;

--
-- AUTO_INCREMENT for table `menu_items`
--
ALTER TABLE `menu_items`
  MODIFY `id` int(11) NOT NULL AUTO_INCREMENT;

--
-- AUTO_INCREMENT for table `night_audit_log`
--
ALTER TABLE `night_audit_log`
  MODIFY `id` int(11) NOT NULL AUTO_INCREMENT;

--
-- AUTO_INCREMENT for table `outlets`
--
ALTER TABLE `outlets`
  MODIFY `id` int(11) NOT NULL AUTO_INCREMENT, AUTO_INCREMENT=9;

--
-- AUTO_INCREMENT for table `payments`
--
ALTER TABLE `payments`
  MODIFY `id` int(11) NOT NULL AUTO_INCREMENT;

--
-- AUTO_INCREMENT for table `permissions`
--
ALTER TABLE `permissions`
  MODIFY `id` int(11) NOT NULL AUTO_INCREMENT, AUTO_INCREMENT=44;

--
-- AUTO_INCREMENT for table `pos_orders`
--
ALTER TABLE `pos_orders`
  MODIFY `id` int(11) NOT NULL AUTO_INCREMENT;

--
-- AUTO_INCREMENT for table `pos_order_items`
--
ALTER TABLE `pos_order_items`
  MODIFY `id` int(11) NOT NULL AUTO_INCREMENT;

--
-- AUTO_INCREMENT for table `pos_tables`
--
ALTER TABLE `pos_tables`
  MODIFY `id` int(11) NOT NULL AUTO_INCREMENT;

--
-- AUTO_INCREMENT for table `rate_categories`
--
ALTER TABLE `rate_categories`
  MODIFY `id` int(11) NOT NULL AUTO_INCREMENT, AUTO_INCREMENT=7;

--
-- AUTO_INCREMENT for table `rate_plans`
--
ALTER TABLE `rate_plans`
  MODIFY `id` int(11) NOT NULL AUTO_INCREMENT, AUTO_INCREMENT=11;

--
-- AUTO_INCREMENT for table `rate_restrictions`
--
ALTER TABLE `rate_restrictions`
  MODIFY `id` int(11) NOT NULL AUTO_INCREMENT;

--
-- AUTO_INCREMENT for table `reservations`
--
ALTER TABLE `reservations`
  MODIFY `id` int(11) NOT NULL AUTO_INCREMENT;

--
-- AUTO_INCREMENT for table `reservation_payments`
--
ALTER TABLE `reservation_payments`
  MODIFY `id` int(11) NOT NULL AUTO_INCREMENT;

--
-- AUTO_INCREMENT for table `reservation_rooms`
--
ALTER TABLE `reservation_rooms`
  MODIFY `id` int(11) NOT NULL AUTO_INCREMENT;

--
-- AUTO_INCREMENT for table `reservation_sources`
--
ALTER TABLE `reservation_sources`
  MODIFY `id` int(11) NOT NULL AUTO_INCREMENT, AUTO_INCREMENT=11;

--
-- AUTO_INCREMENT for table `reservation_status`
--
ALTER TABLE `reservation_status`
  MODIFY `id` int(11) NOT NULL AUTO_INCREMENT, AUTO_INCREMENT=9;

--
-- AUTO_INCREMENT for table `roles`
--
ALTER TABLE `roles`
  MODIFY `id` int(11) NOT NULL AUTO_INCREMENT, AUTO_INCREMENT=16;

--
-- AUTO_INCREMENT for table `rooms`
--
ALTER TABLE `rooms`
  MODIFY `id` int(11) NOT NULL AUTO_INCREMENT, AUTO_INCREMENT=19;

--
-- AUTO_INCREMENT for table `room_categories`
--
ALTER TABLE `room_categories`
  MODIFY `id` int(11) NOT NULL AUTO_INCREMENT, AUTO_INCREMENT=6;

--
-- AUTO_INCREMENT for table `room_status_log`
--
ALTER TABLE `room_status_log`
  MODIFY `id` int(11) NOT NULL AUTO_INCREMENT;

--
-- AUTO_INCREMENT for table `room_types`
--
ALTER TABLE `room_types`
  MODIFY `id` int(11) NOT NULL AUTO_INCREMENT, AUTO_INCREMENT=8;

--
-- AUTO_INCREMENT for table `system_logs`
--
ALTER TABLE `system_logs`
  MODIFY `id` int(11) NOT NULL AUTO_INCREMENT;

--
-- AUTO_INCREMENT for table `users`
--
ALTER TABLE `users`
  MODIFY `id` int(11) NOT NULL AUTO_INCREMENT, AUTO_INCREMENT=8;

-- --------------------------------------------------------

--
-- Structure for view `v_daily_occupancy`
--

CREATE ALGORITHM=UNDEFINED DEFINER=`itechca1`@`localhost` SQL SECURITY DEFINER VIEW `v_daily_occupancy`  AS SELECT cast(`r`.`check_in` as date) AS `date`, count(distinct `r`.`id`) AS `total_reservations`, count(distinct `rr`.`room_id`) AS `occupied_rooms`, avg(`rr`.`room_rate`) AS `average_rate`, sum(`rr`.`room_rate`) AS `room_revenue` FROM (`reservations` `r` join `reservation_rooms` `rr` on(`r`.`id` = `rr`.`reservation_id`)) WHERE `r`.`status_id` in (4,5) GROUP BY cast(`r`.`check_in` as date) ;

-- --------------------------------------------------------

--
-- Structure for view `v_housekeeping_productivity`
--

CREATE ALGORITHM=UNDEFINED DEFINER=`itechca1`@`localhost` SQL SECURITY DEFINER VIEW `v_housekeeping_productivity`  AS SELECT `u`.`full_name` AS `full_name`, cast(`ht`.`scheduled_date` as date) AS `work_date`, count(0) AS `total_tasks`, sum(case when `ht`.`status` = 'completed' then 1 else 0 end) AS `completed_tasks`, sum(case when `ht`.`status` = 'inspected' then 1 else 0 end) AS `inspected_tasks`, avg(`ht`.`actual_minutes`) AS `avg_minutes_per_room` FROM (`housekeeping_tasks` `ht` join `users` `u` on(`ht`.`assigned_to` = `u`.`id`)) GROUP BY `u`.`full_name`, cast(`ht`.`scheduled_date` as date) ;

-- --------------------------------------------------------

--
-- Structure for view `v_monthly_revenue`
--

CREATE ALGORITHM=UNDEFINED DEFINER=`itechca1`@`localhost` SQL SECURITY DEFINER VIEW `v_monthly_revenue`  AS SELECT year(`fi`.`transaction_date`) AS `year`, month(`fi`.`transaction_date`) AS `month`, sum(case when `cc`.`department` = 'rooms' then `fi`.`total_amount` else 0 end) AS `room_revenue`, sum(case when `cc`.`department` = 'food_beverage' then `fi`.`total_amount` else 0 end) AS `f_b_revenue`, sum(case when `cc`.`department` = 'telephone' then `fi`.`total_amount` else 0 end) AS `telephone_revenue`, sum(case when `cc`.`department` = 'health_club' then `fi`.`total_amount` else 0 end) AS `health_club_revenue`, sum(case when `cc`.`department` = 'other' then `fi`.`total_amount` else 0 end) AS `other_revenue`, sum(`fi`.`total_amount`) AS `total_revenue` FROM (`folio_items` `fi` left join `charge_categories` `cc` on(`fi`.`charge_category_id` = `cc`.`id`)) WHERE `fi`.`is_void` = 0 GROUP BY year(`fi`.`transaction_date`), month(`fi`.`transaction_date`) ;

--
-- Constraints for dumped tables
--

--
-- Constraints for table `audit_logs`
--
ALTER TABLE `audit_logs`
  ADD CONSTRAINT `fk_audit_user` FOREIGN KEY (`user_id`) REFERENCES `users` (`id`);

--
-- Constraints for table `daily_rates`
--
ALTER TABLE `daily_rates`
  ADD CONSTRAINT `fk_daily_rates_rateplan` FOREIGN KEY (`rate_plan_id`) REFERENCES `rate_plans` (`id`),
  ADD CONSTRAINT `fk_daily_rates_roomtype` FOREIGN KEY (`room_type_id`) REFERENCES `room_types` (`id`);

--
-- Constraints for table `daily_reports`
--
ALTER TABLE `daily_reports`
  ADD CONSTRAINT `fk_dr_generated_by` FOREIGN KEY (`generated_by`) REFERENCES `users` (`id`);

--
-- Constraints for table `folios`
--
ALTER TABLE `folios`
  ADD CONSTRAINT `fk_folio_company` FOREIGN KEY (`company_id`) REFERENCES `guest_companies` (`id`),
  ADD CONSTRAINT `fk_folio_guest` FOREIGN KEY (`guest_id`) REFERENCES `guests` (`id`),
  ADD CONSTRAINT `fk_folio_res` FOREIGN KEY (`reservation_id`) REFERENCES `reservations` (`id`);

--
-- Constraints for table `folio_items`
--
ALTER TABLE `folio_items`
  ADD CONSTRAINT `fk_fi_cc` FOREIGN KEY (`charge_category_id`) REFERENCES `charge_categories` (`id`),
  ADD CONSTRAINT `fk_fi_folio` FOREIGN KEY (`folio_id`) REFERENCES `folios` (`id`) ON DELETE CASCADE,
  ADD CONSTRAINT `fk_fi_posted_by` FOREIGN KEY (`posted_by`) REFERENCES `users` (`id`),
  ADD CONSTRAINT `fk_fi_voided_by` FOREIGN KEY (`voided_by`) REFERENCES `users` (`id`);

--
-- Constraints for table `guests`
--
ALTER TABLE `guests`
  ADD CONSTRAINT `fk_guests_country` FOREIGN KEY (`country_id`) REFERENCES `countries` (`id`),
  ADD CONSTRAINT `fk_guests_created_by` FOREIGN KEY (`created_by`) REFERENCES `users` (`id`),
  ADD CONSTRAINT `fk_guests_pass_country` FOREIGN KEY (`passport_issue_country`) REFERENCES `countries` (`id`),
  ADD CONSTRAINT `fk_guests_title` FOREIGN KEY (`title_id`) REFERENCES `guest_titles` (`id`);

--
-- Constraints for table `guest_companies`
--
ALTER TABLE `guest_companies`
  ADD CONSTRAINT `fk_companies_country` FOREIGN KEY (`country_id`) REFERENCES `countries` (`id`);

--
-- Constraints for table `guest_company_contacts`
--
ALTER TABLE `guest_company_contacts`
  ADD CONSTRAINT `fk_company_contacts_company` FOREIGN KEY (`company_id`) REFERENCES `guest_companies` (`id`) ON DELETE CASCADE;

--
-- Constraints for table `housekeeping_tasks`
--
ALTER TABLE `housekeeping_tasks`
  ADD CONSTRAINT `fk_ht_assigned_to` FOREIGN KEY (`assigned_to`) REFERENCES `users` (`id`),
  ADD CONSTRAINT `fk_ht_created_by` FOREIGN KEY (`created_by`) REFERENCES `users` (`id`),
  ADD CONSTRAINT `fk_ht_inspected_by` FOREIGN KEY (`inspected_by`) REFERENCES `users` (`id`),
  ADD CONSTRAINT `fk_ht_room` FOREIGN KEY (`room_id`) REFERENCES `rooms` (`id`);

--
-- Constraints for table `inventory_items`
--
ALTER TABLE `inventory_items`
  ADD CONSTRAINT `fk_inv_item_cat` FOREIGN KEY (`category_id`) REFERENCES `inventory_categories` (`id`);

--
-- Constraints for table `invoices`
--
ALTER TABLE `invoices`
  ADD CONSTRAINT `fk_inv_folio` FOREIGN KEY (`folio_id`) REFERENCES `folios` (`id`),
  ADD CONSTRAINT `fk_inv_generated_by` FOREIGN KEY (`generated_by`) REFERENCES `users` (`id`);

--
-- Constraints for table `invoice_items`
--
ALTER TABLE `invoice_items`
  ADD CONSTRAINT `fk_inv_items` FOREIGN KEY (`invoice_id`) REFERENCES `invoices` (`id`) ON DELETE CASCADE;

--
-- Constraints for table `lost_found_items`
--
ALTER TABLE `lost_found_items`
  ADD CONSTRAINT `fk_lf_claimed_by` FOREIGN KEY (`claimed_by_guest_id`) REFERENCES `guests` (`id`),
  ADD CONSTRAINT `fk_lf_found_by` FOREIGN KEY (`found_by`) REFERENCES `users` (`id`),
  ADD CONSTRAINT `fk_lf_room` FOREIGN KEY (`room_id`) REFERENCES `rooms` (`id`);

--
-- Constraints for table `maintenance_requests`
--
ALTER TABLE `maintenance_requests`
  ADD CONSTRAINT `fk_mr_assigned_to` FOREIGN KEY (`assigned_to`) REFERENCES `users` (`id`),
  ADD CONSTRAINT `fk_mr_reported_by` FOREIGN KEY (`reported_by`) REFERENCES `users` (`id`),
  ADD CONSTRAINT `fk_mr_room` FOREIGN KEY (`room_id`) REFERENCES `rooms` (`id`);

--
-- Constraints for table `menu_categories`
--
ALTER TABLE `menu_categories`
  ADD CONSTRAINT `fk_menu_cat_outlet` FOREIGN KEY (`outlet_id`) REFERENCES `outlets` (`id`);

--
-- Constraints for table `menu_items`
--
ALTER TABLE `menu_items`
  ADD CONSTRAINT `fk_menu_item_cat` FOREIGN KEY (`category_id`) REFERENCES `menu_categories` (`id`);

--
-- Constraints for table `night_audit_log`
--
ALTER TABLE `night_audit_log`
  ADD CONSTRAINT `fk_na_performed_by` FOREIGN KEY (`performed_by`) REFERENCES `users` (`id`);

--
-- Constraints for table `outlets`
--
ALTER TABLE `outlets`
  ADD CONSTRAINT `fk_outlet_manager` FOREIGN KEY (`manager_id`) REFERENCES `users` (`id`);

--
-- Constraints for table `payments`
--
ALTER TABLE `payments`
  ADD CONSTRAINT `fk_pay_folio` FOREIGN KEY (`folio_id`) REFERENCES `folios` (`id`) ON DELETE CASCADE,
  ADD CONSTRAINT `fk_pay_received_by` FOREIGN KEY (`received_by`) REFERENCES `users` (`id`);

--
-- Constraints for table `pos_orders`
--
ALTER TABLE `pos_orders`
  ADD CONSTRAINT `fk_pos_order_outlet` FOREIGN KEY (`outlet_id`) REFERENCES `outlets` (`id`),
  ADD CONSTRAINT `fk_pos_order_res` FOREIGN KEY (`reservation_id`) REFERENCES `reservations` (`id`),
  ADD CONSTRAINT `fk_pos_order_table` FOREIGN KEY (`table_id`) REFERENCES `pos_tables` (`id`),
  ADD CONSTRAINT `fk_pos_order_waiter` FOREIGN KEY (`waiter_id`) REFERENCES `users` (`id`);

--
-- Constraints for table `pos_order_items`
--
ALTER TABLE `pos_order_items`
  ADD CONSTRAINT `fk_poi_menu_item` FOREIGN KEY (`menu_item_id`) REFERENCES `menu_items` (`id`),
  ADD CONSTRAINT `fk_poi_order` FOREIGN KEY (`order_id`) REFERENCES `pos_orders` (`id`) ON DELETE CASCADE,
  ADD CONSTRAINT `fk_poi_prepared_by` FOREIGN KEY (`prepared_by`) REFERENCES `users` (`id`);

--
-- Constraints for table `pos_tables`
--
ALTER TABLE `pos_tables`
  ADD CONSTRAINT `fk_pos_table_outlet` FOREIGN KEY (`outlet_id`) REFERENCES `outlets` (`id`);

--
-- Constraints for table `rate_plans`
--
ALTER TABLE `rate_plans`
  ADD CONSTRAINT `fk_rate_plans_cat` FOREIGN KEY (`category_id`) REFERENCES `rate_categories` (`id`);

--
-- Constraints for table `rate_restrictions`
--
ALTER TABLE `rate_restrictions`
  ADD CONSTRAINT `fk_rate_res_rateplan` FOREIGN KEY (`rate_plan_id`) REFERENCES `rate_plans` (`id`),
  ADD CONSTRAINT `fk_rate_res_roomtype` FOREIGN KEY (`room_type_id`) REFERENCES `room_types` (`id`);

--
-- Constraints for table `reservations`
--
ALTER TABLE `reservations`
  ADD CONSTRAINT `fk_res_booked_by` FOREIGN KEY (`booked_by`) REFERENCES `users` (`id`),
  ADD CONSTRAINT `fk_res_checked_in_by` FOREIGN KEY (`checked_in_by`) REFERENCES `users` (`id`),
  ADD CONSTRAINT `fk_res_checked_out_by` FOREIGN KEY (`checked_out_by`) REFERENCES `users` (`id`),
  ADD CONSTRAINT `fk_res_company` FOREIGN KEY (`company_id`) REFERENCES `guest_companies` (`id`),
  ADD CONSTRAINT `fk_res_guest` FOREIGN KEY (`guest_id`) REFERENCES `guests` (`id`),
  ADD CONSTRAINT `fk_res_segment` FOREIGN KEY (`market_segment_id`) REFERENCES `market_segments` (`id`),
  ADD CONSTRAINT `fk_res_source` FOREIGN KEY (`source_id`) REFERENCES `reservation_sources` (`id`),
  ADD CONSTRAINT `fk_res_status` FOREIGN KEY (`status_id`) REFERENCES `reservation_status` (`id`),
  ADD CONSTRAINT `fk_res_updated_by` FOREIGN KEY (`updated_by`) REFERENCES `users` (`id`);

--
-- Constraints for table `reservation_payments`
--
ALTER TABLE `reservation_payments`
  ADD CONSTRAINT `fk_rp_received_by` FOREIGN KEY (`received_by`) REFERENCES `users` (`id`),
  ADD CONSTRAINT `fk_rp_res` FOREIGN KEY (`reservation_id`) REFERENCES `reservations` (`id`) ON DELETE CASCADE;

--
-- Constraints for table `reservation_rooms`
--
ALTER TABLE `reservation_rooms`
  ADD CONSTRAINT `fk_rr_rateplan` FOREIGN KEY (`rate_plan_id`) REFERENCES `rate_plans` (`id`),
  ADD CONSTRAINT `fk_rr_res` FOREIGN KEY (`reservation_id`) REFERENCES `reservations` (`id`) ON DELETE CASCADE,
  ADD CONSTRAINT `fk_rr_room` FOREIGN KEY (`room_id`) REFERENCES `rooms` (`id`),
  ADD CONSTRAINT `fk_rr_roomtype` FOREIGN KEY (`room_type_id`) REFERENCES `room_types` (`id`),
  ADD CONSTRAINT `fk_rr_updated_by` FOREIGN KEY (`updated_by`) REFERENCES `users` (`id`);

--
-- Constraints for table `role_permissions`
--
ALTER TABLE `role_permissions`
  ADD CONSTRAINT `fk_rp_perm` FOREIGN KEY (`permission_id`) REFERENCES `permissions` (`id`),
  ADD CONSTRAINT `fk_rp_role` FOREIGN KEY (`role_id`) REFERENCES `roles` (`id`);

--
-- Constraints for table `rooms`
--
ALTER TABLE `rooms`
  ADD CONSTRAINT `fk_rooms_connect` FOREIGN KEY (`connecting_to_room_id`) REFERENCES `rooms` (`id`),
  ADD CONSTRAINT `fk_rooms_floor` FOREIGN KEY (`floor_id`) REFERENCES `hotel_floors` (`id`),
  ADD CONSTRAINT `fk_rooms_type` FOREIGN KEY (`room_type_id`) REFERENCES `room_types` (`id`);

--
-- Constraints for table `room_status_log`
--
ALTER TABLE `room_status_log`
  ADD CONSTRAINT `fk_rsl_changed_by` FOREIGN KEY (`changed_by`) REFERENCES `users` (`id`),
  ADD CONSTRAINT `fk_rsl_room` FOREIGN KEY (`room_id`) REFERENCES `rooms` (`id`);

--
-- Constraints for table `room_types`
--
ALTER TABLE `room_types`
  ADD CONSTRAINT `fk_room_types_cat` FOREIGN KEY (`category_id`) REFERENCES `room_categories` (`id`);

--
-- Constraints for table `users`
--
ALTER TABLE `users`
  ADD CONSTRAINT `fk_users_created_by` FOREIGN KEY (`created_by`) REFERENCES `users` (`id`),
  ADD CONSTRAINT `fk_users_role` FOREIGN KEY (`role_id`) REFERENCES `roles` (`id`);
COMMIT;

